000
CXUS51 KAKQ 162213
CF6OFP
PRELIMINARY LOCAL CLIMATOLOGICAL DATA (WS FORM: F-6)
STATION: RICHMOND/HANOVER
MONTH: MARCH
YEAR: 2021
LATITUDE: 37 42 N
LONGITUDE: 77 26 W
TEMPERATURE IN F: :PCPN: SNOW: WIND :SUNSHINE: SKY :PK WND
================================================================================
1 2 3 4 5 6A 6B 7 8 9 10 11 12 13 14 15 16 17 18
12Z AVG MX 2MIN
DY MAX MIN AVG DEP HDD CDD WTR SNW DPTH SPD SPD DIR MIN PSBL S-S WX SPD DR
================================================================================
1 60 44 52 8 13 0 0.32 M M 5.9 14 320 M M 6 12 23 340
2 47 31 39 -5 26 0 0.00 M M 4.1 15 310 M M 0 23 310
3 61 30 46 1 19 0 0.00 M M 3.7 9 210 M M 0 M M
4 60 32 46 1 19 0 0.00 M M 5.8 16 310 M M 0 22 310
5 47 28 38 -7 27 0 0.00 M M 5.9 15 310 M M 0 24 340
6 52 26 39 -6 26 0 0.00 M M 4.5 14 250 M M 0 23 250
7 50 24 37 -9 28 0 0.00 M M 2.1 10 330 M M 0 21 280
8 58 22 40 -6 25 0 0.00 M M 2.1 9 310 M M 0 M M
9 72 30 51 5 14 0 0.00 M M 2.4 9 210 M M 0 M M
10 76 34 55 8 10 0 0.00 M M 4.1 15 180 M M 0 21 180
11 79 49 64 17 1 0 0.00 M M 11.1 18 200 M M 0 31 200
12 72 53 63 16 2 0 T M M 7.4 13 280 M M 2 20 280
13 62 41 52 5 13 0 0.00 M M 3.2 9 360 M M 0 M M
14 65 31 48 0 17 0 0.00 M M 5.1 13 270 M M 0 21 300
15 52 36 44 -4 21 0 0.04 M M 5.2 10 360 M M 2 4 22 360
16 43 35 39 -9 26 0 0.07 M M 3.0 6 130 M M 10 1 M M
17 53 41 47 -2 18 0 0.00 M M 1.9 7 99 M M 10 1 M M
18 56 48 52 3 13 0 1.04 M M 4.3 10 190 M M 10 1 16 99
19 51 33 42 -7 23 0 0.42 M M 6.3 12 10 M M 5 1 25 10
20 56 29 43 -7 22 0 0.00 M M 3.0 7 99 M M 0 20 99
21 65 29 47 -3 18 0 0.00 M M 2.8 9 50 M M 0 M M
22 68 32 50 0 15 0 0.00 M M 3.6 8 60 M M 0 17 99
23 68 45 57 6 8 0 0.03 M M 4.6 9 70 M M 7 18 M M
24 61 50 56 5 9 0 1.08 M M 3.7 9 310 M M 10 12 M M
25 76 48 62 11 3 0 0.01 M M 5.6 14 190 M M 5 12 20 190
26 84 55 70 18 0 5 0.01 M M 12.8 23 240 M M 4 38 250
27 75 46 61 9 4 0 0.01 M M 3.9 12 190 M M 1 22 130
28 78 51 65 13 0 0 0.22 M M 9.9 24 290 M M 5 13 41 280
29 64 41 53 0 12 0 0.00 M M 6.2 21 300 M M 0 33 300
30 72 37 55 2 10 0 0.00 M M 7.3 17 190 M M 0 24 190
31 72 58 65 12 0 0 0.79 M M 6.8 22 310 M M 8 1 30 300
================================================================================
SM 1955 1189 442 5 4.04 M 158.3 M 85
================================================================================
AV 63.1 38.4 5.1 FASTST M M 3 MAX(MPH)
MISC ----> 24 290 41 280
================================================================================
NOTES:
# LAST OF SEVERAL OCCURRENCES
COLUMN 17 PEAK WIND IN M.P.H.
PRELIMINARY LOCAL CLIMATOLOGICAL DATA (WS FORM: F-6) , PAGE 2
STATION: RICHMOND/HANOVER
MONTH: MARCH
YEAR: 2021
LATITUDE: 37 42 N
LONGITUDE: 77 26 W
[TEMPERATURE DATA] [PRECIPITATION DATA] SYMBOLS USED IN COLUMN 16
AVERAGE MONTHLY: 50.7 TOTAL FOR MONTH: 4.04 1 = FOG OR MIST
DPTR FM NORMAL: 2.2 DPTR FM NORMAL: M 2 = FOG REDUCING VISIBILITY
HIGHEST: 84 ON 26 GRTST 24HR 1.08 ON 24-24 TO 1/4 MILE OR LESS
LOWEST: 22 ON 8 3 = THUNDER
SNOW, ICE PELLETS, HAIL 4 = ICE PELLETS
TOTAL MONTH: M 5 = HAIL
GRTST 24HR M ON M 6 = FREEZING RAIN OR DRIZZLE
GRTST DEPTH: M ON M 7 = DUSTSTORM OR SANDSTORM:
VSBY 1/2 MILE OR LESS
8 = SMOKE OR HAZE
[NO. OF DAYS WITH] [WEATHER - DAYS WITH] 9 = BLOWING SNOW
X = TORNADO
MAX 32 OR BELOW: 0 0.01 INCH OR MORE: 12
MAX 90 OR ABOVE: 0 0.10 INCH OR MORE: 6
MIN 32 OR BELOW: 12 0.50 INCH OR MORE: 3
MIN 0 OR BELOW: 0 1.00 INCH OR MORE: 2
[HDD (BASE 65) ]
TOTAL THIS MO. 442 CLEAR (SCALE 0-3) 20
DPTR FM NORMAL -78 PTCLDY (SCALE 4-7) 7
TOTAL FM JUL 1 3244 CLOUDY (SCALE 8-10) 4
DPTR FM NORMAL -231
[CDD (BASE 65) ]
TOTAL THIS MO. 5
DPTR FM NORMAL 5 [PRESSURE DATA]
TOTAL FM JAN 1 5 HIGHEST SLP M ON M
DPTR FM NORMAL 5 LOWEST SLP M ON M
[REMARKS]
#FINAL-03-21#