000
CDUS44 KOUN 252307
CLIOKC

CLIMATE REPORT
NATIONAL WEATHER SERVICE NORMAN OK
507 PM CST WED NOV 25 2020

...................................

...THE OKLAHOMA CITY CLIMATE SUMMARY FOR NOVEMBER 25 2020...
VALID TODAY AS OF 0500 PM LOCAL TIME.

CLIMATE NORMAL PERIOD 1981 TO 2010
CLIMATE RECORD PERIOD 1890 TO 2020


WEATHER ITEM   OBSERVED TIME   RECORD YEAR NORMAL DEPARTURE LAST
                VALUE   (LST)  VALUE       VALUE  FROM      YEAR
                                                  NORMAL
...................................................................
TEMPERATURE (F)
 TODAY
  MAXIMUM         56    343 PM  84    1965  57     -1       64
  MINIMUM         39    732 AM  15    1993  36      3       32
  AVERAGE         48                        46      2       48

PRECIPITATION (IN)
  TODAY            0.00          2.01 1940   0.06  -0.06     0.00
  MONTH TO DATE    0.30                      1.70  -1.40     0.78
  SINCE SEP 1      7.46                      9.47  -2.01     6.28
  SINCE JAN 1     35.79                     34.36   1.43    44.41

SNOWFALL (IN)
  TODAY            0.0           2.5  1895   0.1   -0.1      0.0
  MONTH TO DATE    0.0                       0.3   -0.3       T
  SINCE SEP 1      0.2                       0.3   -0.1       T
  SINCE JUL 1      0.2                       0.3   -0.1       T

DEGREE DAYS
 HEATING
  TODAY           17                        18     -1       17
  MONTH TO DATE  233                       335   -102      448
  SINCE SEP 1    525                       499     26      746
  SINCE JUL 1    525                       499     26      746

 COOLING
  TODAY            0                         0      0        0
  MONTH TO DATE    1                         7     -6        0
  SINCE SEP 1    239                       362   -123      477
  SINCE JAN 1   1778                      2099   -321     1984
...................................................................


WIND (MPH)
  HIGHEST WIND SPEED    31   HIGHEST WIND DIRECTION    NW (300)
  HIGHEST GUST SPEED    37   HIGHEST GUST DIRECTION     W (280)
  AVERAGE WIND SPEED    15.3


SKY COVER
  AVERAGE SKY COVER 0.3


WEATHER CONDITIONS
THE FOLLOWING WEATHER WAS RECORDED TODAY.
  NO SIGNIFICANT WEATHER WAS OBSERVED.


RELATIVE HUMIDITY (PERCENT)
 HIGHEST    79           400 AM
 LOWEST     27           300 PM
 AVERAGE    53

..........................................................


THE OKLAHOMA CITY CLIMATE NORMALS FOR TOMORROW
                         NORMAL    RECORD    YEAR
 MAXIMUM TEMPERATURE (F)   57        81      1910
 MINIMUM TEMPERATURE (F)   36        13      1895
                                             1975
                                             1993


SUNRISE AND SUNSET
NOVEMBER 25 2020......SUNRISE   716 AM CST   SUNSET   519 PM CST
NOVEMBER 26 2020......SUNRISE   717 AM CST   SUNSET   519 PM CST


-  INDICATES NEGATIVE NUMBERS.
R  INDICATES RECORD WAS SET OR TIED.
MM INDICATES DATA IS MISSING.
T  INDICATES TRACE AMOUNT.




$$
