000
CDUS44 KOUN 080631
CLIOKC

CLIMATE REPORT
NATIONAL WEATHER SERVICE NORMAN OK
1231 AM CST MON MAR 08 2021

...................................

...THE OKLAHOMA CITY CLIMATE SUMMARY FOR MARCH 7 2021...

CLIMATE NORMAL PERIOD 1981 TO 2010
CLIMATE RECORD PERIOD 1890 TO 2021


WEATHER ITEM   OBSERVED TIME   RECORD YEAR NORMAL DEPARTURE LAST
                VALUE   (LST)  VALUE       VALUE  FROM      YEAR
                                                  NORMAL
...................................................................
TEMPERATURE (F)
 YESTERDAY
  MAXIMUM         66    331 PM  83    1925  61      5       69
  MINIMUM         32    620 AM   7    1920  39     -7       33
  AVERAGE         49                        50     -1       51

PRECIPITATION (IN)
  YESTERDAY        0.00          1.33 1905   0.09  -0.09     0.00
  MONTH TO DATE    T                         0.62  -0.62     0.00
  SINCE MAR 1      T                         0.62  -0.62     0.00
  SINCE JAN 1      2.30                      3.59  -1.29     3.79

SNOWFALL (IN)
  YESTERDAY        0.0           0.3  1967   0.1   -0.1      0.0
  MONTH TO DATE    0.0                       0.3   -0.3      0.0
  SINCE MAR 1      0.0                       0.3   -0.3      0.0
  SINCE JUL 1     22.5                       7.0   15.5      4.7

DEGREE DAYS
 HEATING
  YESTERDAY       16                        16      0       14
  MONTH TO DATE  113                       116     -3       94
  SINCE MAR 1    113                       116     -3       94
  SINCE JUL 1   3239                      2866    373     2973

 COOLING
  YESTERDAY        0                         0      0        0
  MONTH TO DATE    0                         0      0        0
  SINCE MAR 1      0                         0      0        0
  SINCE JAN 1      0                         1     -1        0
...................................................................


WIND (MPH)
  HIGHEST WIND SPEED    28   HIGHEST WIND DIRECTION     S (180)
  HIGHEST GUST SPEED    34   HIGHEST GUST DIRECTION    SW (210)
  AVERAGE WIND SPEED    12.8


SKY COVER
  AVERAGE SKY COVER 0.2


WEATHER CONDITIONS
THE FOLLOWING WEATHER WAS RECORDED YESTERDAY.
  NO SIGNIFICANT WEATHER WAS OBSERVED.


RELATIVE HUMIDITY (PERCENT)
 HIGHEST    78           500 AM
 LOWEST     21           300 PM
 AVERAGE    50

..........................................................


THE OKLAHOMA CITY CLIMATE NORMALS FOR TODAY
                         NORMAL    RECORD    YEAR
 MAXIMUM TEMPERATURE (F)   61        84      1911
 MINIMUM TEMPERATURE (F)   39         9      1967


SUNRISE AND SUNSET
MARCH  8 2021.........SUNRISE   650 AM CST   SUNSET   632 PM CST
MARCH  9 2021.........SUNRISE   649 AM CST   SUNSET   633 PM CST


-  INDICATES NEGATIVE NUMBERS.
R  INDICATES RECORD WAS SET OR TIED.
MM INDICATES DATA IS MISSING.
T  INDICATES TRACE AMOUNT.




$$
