000
CXUS51 KBOX 021841
CF6ORH
PRELIMINARY LOCAL CLIMATOLOGICAL DATA (WS FORM: F-6)
STATION: WORCESTER MA
MONTH: OCTOBER
YEAR: 2020
LATITUDE: 42 16 N
LONGITUDE: 71 52 W
TEMPERATURE IN F: :PCPN: SNOW: WIND :SUNSHINE: SKY :PK WND
================================================================================
1 2 3 4 5 6A 6B 7 8 9 10 11 12 13 14 15 16 17 18
12Z AVG MX 2MIN
DY MAX MIN AVG DEP HDD CDD WTR SNW DPTH SPD SPD DIR MIN PSBL S-S WX SPD DR
================================================================================
1 71 50 61 6 4 0 0.00 0.0 M 8.9 17 250 M M 1 23 260
2 58 47 53 -2 12 0 0.02 0.0 M 7.4 16 290 M M 6 21 300
3 62 44 53 -2 12 0 0.00 0.0 M 8.3 16 300 M M 1 20 300
4 62 42 52 -2 13 0 0.00 0.0 M 3.5 12 320 M M 1 14 310
5 61 49 55 1 10 0 0.00 0.0 M 5.4 10 70 M M 6 1 16 10
6 65 49 57 4 8 0 0.00 0.0 M 9.7 20 190 M M 7 12 23 230
7 70 48 59 6 6 0 0.24 0.0 M 14.7 48 300 M M 2 138 70 300
8 56 40 48 -5 17 0 0.00 0.0 M 14.3 28 290 M M 0 35 290
9 58 38 48 -4 17 0 0.00 0.0 M 10.2 22 240 M M 0 27 240
10 74 54 64 12 1 0 T 0.0 M 18.2 25 230 M M 0 35 220
11 62 45 54 2 11 0 0.00 0.0 M 7.7 17 350 M M 1 24 360
12 51 43 47 -4 18 0 0.02 0.0 M 9.6 16 80 M M 6 1 24 90
13 53 47 50 -1 15 0 2.40 0.0 M 11.0 17 70 M M 10 1 26 60
14 66 46 56 5 9 0 0.00 0.0 M 9.1 16 290 M M 0 21 310
15 70 47 59 9 6 0 0.00 0.0 M 12.1 25 180 M M 2 12 32 200
16 65 46 56 6 9 0 0.38 0.0 M 9.1 17 310 M M 10 1 22 320
17 55 38 47 -3 18 0 0.88 0.0 M 11.5 23 300 M M 4 1 33 310
18 58 41 50 1 15 0 0.00 0.0 M 6.6 15 170 M M 0 20 170
19 60 41 51 2 14 0 0.00 0.0 M 4.8 10 200 M M 5 12 210
20 68 50 59 10 6 0 0.00 0.0 M 6.9 16 210 M M 7 12 23 180
21 70 56 63 15 2 0 0.01 0.0 M 9.4 21 240 M M 9 12 28 230
22 75 57 66 18 0 1 0.00 0.0 M 5.5 17 250 M M 6 22 250
23 66 54 60 12 5 0 0.00 0.0 M 5.0 13 200 M M 9 12 14 200
24 65 41 53 6 12 0 T 0.0 M 9.7 18 340 M M 7 128 25 350
25 48 38 43 -4 22 0 0.00 0.0 M 5.7 13 360 M M 4 16 10
26 52 39 46 -1 19 0 0.04 0.0 M 5.2 13 230 M M 10 12 16 250
27 51 43 47 1 18 0 0.01 0.0 M 6.1 14 340 M M 9 1 19 330
28 46 40 43 -3 22 0 0.38 0.0 M 4.6 12 240 M M 9 12 16 250
29 46 38 42 -4 23 0 1.12 0.0 M 8.0 18 40 M M 9 1 30 50
30 38 26 32 -14 33 0 0.51 6.2 M 11.0 21 30 M M 7 12 30 60
31 40 21 31 -14 34 0 0.00 0.0 M 5.5 10 220 M M 0 14 300
================================================================================
SM 1842 1358 411 1 6.01 6.2 264.7 M 148
================================================================================
AV 59.4 43.8 8.5 FASTST M M 5 MAX(MPH)
MISC ----> # 48 300 # 70 300
================================================================================
NOTES:
# LAST OF SEVERAL OCCURRENCES
COLUMN 17 PEAK WIND IN M.P.H.
PRELIMINARY LOCAL CLIMATOLOGICAL DATA (WS FORM: F-6) , PAGE 2
STATION: WORCESTER MA
MONTH: OCTOBER
YEAR: 2020
LATITUDE: 42 16 N
LONGITUDE: 71 52 W
[TEMPERATURE DATA] [PRECIPITATION DATA] SYMBOLS USED IN COLUMN 16
AVERAGE MONTHLY: 51.6 TOTAL FOR MONTH: 6.01 1 = FOG OR MIST
DPTR FM NORMAL: 1.6 DPTR FM NORMAL: 1.33 2 = FOG REDUCING VISIBILITY
HIGHEST: 75 ON 22 GRTST 24HR 2.40 ON 13-13 TO 1/4 MILE OR LESS
LOWEST: 21 ON 31 3 = THUNDER
SNOW, ICE PELLETS, HAIL 4 = ICE PELLETS
TOTAL MONTH: 6.2 INCHES 5 = HAIL
GRTST 24HR 6.2 ON 30-30 6 = FREEZING RAIN OR DRIZZLE
GRTST DEPTH: M ON M 7 = DUSTSTORM OR SANDSTORM:
VSBY 1/2 MILE OR LESS
8 = SMOKE OR HAZE
[NO. OF DAYS WITH] [WEATHER - DAYS WITH] 9 = BLOWING SNOW
X = TORNADO
MAX 32 OR BELOW: 0 0.01 INCH OR MORE: 12
MAX 90 OR ABOVE: 0 0.10 INCH OR MORE: 7
MIN 32 OR BELOW: 2 0.50 INCH OR MORE: 4
MIN 0 OR BELOW: 0 1.00 INCH OR MORE: 2
[HDD (BASE 65) ]
TOTAL THIS MO. 411 CLEAR (SCALE 0-3) 12
DPTR FM NORMAL -57 PTCLDY (SCALE 4-7) 11
TOTAL FM JUL 1 530 CLOUDY (SCALE 8-10) 8
DPTR FM NORMAL -131
[CDD (BASE 65) ]
TOTAL THIS MO. 1
DPTR FM NORMAL -2 [PRESSURE DATA]
TOTAL FM JAN 1 776 HIGHEST SLP 30.55 ON 18
DPTR FM NORMAL 305 LOWEST SLP 29.46 ON 7
[REMARKS]
#FINAL-10-20#