000
CXUS51 KBOX 011848
CF6ORH
PRELIMINARY LOCAL CLIMATOLOGICAL DATA (WS FORM: F-6)
STATION: WORCESTER MA
MONTH: APRIL
YEAR: 2020
LATITUDE: 42 16 N
LONGITUDE: 71 52 W
TEMPERATURE IN F: :PCPN: SNOW: WIND :SUNSHINE: SKY :PK WND
================================================================================
1 2 3 4 5 6A 6B 7 8 9 10 11 12 13 14 15 16 17 18
12Z AVG MX 2MIN
DY MAX MIN AVG DEP HDD CDD WTR SNW DPTH SPD SPD DIR MIN PSBL S-S WX SPD DR
================================================================================
1 44 29 37 -3 28 0 0.00 0.0 M 9.3 16 340 M M 5 24 30
2 48 36 42 1 23 0 0.09 0.0 M 18.6 28 320 M M 8 40 350
3 45 38 42 1 23 0 0.96 0.0 M 16.6 23 20 M M 10 1 36 40
4 51 37 44 2 21 0 0.04 0.0 M 7.2 21 50 M M 10 1 31 50
5 55 40 48 6 17 0 0.00 0.0 M 7.3 13 250 M M 8 16 230
6 59 41 50 8 15 0 0.00 0.0 M 10.2 20 300 M M 0 27 300
7 60 40 50 7 15 0 0.00 0.0 M 9.9 20 280 M M 3 26 260
8 52 40 46 3 19 0 0.15 0.0 M 6.3 13 210 M M 8 1 17 300
9 46 36 41 -3 24 0 0.66 0.0 M 14.1 30 290 M M 7 123 41 260
10 44 34 39 -5 26 0 0.07 0.0 M 18.5 37 280 M M 7 1 47 260
11 46 33 40 -4 25 0 0.00 0.0 M 15.7 29 280 M M 2 42 300
12 60 29 45 0 20 0 0.00 0.0 M 10.7 23 190 M M 2 30 180
13 59 49 54 9 11 0 1.59 0.0 M 20.5 37 190 M M 9 1 56 210
14 54 40 47 1 18 0 0.00 0.0 M 10.9 24 280 M M 3 33 280
15 48 34 41 -5 24 0 T 0.0 M 10.5 25 280 M M 4 34 270
16 42 30 36 -10 29 0 T T M 11.1 25 290 M M 6 8 36 280
17 46 28 37 -10 28 0 0.04 T M 12.5 25 240 M M 2 1 33 290
18 38 31 35 -12 30 0 0.59 4.7 M 8.7 15 30 M M 9 12 23 30
19 58 29 44 -4 21 0 0.00 0.0 M 14.3 28 240 M M 0 34 230
20 50 34 42 -6 23 0 0.00 0.0 M 7.8 14 330 M M 0 19 350
21 48 32 40 -8 25 0 0.46 T M 16.0 30 280 M M 4 13 41 300
22 41 29 35 -14 30 0 T T M 22.6 35 280 M M 3 48 290
23 51 28 40 -9 25 0 0.00 0.0 M 12.2 23 280 M M 2 31 270
24 44 37 41 -8 24 0 0.19 0.0 M 6.6 15 30 M M 9 1 22 30
25 63 37 50 0 15 0 0.00 0.0 M 8.1 16 160 M M 4 20 150
26 50 37 44 -6 21 0 0.26 0.0 M 11.2 25 40 M M 8 1 40 50
27 39 34 37 -13 28 0 0.46 T M 14.8 22 360 M M 10 1 31 50
28 55 36 46 -5 19 0 0.00 0.0 M 8.9 20 310 M M 8 25 280
29 59 33 46 -5 19 0 0.00 0.0 M 8.5 16 140 M M 4 20 80
30 49 40 45 -7 20 0 0.47 0.0 M 10.5 17 140 M M 10 1 25 120
================================================================================
SM 1504 1051 666 0 6.03 4.7 360.1 M 165
================================================================================
AV 50.1 35.0 12.0 FASTST M M 6 MAX(MPH)
MISC ----> # 37 280 # 56 210
================================================================================
NOTES:
# LAST OF SEVERAL OCCURRENCES
COLUMN 17 PEAK WIND IN M.P.H.
PRELIMINARY LOCAL CLIMATOLOGICAL DATA (WS FORM: F-6) , PAGE 2
STATION: WORCESTER MA
MONTH: APRIL
YEAR: 2020
LATITUDE: 42 16 N
LONGITUDE: 71 52 W
[TEMPERATURE DATA] [PRECIPITATION DATA] SYMBOLS USED IN COLUMN 16
AVERAGE MONTHLY: 42.6 TOTAL FOR MONTH: 6.03 1 = FOG OR MIST
DPTR FM NORMAL: -3.4 DPTR FM NORMAL: 1.92 2 = FOG REDUCING VISIBILITY
HIGHEST: 63 ON 25 GRTST 24HR 1.59 ON 13-13 TO 1/4 MILE OR LESS
LOWEST: 28 ON 23,17 3 = THUNDER
SNOW, ICE PELLETS, HAIL 4 = ICE PELLETS
TOTAL MONTH: 4.7 INCHES 5 = HAIL
GRTST 24HR 4.7 ON 18-18 6 = FREEZING RAIN OR DRIZZLE
GRTST DEPTH: M ON M 7 = DUSTSTORM OR SANDSTORM:
VSBY 1/2 MILE OR LESS
8 = SMOKE OR HAZE
[NO. OF DAYS WITH] [WEATHER - DAYS WITH] 9 = BLOWING SNOW
X = TORNADO
MAX 32 OR BELOW: 0 0.01 INCH OR MORE: 14
MAX 90 OR ABOVE: 0 0.10 INCH OR MORE: 10
MIN 32 OR BELOW: 9 0.50 INCH OR MORE: 4
MIN 0 OR BELOW: 0 1.00 INCH OR MORE: 1
[HDD (BASE 65) ]
TOTAL THIS MO. 666 CLEAR (SCALE 0-3) 8
DPTR FM NORMAL 95 PTCLDY (SCALE 4-7) 14
TOTAL FM JUL 1 5959 CLOUDY (SCALE 8-10) 8
DPTR FM NORMAL -388
[CDD (BASE 65) ]
TOTAL THIS MO. 0
DPTR FM NORMAL -3 [PRESSURE DATA]
TOTAL FM JAN 1 0 HIGHEST SLP 30.34 ON 29
DPTR FM NORMAL -3 LOWEST SLP 29.06 ON 9
[REMARKS]
#FINAL-04-20#