000
CXUS52 KMLB 230623
CF6ORL
PRELIMINARY LOCAL CLIMATOLOGICAL DATA (WS FORM: F-6)

                                          STATION:   ORLANDO EXEC
                                          MONTH:     MAY
                                          YEAR:      2022
                                          LATITUDE:   28 32 N
                                          LONGITUDE:  81 20 W

  TEMPERATURE IN F:       :PCPN:    SNOW:  WIND      :SUNSHINE: SKY     :PK WND
================================================================================
1   2   3   4   5  6A  6B    7    8   9   10  11  12  13   14  15   16   17  18
                                     12Z  AVG MX 2MIN
DY MAX MIN AVG DEP HDD CDD  WTR  SNW DPTH SPD SPD DIR MIN PSBL S-S WX    SPD DR
================================================================================

 1  89  69  79   3   0  14 0.00  0.0    0  6.9 21  60   M    M   2        26  70
 2  89  68  79   3   0  14 0.00  0.0    0  6.0 17 100   M    M   4 3      21 100
 3  89  72  81   5   0  16 0.00  0.0    0  5.8 17  90   M    M   2        21  90
 4  94  70  82   6   0  17    T  0.0    0  5.0 16  10   M    M   2        19  20
 5  96  73  85   9   0  20 0.00  0.0    0  6.0 17 110   M    M   2        21 110
 6  95  75  85   8   0  20 0.00  0.0    0 10.5 23 260   M    M   1        30 250
 7  92  75  84   7   0  19 0.31  0.0    0 13.4 24 270   M    M   3 13     33 250
 8  92  71  82   5   0  17 0.00  0.0    0  9.6 20 290   M    M   2        28 350
 9  85  67  76  -1   0  11 0.00  0.0    0 10.3 18  30   M    M   4        24  20
10  84  65  75  -3   0  10 0.00  0.0    0  9.7 21  20   M    M   1        25  60
11  85  66  76  -2   0  11 0.00  0.0    0 12.1 22  20   M    M   1        28  20
12  84  67  76  -2   0  11    T  0.0    0  8.0 18  20   M    M   3        27  20
13  89  66  78   0   0  13 0.20  0.0    0  4.2 24  70   M    M   3 38     30  70
14  92  67  80   2   0  15 0.00  0.0    0  4.6 17  70   M    M   0        20  70
15  91  70  81   3   0  16 0.71  0.0    0  6.7 26 210   M    M   4 138    31 210
16  91  68  80   2   0  15 0.00  0.0    0  6.8 16 280   M    M   1        22 270
17  93  73  83   4   0  18 0.22  0.0    0  4.2 21  70   M    M   3 3      26  30
18  95  75  85   6   0  20    T  0.0    0  4.4 22  70   M    M   2 8      24  70
19  92  75  84   5   0  19 0.00  0.0    M  4.7 17 120   M    M   1        20 120
20  86  73  80   1   0  15 1.51  0.0    0  8.3 26 280   M    M   4 123    40 250
21  93  73  83   4   0  18 0.82  0.0    0  7.1 30 260   M    M   4 138    39 260
22  94  73  84   4   0  19 0.00  0.0    0  9.7 17 160   M    M   1        24 130
================================================================================
SM 1990 1551         0 348  3.77  0.0    164.0          M       50
================================================================================
AV 90.5 70.5                               7.5 FASTST   M    M   2    MAX(MPH)
                                 MISC ---->    30 260                 40 250
================================================================================
NOTES:
# LAST OF SEVERAL OCCURRENCES

COLUMN 17 PEAK WIND IN M.P.H.

PRELIMINARY LOCAL CLIMATOLOGICAL DATA (WS FORM: F-6) , PAGE 2

                                          STATION:   ORLANDO EXEC
                                          MONTH:     MAY
                                          YEAR:      2022
                                          LATITUDE:   28 32 N
                                          LONGITUDE:  81 20 W

[TEMPERATURE DATA]      [PRECIPITATION DATA]       SYMBOLS USED IN COLUMN 16

AVERAGE MONTHLY: 80.5   TOTAL FOR MONTH:   3.77    1 = FOG OR MIST
DPTR FM NORMAL:   2.8   DPTR FM NORMAL:    1.71    2 = FOG REDUCING VISIBILITY
HIGHEST:    96 ON  5    GRTST 24HR  1.63 ON 20-21      TO 1/4 MILE OR LESS
LOWEST:     65 ON 10                               3 = THUNDER
                        SNOW, ICE PELLETS, HAIL    4 = ICE PELLETS
                        TOTAL MONTH:   0.0 INCH    5 = HAIL
                        GRTST 24HR  0.0            6 = FREEZING RAIN OR DRIZZLE
                        GRTST DEPTH:  0            7 = DUSTSTORM OR SANDSTORM:
                                                       VSBY 1/2 MILE OR LESS
                                                   8 = SMOKE OR HAZE
[NO. OF DAYS WITH]      [WEATHER - DAYS WITH]      9 = BLOWING SNOW
                                                   X = TORNADO
MAX 32 OR BELOW:   0    0.01 INCH OR MORE:   6
MAX 90 OR ABOVE:  13    0.10 INCH OR MORE:   6
MIN 32 OR BELOW:   0    0.50 INCH OR MORE:   3
MIN  0 OR BELOW:   0    1.00 INCH OR MORE:   1

[HDD (BASE 65) ]
TOTAL THIS MO.     0    CLEAR  (SCALE 0-3)  16
DPTR FM NORMAL     0    PTCLDY (SCALE 4-7)   6
TOTAL FM JUL 1   253    CLOUDY (SCALE 8-10)  0
DPTR FM NORMAL  -216

[CDD (BASE 65) ]
TOTAL THIS MO.   348
DPTR FM NORMAL    69    [PRESSURE DATA]
TOTAL FM JAN 1  1105    HIGHEST SLP M ON M
DPTR FM NORMAL   302    LOWEST  SLP 29.72 ON  7

[REMARKS]
