000
CXUS56 KPDT 020532
CF6PSC
PRELIMINARY LOCAL CLIMATOLOGICAL DATA (WS FORM: F-6)
STATION: PASCO WA
MONTH: MARCH
YEAR: 2020
LATITUDE: 46 16 N
LONGITUDE: 119 7 W
TEMPERATURE IN F: :PCPN: SNOW: WIND :SUNSHINE: SKY :PK WND
================================================================================
1 2 3 4 5 6A 6B 7 8 9 10 11 12 13 14 15 16 17 18
12Z AVG MX 2MIN
DY MAX MIN AVG DEP HDD CDD WTR SNW DPTH SPD SPD DIR MIN PSBL S-S WX SPD DR
================================================================================
1 54 21 38 -4 27 0 0.00 M M 5.5 16 220 M M 1 19 220
2 59 39 49 7 16 0 0.00 M M 14.9 23 210 M M 2 27 220
3 66 49 58 16 7 0 0.00 M M 18.2 30 230 M M 1 41 240
4 61 35 48 5 17 0 0.00 M M 8.4 31 220 M M 0 38 220
5 61 28 45 2 20 0 0.00 M M 3.5 10 150 M M 0 12 130
6 63 41 52 9 13 0 0.07 M M 5.0 14 200 M M 4 15 190
7 54 30 42 -2 23 0 0.09 M M 8.0 23 200 M M 6 27 200
8 56 28 42 -2 23 0 0.00 M M 3.2 12 250 M M 1 16 230
9 57 22 40 -4 25 0 0.00 M M 2.1 8 90 M M 0 10 240
10 66 24 45 0 20 0 0.00 M M 7.3 23 220 M M 1 28 240
11 65 36 51 6 14 0 0.00 M M 12.6 33 330 M M 0 41 330
12 56 24 40 -5 25 0 0.00 M M 3.5 9 100 M M 0 11 200
13 48 30 39 -7 26 0 0.33 M M 8.4 24 310 M M 8 1 29 300
14 38 28 33 -13 32 0 T M M 15.6 26 10 M M 9 18 33 360
15 46 26 36 -10 29 0 0.00 M M 10.4 22 20 M M 6 26 10
16 54 21 38 -8 27 0 0.00 M M 4.4 12 140 M M 0 16 20
17 59 24 42 -5 23 0 0.00 M M 1.8 9 20 M M 0 12 10
18 63 25 44 -3 21 0 0.00 M M 3.3 12 130 M M 0 15 240
19 66 26 46 -1 19 0 0.00 M M 2.3 8 350 M M 0 18 10 330
20 68 29 49 1 16 0 0.00 M M 3.3 13 330 M M 0 14 330
21 68 29 49 1 16 0 0.00 M M 2.7 10 320 M M 0 13 320
22 66 28 47 -1 18 0 0.00 M M 5.2 14 170 M M 0 16 170
23 62 43 53 5 12 0 T M M 16.0 31 230 M M 1 39 240
24 61 38 50 1 15 0 T M M 11.6 20 230 M M 1 26 230
25 54 30 42 -7 23 0 T M M 7.0 20 320 M M 5 25 260
26 60 26 43 -6 22 0 0.00 M M 7.8 22 220 M M 5 31 220
27 59 44 52 3 13 0 0.00 M M 9.7 20 210 M M 8 25 220
28 65 46 56 6 9 0 0.00 M M 13.2 24 210 M M 8 33 220
29 67 49 58 8 7 0 0.00 M M 13.0 31 220 M M 5 39 220
30 62 45 54 4 11 0 T M M 15.7 32 230 M M 6 41 230
31 60 40 50 0 15 0 T M M 13.0 32 300 M M 3 40 300
================================================================================
SM 1844 1004 584 0 0.49 M 256.6 M 81
================================================================================
AV 59.5 32.4 8.3 FASTST M M 3 MAX(MPH)
MISC ----> # 33 330 # 41 240
================================================================================
NOTES:
# LAST OF SEVERAL OCCURRENCES
COLUMN 17 PEAK WIND IN M.P.H.
PRELIMINARY LOCAL CLIMATOLOGICAL DATA (WS FORM: F-6) , PAGE 2
STATION: PASCO WA
MONTH: MARCH
YEAR: 2020
LATITUDE: 46 16 N
LONGITUDE: 119 7 W
[TEMPERATURE DATA] [PRECIPITATION DATA] SYMBOLS USED IN COLUMN 16
AVERAGE MONTHLY: 45.9 TOTAL FOR MONTH: 0.49 1 = FOG OR MIST
DPTR FM NORMAL: -0.4 DPTR FM NORMAL: -0.30 2 = FOG REDUCING VISIBILITY
HIGHEST: 68 ON 21,20 GRTST 24HR 0.33 ON 13-13 TO 1/4 MILE OR LESS
LOWEST: 21 ON 16, 1 3 = THUNDER
SNOW, ICE PELLETS, HAIL 4 = ICE PELLETS
TOTAL MONTH: M 5 = HAIL
GRTST 24HR M ON M 6 = FREEZING RAIN OR DRIZZLE
GRTST DEPTH: M ON M 7 = DUSTSTORM OR SANDSTORM:
VSBY 1/2 MILE OR LESS
8 = SMOKE OR HAZE
[NO. OF DAYS WITH] [WEATHER - DAYS WITH] 9 = BLOWING SNOW
X = TORNADO
MAX 32 OR BELOW: 0 0.01 INCH OR MORE: 3
MAX 90 OR ABOVE: 0 0.10 INCH OR MORE: 1
MIN 32 OR BELOW: 19 0.50 INCH OR MORE: 0
MIN 0 OR BELOW: 0 1.00 INCH OR MORE: 0
[HDD (BASE 65) ]
TOTAL THIS MO. 584 CLEAR (SCALE 0-3) 20
DPTR FM NORMAL 6 PTCLDY (SCALE 4-7) 10
TOTAL FM JUL 1 4218 CLOUDY (SCALE 8-10) 1
DPTR FM NORMAL -243
[CDD (BASE 65) ]
TOTAL THIS MO. 0
DPTR FM NORMAL 0 [PRESSURE DATA]
TOTAL FM JAN 1 0 HIGHEST SLP 30.35 ON 12
DPTR FM NORMAL 0 LOWEST SLP 29.63 ON 13
[REMARKS]
#FINAL-03-20#