000
CXUS51 KGYX 031755
CLMPWM

PWMCLMPWM 000
TTAA00 KGYX 031633


CLIMATE REPORT
NATIONAL WEATHER SERVICE GRAY ME
1131 AM EST MON FEB 3 2020

...................................

...THE PORTLAND ME CLIMATE SUMMARY FOR THE MONTH OF JANUARY 2020...

CLIMATE NORMAL PERIOD 1981 TO 2010
CLIMATE RECORD PERIOD 1941 TO 2019 /FOR TEMPERATURES/
CLIMATE RECORD PERIOD 1871 TO 2019 /FOR PRECIPITATION/
CLIMATE RECORD PERIOD 1882 TO 2019 /FOR SNOWFALL/

WEATHER         OBSERVED          NORMAL  DEPART  LAST YEAR`S
                 VALUE   DATE(S)  VALUE   FROM    VALUE  DATE(S)
                                          NORMAL
................................................................
TEMPERATURE (F)
RECORD
 HIGH              67   01/06/2007
 LOW              -26   01/19/1971
HIGHEST            63   01/11        50      13       50  01/24
                                                          01/01
LOWEST             -4   01/21        -7       3        1  01/31
                                                          01/22
AVG. MAXIMUM     38.0              31.2     6.8     31.6
AVG. MINIMUM     21.7              13.4     8.3     15.2
MEAN             29.8              22.3     7.5     23.4
DAYS MAX >= 90      0               0.0     0.0        0
DAYS MAX <= 32      7              16.3    -9.3       16
DAYS MIN <= 32     25              29.6    -4.6       29
DAYS MIN <= 0       1               3.9    -2.9        0

PRECIPITATION (INCHES)
RECORD
 MAXIMUM        12.29   1935
 MINIMUM         0.28   2004
TOTALS           3.53              3.38    0.15     5.53
DAILY AVG.       0.11              0.11    0.00     0.18
DAYS >= .01        10              11.1    -1.1       11
DAYS >= .10         9               6.6     2.4        8
DAYS >= .50         2               2.4    -0.4        4
DAYS >= 1.00        1               0.8     0.2        2
GREATEST
 24 HR. TOTAL    1.37   01/25

SNOWFALL (INCHES)
RECORDS
 TOTAL           62.4   1979
TOTALS           14.7              19.2    -4.5     18.2
SINCE 7/1        41.1              34.3     6.8     39.6
SNOWDEPTH AVG.      6
DAYS >= TRACE      11               7.9     3.1
DAYS >= 1.0         4               4.8    -0.8
GREATEST
 SNOW DEPTH        10   01/21
                        01/20
                        01/19
 24 HR TOTAL      6.0   01/16

DEGREE_DAYS
HEATING TOTAL    1084              1324    -240     1283
 SINCE 7/1       3569              3936    -367     3903
COOLING TOTAL       0                 0       0        0
 SINCE 1/1          0                 0       0        0
.................................................................

WIND (MPH)
AVERAGE WIND SPEED              6.7
HIGHEST WIND SPEED/DIRECTION    26/080    DATE  01/25
HIGHEST GUST SPEED/DIRECTION    39/320    DATE  01/17

SKY COVER
AVERAGE SKY COVER           0.60

AVERAGE RH (PERCENT)     63

-  INDICATES NEGATIVE NUMBERS.
R  INDICATES RECORD WAS SET OR TIED.
MM INDICATES DATA IS MISSING.
T  INDICATES TRACE AMOUNT.

&&

ALTHOUGH DECEMBER ENDED WITH A LARGE SNOWSTORM, JANUARY STARTED OFF
WITH SOME RATHER MILD WEATHER. THE FIRST FOUR DAYS OF THE NEW YEAR
SAW THE TEMPERATURE CLIMB INTO THE 40S. THE NEXT FEW DAYS SAW THE
TEMPERATURE NEAR NORMAL FOR JANUARY WITH SOME LIGHT RAIN AND SNOW.
THE BIG WARM UP CAME IN THE SECOND WEEK OF THE MONTH WITH PORTLAND
WARMING ALL THE WAY TO 63 DEGREES ON JANUARY 11 WITH SOME LIGHT RAIN
FALLING THE NEXT DAY. THIS CUT THE SLOWLY DWINDLING SNOW PACK IN
HALF. SOON THE TEMPERATURE DROPPED BACK TO NORMAL AGAIN AND A PERIOD
OF SNOWY WEATHER BEGAN. ON THE 14TH, 2.5 INCHES OF SNOW FELL WITH A
HEAVIER SNOWSTORM BRINGING ANOTHER 6 INCHES ON THE 16TH. BEHIND THIS
STORM MUCH COLDER AIR MOVED INTO NEW ENGLAND. THE NEXT WEEK SAW
BELOW NORMAL TEMPERATURES. MORE SNOW CAME ON THE 18TH AND 19TH WHEN
5.4 INCHES FELL WITH EVEN MORE COLD AIR ARRIVING BEHIND THIS STORM.
THE COLDEST TEMPERATURE WAS 4 BELOW ZERO ON THE 21ST, AND AFTER THE
FREQUENT SNOW AND COLD THE SNOW PACK HAD CLIMBED BACK UP TO 10
INCHES. BUT THE COLD ULTIMATELY DID NOT LAST. THE NEXT WEEK SAW
FREQUENTLY WARM WEATHER AGAIN WITH THE TEMPERATURE TOPPING 40
DEGREES FOR SIX STRAIGHT DAYS. HEAVY RAIN FELL ON THE NIGHT OF THE
25TH INTO THE MORNING OF THE 26TH WHEN 1.59 INCHES WAS RECORDED.
THAT WAS THE FINAL PRECIPITATION EVENT OF THE MONTH AS TEMPERATURES
REMAINED ABOVE NORMAL TO END THE FIRST MONTH OF 2020.

THE AVERAGE TEMPERATURE FOR THE MONTH WAS 29.8 DEGREES WHICH WAS 7.5
DEGREES ABOVE NORMAL AND TIED FOR THE 4TH WARMEST ON RECORD. THE
WARMEST JANUARY ON RECORD WAS IN 2002 WHEN THE AVERAGE TEMPERATURE
WAS 30.4 DEGREES. THE COLDEST WAS 12.1 DEGREES IN 1971. THE
FOLLOWING TABLE LISTS THE WARMEST JANUARYS AT PORTLAND.

WARMEST AVERAGE TEMPERATURE IN JANUARY (SINCE 1941)...
RANK  TEMP  YEAR
1     30.4  2002
2     30.2  2006
3     30.1  1990
4     29.8  2020  <===
      29.8  2017
6     28.5  1953
7     27.3  1956
8     27.1  1998
      27.1  1995
10    27.0  2016

A TOTAL OF 3.53 INCHES OF PRECIPITATION FELL WHICH WAS 0.15 INCHES
ABOVE NORMAL. THE HEAVIEST PRECIPITATION CAME ON THE 25TH AND 26TH
WHEN 1.59 INCHES WAS MEASURED. THE WETTEST JANUARY WAS IN 1935 WHEN
12.29 INCHES FELL. THE DRIEST WAS IN 2004 WHEN ONLY 0.28 INCHES WAS
MEASURED.

A TOTAL OF 14.7 INCHES OF SNOW FELL WHICH WAS 4.5 INCHES BELOW
NORMAL. MOST OF THE SNOW FELL IN THE MIDDLE OF THE MONTH WITH 6.0
INCHES MEASURED ON JANUARY 16. THE SNOWIEST JANUARY WAS IN 1979 WHEN
62.4 INCHES FELL. THE LEAST SNOWY WAS IN 1908 WHEN ONLY 1.6
INCHES FELL.

THE FOLLOWING RECORDS WERE SET OR TIED IN JANUARY 2020...
DATE  RECORD                                PREVIOUS
11    63   - WARMEST HIGH TEMPERATURE       54 IN 2017, 1983
11    51   - WARMEST AVERAGE TEMPERATURE    46 IN 1983
12    52   - WARMEST HIGH TEMPERATURE       51 IN 2014, 1980
25    36   - WARMEST LOW TEMPERATURE        36 IN 2010 (TIED)

$$

WATSON
