000
CXUS56 KSTO 031729
CF6RDD
PRELIMINARY LOCAL CLIMATOLOGICAL DATA (WS FORM: F-6)
STATION: REDDING CA AIRPORT AND CITY
MONTH: OCTOBER
YEAR: 2020
LATITUDE: 40 30 N
LONGITUDE: 122 18 W
TEMPERATURE IN F: :PCPN: SNOW: WIND :SUNSHINE: SKY :PK WND
================================================================================
1 2 3 4 5 6A 6B 7 8 9 10 11 12 13 14 15 16 17 18
12Z AVG MX 2MIN
DY MAX MIN AVG DEP HDD CDD WTR SNW DPTH SPD SPD DIR MIN PSBL S-S WX SPD DR
================================================================================
1 106 68 87 17 0 22 0.00 0.0 0 5.3 14 360 M M 3 8 18 360
2 100 57 79 10 0 14 0.00 0.0 0 2.0 8 300 M M 3 8 13 300
3 100 58 79 10 0 14 0.00 0.0 0 2.4 10 190 M M 1 8 13 360
4 90 56 73 4 0 8 0.00 0.0 0 0.5 7 150 M M 8 8 9 160
5 95 51 73 5 0 8 0.00 0.0 0 1.2 10 20 M M 2 8 12 10
6 93 47 70 2 0 5 0.00 0.0 0 1.1 9 190 M M 2 8 12 180
7 90 48 69 1 0 4 0.00 0.0 0 2.0 10 180 M M 1 8 14 200
8 83 52 68 1 0 3 0.00 0.0 0 1.8 8 160 M M 0 8 10 210
9 79 48 64 -3 1 0 0.00 0.0 0 2.5 13 150 M M 0 8 15 160
10 72 56 64 -2 1 0 0.00 0.0 0 3.4 14 180 M M 3 8 17 180
11 82 52 67 1 0 2 0.00 0.0 0 5.8 15 350 M M 0 8 21 330
12 89 47 68 3 0 3 0.00 0.0 0 1.2 9 330 M M 0 8 11 340
13 91 53 72 7 0 7 0.00 0.0 0 2.6 8 310 M M 0 8 12 330
14 90 56 73 9 0 8 0.00 0.0 0 9.5 24 10 M M 0 8 29 20
15 93 72 83 19 0 18 0.00 0.0 0 19.5 38 10 M M 0 8 47 360
16 98 71 85 21 0 20 0.00 0.0 0 13.7 29 20 M M 0 38 20
17 98 69 84 21 0 19 0.00 0.0 0 9.1 17 10 M M 0 22 20
18 95 57 76 13 0 11 0.00 0.0 0 4.0 16 360 M M 0 22 330
19 93 52 73 11 0 8 0.00 0.0 0 3.3 14 360 M M 0 19 360
20 94 60 77 15 0 12 0.00 0.0 0 11.7 24 10 M M 0 32 10
21 90 69 80 18 0 15 0.00 0.0 0 11.4 20 20 M M 0 33 10
22 75 60 68 7 0 3 0.00 0.0 0 19.6 37 360 M M 0 8 47 10
23 83 51 67 6 0 2 0.00 0.0 0 8.0 24 10 M M 0 27 10
24 76 43 60 0 5 0 0.00 0.0 0 0.9 8 180 M M 0 11 210
25 66 43 55 -5 10 0 0.00 0.0 0 21.3 41 20 M M 0 50 10
26 75 52 64 5 1 0 0.00 0.0 0 14.2 28 10 M M 0 35 20
27 87 51 69 10 0 4 0.00 0.0 0 10.2 25 20 M M 0 32 20
28 80 40 60 2 5 0 0.00 0.0 M 1.6 9 150 M M 0 18 150
29 80 37 59 1 6 0 0.00 0.0 0 2.0 9 150 M M 0 12 150
30 81 39 60 2 5 0 0.00 0.0 0 1.4 8 40 M M 0 8 13 190
31 86 40 63 6 2 0 0.00 0.0 0 0.9 7 30 M M 0 24 30
================================================================================
SM 2710 1655 36 210 0.00 0.0 194.1 M 23
================================================================================
AV 87.4 53.4 6.3 FASTST M M 1 MAX(MPH)
MISC ----> # 41 20 # 50 10
================================================================================
NOTES:
# LAST OF SEVERAL OCCURRENCES
COLUMN 17 PEAK WIND IN M.P.H.
PRELIMINARY LOCAL CLIMATOLOGICAL DATA (WS FORM: F-6) , PAGE 2
STATION: REDDING CA AIRPORT AND CITY
MONTH: OCTOBER
YEAR: 2020
LATITUDE: 40 30 N
LONGITUDE: 122 18 W
[TEMPERATURE DATA] [PRECIPITATION DATA] SYMBOLS USED IN COLUMN 16
AVERAGE MONTHLY: 70.4 TOTAL FOR MONTH: 0.00 1 = FOG OR MIST
DPTR FM NORMAL: 6.8 DPTR FM NORMAL: -2.10 2 = FOG REDUCING VISIBILITY
HIGHEST: 106 ON 1 GRTST 24HR 0.00 ON 31-31 TO 1/4 MILE OR LESS
LOWEST: 37 ON 29 3 = THUNDER
SNOW, ICE PELLETS, HAIL 4 = ICE PELLETS
TOTAL MONTH: 0.0 INCH 5 = HAIL
GRTST 24HR 0.0 6 = FREEZING RAIN OR DRIZZLE
GRTST DEPTH: 0 7 = DUSTSTORM OR SANDSTORM:
VSBY 1/2 MILE OR LESS
8 = SMOKE OR HAZE
[NO. OF DAYS WITH] [WEATHER - DAYS WITH] 9 = BLOWING SNOW
X = TORNADO
MAX 32 OR BELOW: 0 0.01 INCH OR MORE: 0
MAX 90 OR ABOVE: 16 0.10 INCH OR MORE: 0
MIN 32 OR BELOW: 0 0.50 INCH OR MORE: 0
MIN 0 OR BELOW: 0 1.00 INCH OR MORE: 0
[HDD (BASE 65) ]
TOTAL THIS MO. 36 CLEAR (SCALE 0-3) 30
DPTR FM NORMAL -78 PTCLDY (SCALE 4-7) 0
TOTAL FM JUL 1 36 CLOUDY (SCALE 8-10) 1
DPTR FM NORMAL -86
[CDD (BASE 65) ]
TOTAL THIS MO. 210
DPTR FM NORMAL 139 [PRESSURE DATA]
TOTAL FM JAN 1 2448 HIGHEST SLP M ON M
DPTR FM NORMAL 602 LOWEST SLP 29.72 ON 21
[REMARKS]
#FINAL-10-20#