000
CXUS55 KABQ 021551
CLMROW

CLIMATE REPORT
NATIONAL WEATHER SERVICE ALBUQUERQUE NM
951 AM MDT SAT OCT 02 2021

...................................

...THE ROSWELL NM CLIMATE SUMMARY FOR THE MONTH OF SEPTEMBER 2021...

CLIMATE NORMAL PERIOD 1991 TO 2020
CLIMATE RECORD PERIOD 1893 TO 2021

WEATHER         OBSERVED          NORMAL  DEPART   LAST YEAR`S
                VALUE   DATE(S)   VALUE   FROM     VALUE DATE(S)
                                          NORMAL
................................................................
TEMPERATURE (F)
RECORD
 HIGH            104   09/05/2012
                       09/04/2012
                       06/27/1924
 LOW              40   09/25/2000
HIGHEST          101   09/17         MM      MM      103  09/26
LOWEST            49   09/22         MM      MM       42  09/29
                                                          09/09
AVG. MAXIMUM    91.5               87.6     3.9     88.0
AVG. MINIMUM    61.4               61.2     0.2     56.7
MEAN            76.4               74.4     2.0     72.3
DAYS MAX >= 90    21               13.2     7.8       15
DAYS MAX <= 32     0                0.0     0.0        0
DAYS MIN <= 32     0                0.0     0.0        0
DAYS MIN <= 0      0                0.0     0.0        0

PRECIPITATION (INCHES)
TOTALS          1.16R              1.55   -0.39     0.09
DAILY AVG.      0.04               0.05   -0.01     0.00
DAYS >= .01        6                6.3    -0.3        3
DAYS >= .10        2                3.2    -1.2        0
DAYS >= .50        1                1.0     0.0        0
DAYS >= 1.00       0                0.3    -0.3        0
GREATEST
 24 HR. TOTAL   0.59   09/04 TO 09/04               0.06

SNOWFALL (INCHES)
TOTALS           0.0                0.0     0.0      0.0
SINCE 7/1        0.0                0.0     0.0       MM
DAYS >= 1.0        0                0.0     0.0        0
GREATEST
 SNOW DEPTH        0                                   0  MM
 24 HR TOTAL     0.0                                 0.0

DEGREE DAYS
HEATING TOTAL      3                  9      -6       41
 SINCE 7/1         3                  4      -1       41
COOLING TOTAL    351                291      60      268
 SINCE 1/1      2087               2167     -80     2542
................................................................

WIND (MPH)
AVERAGE WIND SPEED              7.1
HIGHEST WIND SPEED/DIRECTION    35/260    DATE  09/04
                                35/260          09/16
HIGHEST GUST SPEED/DIRECTION    45/270    DATE  09/04

SKY COVER
AVERAGE SKY COVER           0.08

AVERAGE RH (PERCENT)     47

WEATHER CONDITIONS. NUMBER OF DAYS WITH
THUNDERSTORM              4     MIXED PRECIP               0
HEAVY RAIN                2     RAIN                       2
LIGHT RAIN                6     FREEZING RAIN              0
LT FREEZING RAIN          0     HAIL                       0
HEAVY SNOW                0     SNOW                       0
LIGHT SNOW                0     SLEET                      0
FOG                       2     FOG W/VIS <= 1/4 MILE      1
HAZE                      1

-  INDICATES NEGATIVE NUMBERS.
R  INDICATES RECORD WAS SET OR TIED.
MM INDICATES DATA IS MISSING.
T  INDICATES TRACE AMOUNT.

$$
