000
CXUS55 KABQ 011138
CLMROW

ABQCLMROW 000
TTAA00 KABQ 011112


CLIMATE REPORT
NATIONAL WEATHER SERVICE ALBUQUERQUE NM
511 AM MDT WED APR 1 2020

...................................

...THE ROSWELL NM CLIMATE SUMMARY FOR THE MONTH OF MARCH 2020...

CLIMATE NORMAL PERIOD 1981 TO 2010
CLIMATE RECORD PERIOD 1893 TO 2020

WEATHER         OBSERVED          NORMAL  DEPART  LAST YEAR`S
                 VALUE   DATE(S)  VALUE   FROM    VALUE  DATE(S)
                                          NORMAL
................................................................
TEMPERATURE (F)
RECORD
 HIGH              93   03/12/1989
 LOW                9   03/03/2002
HIGHEST            91   03/25        MM      MM       88  03/29
                                                          03/28
LOWEST             35   03/28        MM      MM       16  03/05
                        03/05
AVG. MAXIMUM     69.9              68.3     1.6     66.9
AVG. MINIMUM     44.6              36.9     7.7     37.5
MEAN             57.3              52.6     4.7     52.2
DAYS MAX >= 90      1               0.2     0.8        0
DAYS MAX <= 32      0               0.0     0.0        1
DAYS MIN <= 32      0               7.3    -7.3        7
DAYS MIN <= 0       0               0.0     0.0        0

PRECIPITATION (INCHES)
RECORD
 MAXIMUM           MM   MM
 MINIMUM           MM   MM
TOTALS           2.07              0.51    1.56     0.42
DAILY AVG.       0.07              0.02    0.05     0.01
DAYS >= .01         8               3.3     4.7        4
DAYS >= .10         3               1.4     1.6        1
DAYS >= .50         2               0.2     1.8        0
DAYS >= 1.00        0               0.1    -0.1        0
GREATEST
 24 HR. TOTAL    0.87   03/13 TO 03/13              0.35

SNOWFALL (INCHES)
RECORDS
 TOTAL             MM   MM
TOTALS            0.0               1.2    -1.2      0.0
SINCE 7/1         4.9              11.6    -6.7      5.8
SNOWDEPTH AVG.      0                MM      MM        0
DAYS >= 1.0         0               0.4    -0.4        0
GREATEST
 SNOW DEPTH         0   MM                             0  MM
 24 HR TOTAL      0.0   03/31 TO 03/31               0.0

DEGREE_DAYS
HEATING TOTAL     240               387    -147      400
 SINCE 7/1       2672              3094    -422     2983
COOLING TOTAL       9                 3       6       13
 SINCE 1/1          9                 3       6       13
.................................................................

WIND (MPH)
AVERAGE WIND SPEED              9.2
HIGHEST WIND SPEED/DIRECTION    39/230    DATE  03/27
HIGHEST GUST SPEED/DIRECTION    51/220    DATE  03/27

SKY COVER
AVERAGE SKY COVER           0.20

AVERAGE RH (PERCENT)     56

WEATHER CONDITIONS. NUMBER OF DAYS WITH
THUNDERSTORM         4           MIXED PRECIP           2
HEAVY RAIN           3           RAIN                   9
LIGHT RAIN           6           FREEZING RAIN          2
LT FREEZING RAIN     0           HAIL                   2
HEAVY SNOW           0           SNOW                   0
LIGHT SNOW           0           SLEET                  0
FOG                 17           FOG W/VIS <= 1/4 MILE  3
HAZE                 9

-  INDICATES NEGATIVE NUMBERS.
R  INDICATES RECORD WAS SET OR TIED.
MM INDICATES DATA IS MISSING.
T  INDICATES TRACE AMOUNT.

$$
