000
CXUS56 KTFX 310915
CF6SDY
30
PRELIMINARY LOCAL CLIMATOLOGICAL DATA (WS FORM: F-6)
STATION: SIDNEY APT MT
MONTH: July
YEAR: 2022
LATITUDE: 47.72 N
LONGITUDE: 104.18 W
TEMPERATURE IN F: :PCPN: SNOW: WIND :SUNSHINE: SKY :PK WND
================================================================================
1 2 3 4 5 6A 6B 7 8 9 10 11 12 13 14 15 16 17 18
12Z AVG MX 2MIN
DY MAX MIN AVG DEP HDD CDD WTR SNW DPTH SPD SPD DIR MIN PSBL S-S WX SPD DR
================================================================================
01 83 48 65 -5 0 0 0.00 M M 5.2 M M M M M 15 300
02 88 52 70 0 0 5 0.01 M M 8.2 M M M M M 35 210
03 81 57 69 -1 0 4 0.08 M M 9.6 M M M M M 39 110
04 78 60 69 -1 0 4 0.01 M M 5.7 M M M M M 21 320
05 82 63 72 1 0 7 0.02 M M 5.4 M M M M M 25 130
06 87 60 73 2 0 8 0.00 M M 3.9 M M M M M 17 360
07 79 66 72 1 0 7 0.07 M M 9.1 M M M M M 23 250
08 87 67 77 6 0 12 0.00 M M 8.6 M M M M M 21 140
09 88 63 75 4 0 10 0.57 M M 9.8 M M M M M 49 290
10 83 61 72 1 0 7 0.01 M M 13.3 M M M M M 44 310
11 81 58 69 -3 0 4 0.00 M M 9.6 M M M M M 22 320
12 83 55 69 -3 0 4 0.00 M M 4.6 M M M M M 13 70
13 88 56 72 0 0 7 0.00 M M 9.1 M M M M M 30 270
14 92 65 78 6 0 13 0.00 M M 4.9 M M M M M 18 170
15 94 60 77 5 0 12 0.00 M M 5.2 M M M M M 30 270
16 94 65 79 7 0 14 0.00 M M 5.6 M M M M M 18 260
17 100 60 80 7 0 15 0.00 M M 7.2 M M M M M 39 310
18 96 69 82 9 0 17 0.00 M M 9.2 M M M M M 35 320
19 84 57 70 -3 0 5 0.00 M M 14.9 M M M M M 43 310
20 85 58 71 -2 0 6 0.00 M M 9.5 M M M M M 25 20
21 89 52 70 -3 0 5 0.00 M M 5.9 M M M M M 18 10
22 99 55 77 4 0 12 0.00 M M 8.7 M M M M M 29 280
23 81 57 69 -4 0 4 0.00 M M 8.4 M M M M M 24 350
24 82 51 66 -7 0 1 0.00 M M 4.6 M M M M M 14 70
25 90 54 72 -1 0 7 0.13 M M 5.7 M M M M M 39 290
26 80 57 68 -6 0 3 0.00 M M 7.2 M M M M M 23 290
27 79 52 65 -9 0 0 0.00 M M 6.9 M M M M M 26 340
28 81 48 64 -10 1 0 0.00 M M 4.7 M M M M M 16 80
29 92 50 71 -3 0 6 0.00 M M 3.6 M M M M M 14 200
30 98 55 76 2 0 11 T M M 7.5 M M M M M 23 350
================================================================================
SM 2604 1731 1 210 0.9 221.8
================================================================================
AV 86.8 57.7 7.4 MAX(MPH)
49
[TEMPERATURE DATA] [PRECIPITATION DATA]
Average Monthly: 72.3 Total for Month: 0.9
Dptr fm Normal: -0.2 Dptr fm Normal: -1.57