000
CXUS52 KMLB 011823
CLASFB
CLIMATE REPORT
NATIONAL WEATHER SERVICE MELBOURNE FL
123 PM EST MON JAN 01 2024
...................................
...THE SANFORD CLIMATE SUMMARY FOR THE YEAR OF 2023...
CLIMATE NORMAL PERIOD 1991 TO 2020
CLIMATE RECORD PERIOD 1948 TO 2023
WEATHER OBSERVED NORMAL DEPART LAST YEAR`S
VALUE DATE(S) VALUE FROM VALUE
NORMAL
..............................................................
TEMPERATURE (F)
YEARLY RECORDS
WARMEST 75.1 2020
COOLEST 69.4 1988
DAILY RECORD
HIGH 103 07/01/1998
LOW 19 12/25/1989
12/24/1989
01/22/1985
2023 DATA
HIGHEST 100 08/11 97
LOWEST 33 01/15 28
AVG. MAXIMUM 84.5 83.1 1.4 83.6
AVG. MINIMUM 65.1 63.2 1.9 64.4
MEAN 74.8 73.2 1.6 74.0
DAYS MAX >= 90 115 115.4 -0.4 125
DAYS MAX <= 32 0 0.0 0.0 0
DAYS MIN <= 32 0 2.3 -2.3 3
DAYS MIN <= 0 0 0.0 0.0 0
PRECIPITATION (INCHES)
YEARLY RECORDS
MAXIMUM 74.06 1953
MINIMUM 30.75 2000
DAILY RECORD
MAXIMUM 10.17 11/25/1992
2023 DATA
TOTALS 51.50 49.63 1.87 62.92
DAYS >= .01 104 132.6 -28.6 121
DAYS >= .10 64 74.4 -10.4 71
DAYS >= .50 30 31.0 -1.0 35
DAYS >= 1.00 14 12.6 1.4 19
GREATEST
24 HR. TOTAL 6.43 11/16 TO 11/17
SNOWFALL (INCHES)
TOTALS 0.0 MM MM T
SINCE 7/1 0.0 MM MM MM
DAYS >= TRACE 0 1
DEGREE DAYS
HEATING TOTAL 312 557 -245 445
SINCE 7/1 134 187 -53 MM
COOLING TOTAL 3977 3554 423 3821
SINCE 1/1 3977 3556 421 MM
..............................................................
WIND (MPH)
AVERAGE WIND SPEED 7.4
HIGHEST WIND SPEED/DIRECTION 44/290 DATE 09/26
HIGHEST GUST SPEED/DIRECTION 66/290 DATE 09/26
SKY COVER
POSSIBLE SUNSHINE (PERCENT) MM
AVERAGE SKY COVER 0.27
NUMBER OF DAYS FAIR 260
NUMBER OF DAYS PC 85
NUMBER OF DAYS CLOUDY 20
AVERAGE RH (PERCENT) 72
WEATHER CONDITIONS. NUMBER OF DAYS WITH
THUNDERSTORM 102 MIXED PRECIP 0
HEAVY RAIN 58 RAIN 55
LIGHT RAIN 156 LT FREEZING RAIN 0
HAIL 1 LIGHT SNOW 0
SLEET 0 FOG 125
FOG W/VIS <= 1/4 MILE 11 HAZE 12
- INDICATES NEGATIVE NUMBERS.
R INDICATES RECORD WAS SET OR TIED.
MM INDICATES DATA IS MISSING.
T INDICATES TRACE AMOUNT.
$$