000
CXUS52 KMLB 011815
CLASFB

MLBCLMSFB 000
TTAA00 KMLB 011743


CLIMATE REPORT
NATIONAL WEATHER SERVICE MELBOURNE FL
115 PM EST WED JAN 1 2020

...................................

...THE SANFORD CLIMATE SUMMARY FOR THE YEAR OF 2019...

CLIMATE NORMAL PERIOD 1981 TO 2010
CLIMATE RECORD PERIOD 1948 TO 2019

WEATHER         OBSERVED          NORMAL  DEPART  LAST YEAR`S
                 VALUE   DATE(S)  VALUE   FROM    VALUE
                                          NORMAL
.............................................................
TEMPERATURE (F)
YEARLY RECORDS
 WARMEST         75.1   2015
 COOLEST         69.4   1988
DAILY RECORDS
 HIGH             103   07/01/1998
 LOW               19   12/25/1989
                        12/24/1989
                        01/22/1985
2019 DATA
HIGHEST            99   05/31                         96
LOWEST             34   01/21                         25
AVG. MAXIMUM     84.1              82.7     1.4     83.3
AVG. MINIMUM     65.2              62.8     2.4     64.1
MEAN             74.7              72.7     2.0     73.7
DAYS MAX >= 90    124             101.8    22.2      124
DAYS MAX <= 32      0               0.0     0.0        0
DAYS MIN <= 32      0               2.3    -2.3        3
DAYS MIN <= 0       0               0.0     0.0        0

PRECIPITATION (INCHES)
YEARLY RECORDS
 MAXIMUM        74.06   1953
 MINIMUM        30.75   2000
DAILY RECORD
 MAXIMUM         9.24   09/10/2017
2019 DATA
TOTALS          49.27             51.68   -2.41    48.44
DAILY AVG.       0.13              0.14   -0.01     0.13
DAYS >= .01       132                MM      MM      145
DAYS >= .10        82                MM      MM       87
DAYS >= .50        36                MM      MM       35
DAYS >= 1.00       14                MM      MM       11
GREATEST
 24 HR. TOTAL    2.16   06/19 TO 06/19
SNOWFALL (INCHES)
TOTALS            0.0                                0.0
SINCE 7/1         0.0                                0.0
DAYS >= TRACE       0                                  0
DAYS >= 1.0         0                                  0
GREATEST
 SNOW DEPTH         0                                  0
 24 HR TOTAL      0.0

DEGREE_DAYS
HEATING TOTAL     372               600    -228      581
 SINCE 7/1        115               202     -87      191
COOLING TOTAL    4005              3425     580     3847
 SINCE 1/1       4005              3424     581     3847
..............................................................

WIND (MPH)
AVERAGE WIND SPEED              7.3
HIGHEST WIND SPEED/DIRECTION    40/040    DATE  07/03
HIGHEST GUST SPEED/DIRECTION    68/090    DATE  07/28

SKY COVER
POSSIBLE SUNSHINE (PERCENT)   MM
AVERAGE SKY COVER           0.30
NUMBER OF DAYS FAIR          250
NUMBER OF DAYS PC             91
NUMBER OF DAYS CLOUDY         24

AVERAGE RH (PERCENT)     73

WEATHER CONDITIONS. NUMBER OF DAYS WITH
THUNDERSTORM             97     MIXED PRECIP                0
HEAVY RAIN               67     RAIN                       74
LIGHT RAIN              160     FREEZING RAIN               0
LT FREEZING RAIN          0     HAIL                        0
HEAVY SNOW                0     SNOW                        0
LIGHT SNOW                0     SLEET                       0
FOG                     146     FOG W/VIS <= 1/4 MILE      18
HAZE                     30


-  INDICATES NEGATIVE NUMBERS.
R  INDICATES RECORD WAS SET OR TIED.
MM INDICATES DATA IS MISSING.
T  INDICATES TRACE AMOUNT.

$$
