663
CXUS52 KMLB 011703
CLASFB

CLIMATE REPORT
NATIONAL WEATHER SERVICE MELBOURNE FL
1203 PM EST FRI JAN 01 2021

...................................

...THE SANFORD CLIMATE SUMMARY FOR THE YEAR OF 2020...

CLIMATE NORMAL PERIOD 1981 TO 2010
CLIMATE RECORD PERIOD 1948 TO 2020

WEATHER         OBSERVED          NORMAL  DEPART   LAST YEAR`S
                VALUE   DATE(S)   VALUE   FROM     VALUE
                                          NORMAL
..............................................................
TEMPERATURE (F)
YEARLY RECORD
 WARMEST        75.1   2015
 COOLEST        69.4   1988
DAILY RECORD
 HIGH            103   07/01/1998
 LOW              19   12/25/1989
                       12/24/1989
                       01/22/1985
2020 DATA
HIGHEST           99   06/30                          MM
LOWEST            34   12/26                          MM
AVG. MAXIMUM    84.5               82.7     1.8       MM
AVG. MINIMUM    65.7               62.8     2.9       MM
MEAN            75.1               72.7     2.4       MM
DAYS MAX >= 90   132              102.0    30.0       MM
DAYS MAX <= 32     0                0.0     0.0       MM
DAYS MIN <= 32     0                2.3    -2.3       MM
DAYS MIN <= 0      0                0.0     0.0       MM

PRECIPITATION (INCHES)
YEARLY RECORD
 MAXIMUM       74.06   1953
 MINIMUM       30.75   2000
DAILY RECORD
 MAXIMUM       10.17   11/25/1992
2020 DATA
TOTALS         40.33              51.68  -11.35       MM
DAYS >= .01      136                 MM      MM       MM
DAYS >= .10       84                 MM      MM       MM
DAYS >= .50       29                 MM      MM       MM
DAYS >= 1.00       7                 MM      MM       MM
GREATEST
 24 HR. TOTAL   2.57   09/19 TO 09/20

SNOWFALL (INCHES)
TOTALS           0.0                 MM      MM       MM
SINCE 7/1        0.0                 MM      MM       MM
DAYS >= TRACE      0                                  MM

DEGREE DAYS
HEATING TOTAL    435                600    -165       MM
 SINCE 7/1       192                202     -10       MM
COOLING TOTAL   4206               3425     781       MM
 SINCE 1/1      4206               3424     782       MM
..............................................................

WIND (MPH)
AVERAGE WIND SPEED              7.5
HIGHEST WIND SPEED/DIRECTION    46/280    DATE  08/21
HIGHEST GUST SPEED/DIRECTION    70/032    DATE  07/16

SKY COVER
POSSIBLE SUNSHINE (PERCENT)   MM
AVERAGE SKY COVER           0.30
NUMBER OF DAYS FAIR          240
NUMBER OF DAYS PC            104
NUMBER OF DAYS CLOUDY         22

AVERAGE RH (PERCENT)     69

WEATHER CONDITIONS. NUMBER OF DAYS WITH
THUNDERSTORM             99     MIXED PRECIP               0
HEAVY RAIN               71     RAIN                      71
LIGHT RAIN              164     LT FREEZING RAIN           0
HAIL                      0     LIGHT SNOW                 0
SLEET                     0     FOG                      123
FOG W/VIS <= 1/4 MILE    12     HAZE                      35

-  INDICATES NEGATIVE NUMBERS.
R  INDICATES RECORD WAS SET OR TIED.
MM INDICATES DATA IS MISSING.
T  INDICATES TRACE AMOUNT.

$$
