000
CXUS51 KBTV 010700
CF6SLK
PRELIMINARY LOCAL CLIMATOLOGICAL DATA (WS FORM: F-6)
STATION: SARANAC LAKE NY
MONTH: AUGUST
YEAR: 2021
LATITUDE: 44 23 N
LONGITUDE: 74 12 W
TEMPERATURE IN F: :PCPN: SNOW: WIND :SUNSHINE: SKY :PK WND
================================================================================
1 2 3 4 5 6A 6B 7 8 9 10 11 12 13 14 15 16 17 18
12Z AVG MX 2MIN
DY MAX MIN AVG DEP HDD CDD WTR SNW DPTH SPD SPD DIR MIN PSBL S-S WX SPD DR
================================================================================
1 59 50 55 -8 10 0 0.67 M M 1.9 9 180 M M 9 1 12 150
2 68 44 56 -7 9 0 0.01 M M 3.9 13 300 M M 6 1 19 310
3 74 40 57 -6 8 0 0.00 M M 5.4 16 240 M M 2 1 26 220
4 77 44 61 -2 4 0 0.00 M M 1.2 7 20 M M 4 128 9 30
5 78 45 62 -1 3 0 0.00 M M 2.3 9 50 M M 6 12 11 30
6 82 49 66 3 0 1 0.00 M M 3.8 16 220 M M 3 128 21 230
7 82 53 68 5 0 3 0.12 M M 4.5 17 220 M M 3 123 26 210
8 82 53 68 5 0 3 T M M 3.1 16 200 M M 6 123 20 200
9 84 59 72 9 0 7 0.00 M M 3.5 13 200 M M 4 12 21 260
10 85 54 70 7 0 5 0.81 M M 5.0 17 230 M M 3 1238 25 200
11 84 66 75 13 0 10 0.23 M M 4.9 15 200 M M 7 13 21 230
12 81 61 71 9 0 6 0.00 M M 7.4 17 210 M M 3 1 25 250
13 84 56 70 8 0 5 0.00 M M 5.2 18 200 M M 4 12 23 210
14 74 45 60 -2 5 0 0.13 M M 4.2 14 250 M M 5 13 23 280
15 71 40 56 -6 9 0 0.00 M M 1.9 12 30 M M 2 12 15 350
16 76 37 57 -5 8 0 0.00 M M 1.5 10 230 M M 2 12 13 240
17 71 48 60 -2 5 0 0.40 M M 1.9 10 210 M M 8 1 24 30
18 75 64 70 8 0 5 0.02 M M 3.2 13 210 M M 8 1 15 200
19 72 64 68 6 0 3 0.60 M M 5.4 14 30 M M 9 1 19 90
20 82 60 71 10 0 6 0.01 M M 1.1 8 20 M M 6 12 11 30
21 87 58 73 12 0 8 0.00 M M 2.7 15 130 M M 5 12 20 110
22 84 58 71 10 0 6 0.00 M M 5.1 16 50 M M 5 12 22 50
23 80 63 72 11 0 7 0.00 M M 3.2 10 40 M M 7 1 12 150
24 83 59 71 10 0 6 0.07 M M 3.5 12 250 M M 5 1 16 340
25 85 51 68 8 0 3 0.00 M M 2.6 12 240 M M 3 12 18 240
26 84 65 75 15 0 10 0.00 M M 4.5 15 220 M M 3 1 21 230
27 77 57 67 7 0 2 0.00 M M 5.2 15 60 M M 3 1 18 60
28 68 54 61 1 4 0 0.28 M M 3.5 9 60 M M 7 1 11 230
29 77 63 70 10 0 5 0.01 M M 8.8 17 210 M M 8 22 180
30 79 61 70 10 0 5 0.29 M M 7.3 16 250 M M 6 1 24 250
31 74 51 63 4 2 0 0.00 M M 5.1 15 230 M M 5 1 22 270
================================================================================
SM 2419 1672 67 106 3.65 M 122.8 M 157
================================================================================
AV 78.0 53.9 4.0 FASTST M M 5 MAX(MPH)
MISC ----> 18 200 # 26 220
================================================================================
NOTES:
# LAST OF SEVERAL OCCURRENCES
COLUMN 17 PEAK WIND IN M.P.H.
PRELIMINARY LOCAL CLIMATOLOGICAL DATA (WS FORM: F-6) , PAGE 2
STATION: SARANAC LAKE NY
MONTH: AUGUST
YEAR: 2021
LATITUDE: 44 23 N
LONGITUDE: 74 12 W
[TEMPERATURE DATA] [PRECIPITATION DATA] SYMBOLS USED IN COLUMN 16
AVERAGE MONTHLY: 66.0 TOTAL FOR MONTH: 3.65 1 = FOG OR MIST
DPTR FM NORMAL: 4.3 DPTR FM NORMAL: 0.09 2 = FOG REDUCING VISIBILITY
HIGHEST: 87 ON 21 GRTST 24HR 1.03 ON 10-11 TO 1/4 MILE OR LESS
LOWEST: 37 ON 16 3 = THUNDER
SNOW, ICE PELLETS, HAIL 4 = ICE PELLETS
TOTAL MONTH: M 5 = HAIL
GRTST 24HR M ON M 6 = FREEZING RAIN OR DRIZZLE
GRTST DEPTH: M ON M 7 = DUSTSTORM OR SANDSTORM:
VSBY 1/2 MILE OR LESS
8 = SMOKE OR HAZE
[NO. OF DAYS WITH] [WEATHER - DAYS WITH] 9 = BLOWING SNOW
X = TORNADO
MAX 32 OR BELOW: 0 0.01 INCH OR MORE: 14
MAX 90 OR ABOVE: 0 0.10 INCH OR MORE: 9
MIN 32 OR BELOW: 0 0.50 INCH OR MORE: 3
MIN 0 OR BELOW: 0 1.00 INCH OR MORE: 0
[HDD (BASE 65) ]
TOTAL THIS MO. 67 CLEAR (SCALE 0-3) 6
DPTR FM NORMAL -68 PTCLDY (SCALE 4-7) 23
TOTAL FM JUL 1 178 CLOUDY (SCALE 8-10) 2
DPTR FM NORMAL -47
[CDD (BASE 65) ]
TOTAL THIS MO. 106
DPTR FM NORMAL 74 [PRESSURE DATA]
TOTAL FM JAN 1 219 HIGHEST SLP M ON M
DPTR FM NORMAL 108 LOWEST SLP 29.75 ON 30
[REMARKS]
#FINAL-08-21#