000
CXUS51 KBTV 110240
CF6SLK
PRELIMINARY LOCAL CLIMATOLOGICAL DATA (WS FORM: F-6)
STATION: SARANAC LAKE NY
MONTH: JANUARY
YEAR: 2021
LATITUDE: 44 23 N
LONGITUDE: 74 12 W
TEMPERATURE IN F: :PCPN: SNOW: WIND :SUNSHINE: SKY :PK WND
================================================================================
1 2 3 4 5 6A 6B 7 8 9 10 11 12 13 14 15 16 17 18
12Z AVG MX 2MIN
DY MAX MIN AVG DEP HDD CDD WTR SNW DPTH SPD SPD DIR MIN PSBL S-S WX SPD DR
================================================================================
1 27 21 24 8 41 0 0.02 M M 4.3 10 60 M M 7 1 14 70
2 31 22 27 11 38 0 0.44 M M 5.2 13 60 M M 10 126 17 270
3 27 18 23 8 42 0 0.01 M M 2.7 10 220 M M 9 1 13 200
4 34 26 30 15 35 0 T M M 2.2 8 40 M M 10 1 10 50
5 30 20 25 10 40 0 0.02 M M 3.9 10 70 M M 10 1 11 70
6 23 19 21 6 44 0 T M M 2.9 9 320 M M 10 1 13 320
7 22 14 18 4 47 0 T M M 4.1 8 250 M M 10 13 320
8 21 -5 8 -6 57 0 T M M 1.8 8 250 M M 6 1 10 250
9 28 -7 11 -3 54 0 0.00 M M 1.2 9 360 M M 0 13 320
10 25 6 16 2 49 0 0.00 M M 3.1 12 230 M M 8 1 15 230
11 28 19 24 10 41 0 T M M 4.0 12 220 M M 10 1 13 210
12 28 24 26 12 39 0 0.03 M M 4.5 13 250 M M 10 1 18 260
13 28 24 26 12 39 0 0.01 M M 7.6 17 210 M M 10 1 22 210
14 32 27 30 17 35 0 0.00 M M 2.7 8 240 M M 10 1 11 230
15 36 23 30 17 35 0 0.00 M M 5.1 20 150 M M 6 12 26 140
16 35 29 32 19 33 0 0.36 M M 4.7 14 70 M M 10 12 21 290
17 30 24 27 14 38 0 0.05 M M 10.3 17 240 M M 10 1 25 250
18 24 15 20 7 45 0 T M M 6.5 14 240 M M 10 18 20 260
19 25 -1 12 -1 53 0 0.03 M M 2.9 14 250 M M 9 18 20 240
20 23 -9 7 -6 58 0 T M M 4.4 12 270 M M 8 18 19 290
21 27 -10 9 -4 56 0 0.06 M M 7.1 18 210 M M 9 1 22 220
22 28 12 20 7 45 0 0.05 M M 4.1 10 240 M M 10 18 14 320
23 12 0 6 -7 59 0 T M M 6.9 15 240 M M 8 18 20 250
24 11 -12 0 -13 65 0 0.00 M M 5.0 12 260 M M 3 18 18 270
25 21 -15 3 -10 62 0 T M M 2.5 8 220 M M 8 18 M M
26 26 2 14 1 51 0 0.03 M M 4.2 12 70 M M 7 1 14 70
27 22 17 20 7 45 0 0.02 M M 2.7 8 60 M M 10 1 11 310
28 17 -3 7 -6 58 0 T M M 5.2 13 250 M M 10 18 20 290
29 4 -8 -2 -15 67 0 0.00 M M 4.9 10 240 M M 9 8 19 290
30 8 -16 -4 -17 69 0 0.00 M M 4.0 9 240 M M 6 18 15 280
31 20 -22 -1 -14 66 0 T M M 2.3 9 60 M M 0 10 60
================================================================================
SM 753 254 1506 0 1.13 M 133.0 M 253
================================================================================
AV 24.3 8.2 4.3 FASTST M M 8 MAX(MPH)
MISC ----> 20 150 26 140
================================================================================
NOTES:
# LAST OF SEVERAL OCCURRENCES
COLUMN 17 PEAK WIND IN M.P.H.
PRELIMINARY LOCAL CLIMATOLOGICAL DATA (WS FORM: F-6) , PAGE 2
STATION: SARANAC LAKE NY
MONTH: JANUARY
YEAR: 2021
LATITUDE: 44 23 N
LONGITUDE: 74 12 W
[TEMPERATURE DATA] [PRECIPITATION DATA] SYMBOLS USED IN COLUMN 16
AVERAGE MONTHLY: 16.2 TOTAL FOR MONTH: 1.13 1 = FOG OR MIST
DPTR FM NORMAL: 2.6 DPTR FM NORMAL: -0.81 2 = FOG REDUCING VISIBILITY
HIGHEST: 36 ON 15 GRTST 24HR 0.71 ON 16-17 TO 1/4 MILE OR LESS
LOWEST: -22 ON 31 3 = THUNDER
SNOW, ICE PELLETS, HAIL 4 = ICE PELLETS
TOTAL MONTH: M 5 = HAIL
GRTST 24HR M ON M 6 = FREEZING RAIN OR DRIZZLE
GRTST DEPTH: M ON M 7 = DUSTSTORM OR SANDSTORM:
VSBY 1/2 MILE OR LESS
8 = SMOKE OR HAZE
[NO. OF DAYS WITH] [WEATHER - DAYS WITH] 9 = BLOWING SNOW
X = TORNADO
MAX 32 OR BELOW: 28 0.01 INCH OR MORE: 13
MAX 90 OR ABOVE: 0 0.10 INCH OR MORE: 2
MIN 32 OR BELOW: 31 0.50 INCH OR MORE: 0
MIN 0 OR BELOW: 12 1.00 INCH OR MORE: 0
[HDD (BASE 65) ]
TOTAL THIS MO. 1506 CLEAR (SCALE 0-3) 2
DPTR FM NORMAL -87 PTCLDY (SCALE 4-7) 9
TOTAL FM JUL 1 4841 CLOUDY (SCALE 8-10) 20
DPTR FM NORMAL -341
[CDD (BASE 65) ]
TOTAL THIS MO. 0
DPTR FM NORMAL 0 [PRESSURE DATA]
TOTAL FM JAN 1 0 HIGHEST SLP 30.51 ON 1
DPTR FM NORMAL 0 LOWEST SLP 29.19 ON 17
[REMARKS]
#FINAL-01-21#