000
CDAK48 PAFC 110041
CLISNP

CLIMATE REPORT
NATIONAL WEATHER SERVICE ANCHORAGE, AK
441 PM AKDT MON MAY 10 2021

...................................

...THE SAINT PAUL ISLAND CLIMATE SUMMARY FOR MAY 10 2021...
VALID TODAY AS OF 0400 PM LOCAL TIME.

CLIMATE NORMAL PERIOD: 1991 TO 2020
CLIMATE RECORD PERIOD: 1892 TO 2021


WEATHER ITEM   OBSERVED TIME   RECORD YEAR NORMAL DEPARTURE LAST
                VALUE   (LST)  VALUE       VALUE  FROM      YEAR
                                                  NORMAL
...................................................................
TEMPERATURE (F)
 TODAY
  MAXIMUM         MM        MM  48    1996  39     MM       44
  MINIMUM         MM        MM  18    1973  32     MM       29
  AVERAGE         MM                        35     MM       37

PRECIPITATION (IN)
  TODAY            0.00          0.28 1960   0.03  -0.03     0.00
  MONTH TO DATE    0.24                      0.31  -0.07     0.00
  SINCE MAR 1      4.08                      2.64   1.44     0.67
  SINCE JAN 1      7.87                      5.68   2.19     4.10

DEGREE DAYS
 HEATING
  TODAY           MM                        30     MM       28
  MONTH TO DATE   99                       304   -205      291
  SINCE MAR 1   2001                      2592   -591     1843
  SINCE JUL 1   7575                      9381  -1806     7414

 COOLING
  TODAY           MM                         0     MM        0
  MONTH TO DATE    0                         0      0        0
  SINCE MAR 1      0                         0      0        0
  SINCE JAN 1      0                         0      0        0
...................................................................


WIND (MPH)
  RESULTANT WIND SPEED  MM   RESULTANT WIND DIRECTION  MM
  HIGHEST WIND SPEED    MM   HIGHEST WIND DIRECTION    MM
  HIGHEST GUST SPEED    MM   HIGHEST GUST DIRECTION    MM
  AVERAGE WIND SPEED    MM


SKY COVER
  AVERAGE SKY COVER  MM


WEATHER CONDITIONS
THE FOLLOWING WEATHER WAS RECORDED TODAY.
  NO SIGNIFICANT WEATHER WAS OBSERVED.


RELATIVE HUMIDITY (PERCENT)
 HIGHEST    MM
 LOWEST     MM
 AVERAGE    MM

..........................................................


THE SAINT PAUL ISLAND CLIMATE NORMALS FOR TOMORROW
                         NORMAL    RECORD    YEAR
 MAXIMUM TEMPERATURE (F)   40        47      1979
                                             1981
                                             2014
 MINIMUM TEMPERATURE (F)   32        22      1971


SUNRISE AND SUNSET
MAY 10 2021...........SUNRISE   7:11 AM AKDT  SUNSET  11:25 PM AKDT
MAY 11 2021...........SUNRISE   7:09 AM AKDT  SUNSET  11:27 PM AKDT


-  INDICATES NEGATIVE NUMBERS.
R  INDICATES RECORD WAS SET OR TIED.
MM INDICATES DATA IS MISSING.
T  INDICATES TRACE AMOUNT.




$$
