540
CXUS56 KPQR 011200
CF6SPB
PRELIMINARY LOCAL CLIMATOLOGICAL DATA (WS FORM: F-6)
STATION: SCAPPOOSE OR
MONTH: JUNE
YEAR: 2020
LATITUDE: 45 46 N
LONGITUDE: 122 50 W
TEMPERATURE IN F: :PCPN: SNOW: WIND :SUNSHINE: SKY :PK WND
================================================================================
1 2 3 4 5 6A 6B 7 8 9 10 11 12 13 14 15 16 17 18
12Z AVG MX 2MIN
DY MAX MIN AVG DEP HDD CDD WTR SNW DPTH SPD SPD DIR MIN PSBL S-S WX SPD DR
================================================================================
1 71 43 57 -1 8 0 0.00 M M 6.0 16 360 M M 1 21 10
2 75 44 60 1 5 0 0.00 M M 4.4 17 10 M M 1 24 10
3 74 50 62 3 3 0 0.00 M M 9.1 20 360 M M 3 25 10
4 71 53 62 3 3 0 0.00 M M 7.6 16 360 M M 5 21 310
5 69 51 60 1 5 0 T M M 5.7 14 340 M M 2 19 350
6 59 47 53 -6 12 0 0.69 M M 3.4 14 220 M M 10 1 20 180
7 62 47 55 -4 10 0 0.07 M M 4.2 17 270 M M 9 1 25 260
8 65 50 58 -1 7 0 0.17 M M 3.9 15 220 M M 9 1 21 240
9 65 50 58 -2 7 0 0.29 M M 6.6 13 170 M M 10 1 20 150
10 78 59 69 9 0 4 0.02 M M 5.2 15 230 M M 8 1 20 220
11 76 56 66 6 0 1 0.03 M M 3.1 10 60 M M 5 13 60
12 60 53 57 -3 8 0 0.12 M M 4.0 10 340 M M 8 13 360
13 60 49 55 -5 10 0 0.27 M M 3.6 13 230 M M 9 1 15 190
14 67 46 57 -3 8 0 0.11 M M 3.7 13 150 M M 8 1 18 140
15 64 51 58 -2 7 0 0.41 M M 4.3 13 270 M M 9 1 18 270
16 66 51 59 -2 6 0 0.34 M M 2.9 9 330 M M 9 1 13 320
17 73 46 60 -1 5 0 0.00 M M 4.6 10 350 M M 5 14 290
18 80 52 66 5 0 1 0.00 M M 7.3 16 360 M M 0 21 360
19 84 52 68 7 0 3 0.00 M M 2.8 12 320 M M 1 20 320
20 69 59 64 3 1 0 0.11 M M 3.5 14 140 M M 8 18 16 140
21 73 57 65 3 0 0 0.00 M M 3.5 13 330 M M 7 17 320
22 86 53 70 8 0 5 0.00 M M 6.6 15 360 M M 0 20 340
23 92 65 79 17 0 14 0.00 M M 7.3 17 360 M M 0 22 360
24 79 58 69 7 0 4 0.00 M M 6.2 14 320 M M 3 20 310
25 84 58 71 9 0 6 0.00 M M 10.0 17 340 M M 4 24 360
26 87 56 72 9 0 7 0.00 M M 5.0 14 320 M M 1 22 320
27 68 54 61 -2 4 0 0.00 M M 6.4 16 280 M M 7 23 290
28 71 54 63 0 2 0 T M M 5.3 14 300 M M 8 22 290
29 74 51 63 0 2 0 T M M 4.8 14 310 M M 8 20 300
30 69 56 63 -1 2 0 0.01 M M 5.2 18 280 M M 10 1 26 260
================================================================================
SM 2171 1571 115 45 2.64 M 156.2 M 168
================================================================================
AV 72.4 52.4 5.2 FASTST M M 6 MAX(MPH)
MISC ----> # 20 360 # 26 260
================================================================================
NOTES:
# LAST OF SEVERAL OCCURRENCES
COLUMN 17 PEAK WIND IN M.P.H.
PRELIMINARY LOCAL CLIMATOLOGICAL DATA (WS FORM: F-6) , PAGE 2
STATION: SCAPPOOSE OR
MONTH: JUNE
YEAR: 2020
LATITUDE: 45 46 N
LONGITUDE: 122 50 W
[TEMPERATURE DATA] [PRECIPITATION DATA] SYMBOLS USED IN COLUMN 16
AVERAGE MONTHLY: 62.4 TOTAL FOR MONTH: 2.64 1 = FOG OR MIST
DPTR FM NORMAL: 1.7 DPTR FM NORMAL: 0.90 2 = FOG REDUCING VISIBILITY
HIGHEST: 92 ON 23 GRTST 24HR 0.69 ON 6- 6 TO 1/4 MILE OR LESS
LOWEST: 43 ON 1 3 = THUNDER
SNOW, ICE PELLETS, HAIL 4 = ICE PELLETS
TOTAL MONTH: M 5 = HAIL
GRTST 24HR M ON M 6 = FREEZING RAIN OR DRIZZLE
GRTST DEPTH: M ON M 7 = DUSTSTORM OR SANDSTORM:
VSBY 1/2 MILE OR LESS
8 = SMOKE OR HAZE
[NO. OF DAYS WITH] [WEATHER - DAYS WITH] 9 = BLOWING SNOW
X = TORNADO
MAX 32 OR BELOW: 0 0.01 INCH OR MORE: 13
MAX 90 OR ABOVE: 1 0.10 INCH OR MORE: 9
MIN 32 OR BELOW: 0 0.50 INCH OR MORE: 1
MIN 0 OR BELOW: 0 1.00 INCH OR MORE: 0
[HDD (BASE 65) ]
TOTAL THIS MO. 115 CLEAR (SCALE 0-3) 10
DPTR FM NORMAL -37 PTCLDY (SCALE 4-7) 10
TOTAL FM JUL 1 4577 CLOUDY (SCALE 8-10) 10
DPTR FM NORMAL -355
[CDD (BASE 65) ]
TOTAL THIS MO. 45
DPTR FM NORMAL 22 [PRESSURE DATA]
TOTAL FM JAN 1 65 HIGHEST SLP 30.30 ON 17
DPTR FM NORMAL 36 LOWEST SLP 29.71 ON 5
[REMARKS]
#FINAL-06-20#