000
CXUS53 KFSD 030348
CF6SUX
PRELIMINARY LOCAL CLIMATOLOGICAL DATA (WS FORM: F-6)
STATION: SIOUX CITY IA
MONTH: JULY
YEAR: 2023
LATITUDE: 42 24 N
LONGITUDE: 96 23 W
TEMPERATURE IN F: :PCPN: SNOW: WIND :SUNSHINE: SKY :PK WND
================================================================================
1 2 3 4 5 6A 6B 7 8 9 10 11 12 13 14 15 16 17 18
12Z AVG MX 2MIN
DY MAX MIN AVG DEP HDD CDD WTR SNW DPTH SPD SPD DIR MIN PSBL S-S WX SPD DR
================================================================================
1 83 64 74 0 0 9 0.00 0.0 0 6.3 17 350 M M 4 13 21 50
2 90 59 75 1 0 10 0.00 0.0 0 5.5 10 300 M M 0 1 16 270
3 96 63 80 6 0 15 0.00 0.0 0 6.5 16 250 M M 0 1 26 200
4 88 67 78 4 0 13 1.16 0.0 0 9.6 38 330 M M 3 13 49 330
5 77 55 66 -8 0 1 0.00 0.0 0 11.4 18 330 M M 4 1 24 330
6 78 49 64 -10 1 0 0.00 0.0 0 4.9 12 330 M M 0 15 330
7 61 54 58 -16 7 0 0.66 0.0 0 7.5 24 120 M M 7 1 30 110
8 80 49 65 -9 0 0 0.00 0.0 0 4.6 13 320 M M 4 12 18 330
9 84 48 66 -8 0 1 0.00 0.0 0 5.1 14 240 M M 0 1 18 240
10 90 60 75 1 0 10 T 0.0 0 8.3 24 210 M M 2 3 32 210
11 83 63 73 -1 0 8 T 0.0 0 8.7 16 60 M M 1 1 23 110
12 81 59 70 -4 0 5 0.70 0.0 0 7.3 45 320 M M 2 13 59 320
13 88 60 74 0 0 9 0.00 0.0 0 5.4 17 230 M M 1 12 21 240
14 82 63 73 -1 0 8 0.01 0.0 0 5.8 21 300 M M 2 32 300
15 84 59 72 -2 0 7 0.00 0.0 0 5.7 13 280 M M 2 8 18 270
16 82 57 70 -4 0 5 T 0.0 0 4.0 12 270 M M 5 8 15 270
17 77 56 67 -7 0 2 0.01 0.0 0 5.2 14 350 M M 3 138 18 350
18 81 56 69 -5 0 4 T 0.0 0 7.3 15 120 M M 0 21 130
19 85 62 74 0 0 9 T 0.0 0 5.8 25 200 M M 1 36 180
20 82 61 72 -2 0 7 0.00 0.0 0 9.2 18 330 M M 2 25 340
21 84 55 70 -4 0 5 0.10 0.0 0 3.7 15 340 M M 2 13 19 340
22 89 58 74 0 0 9 0.00 0.0 0 3.5 9 300 M M 0 1 14 330
23 90 58 74 0 0 9 0.00 0.0 0 5.1 13 80 M M 0 12 17 100
24 89 64 77 3 0 12 0.13 0.0 0 8.3 21 270 M M 1 13 28 270
25 89 69 79 5 0 14 T 0.0 0 8.7 20 150 M M 1 27 160
26 99 71 85 11 0 20 0.00 0.0 0 5.8 15 50 M M 1 1 21 50
27 95 72 84 10 0 19 T 0.0 0 10.4 18 150 M M 1 13 25 160
28 97 74 86 12 0 21 0.00 0.0 0 8.2 18 350 M M 1 1 25 350
29 91 67 79 5 0 14 0.00 0.0 0 7.7 14 40 M M 0 19 70
30 88 64 76 2 0 11 0.03 0.0 0 6.6 18 170 M M 2 3 25 180
31 88 67 78 4 0 13 0.14 0.0 0 6.5 14 90 M M 4 13 19 150
================================================================================
SM 2651 1883 8 270 2.94 0.0 208.6 M 56
================================================================================
AV 85.5 60.7 6.7 FASTST M M 2 MAX(MPH)
MISC ----> 45 320 59 320
================================================================================
NOTES:
# LAST OF SEVERAL OCCURRENCES
-COLUMN 17 PEAK WIND IN M.P.H.
-PRECIPITATION AMOUNTS IN COLUMNS 7,8 AND 9 ARE THE OFFICIAL
PRECIPITATION AMOUNTS FOR SIOUX CITY, IA.
-SNOW DEPTH IN COLUMN 9 IS RECORDED AT 6 AM CST (12Z).
PRELIMINARY LOCAL CLIMATOLOGICAL DATA (WS FORM: F-6) , PAGE 2
STATION: SIOUX CITY IA
MONTH: JULY
YEAR: 2023
LATITUDE: 42 24 N
LONGITUDE: 96 23 W
[TEMPERATURE DATA] [PRECIPITATION DATA] SYMBOLS USED IN COLUMN 16
AVERAGE MONTHLY: 73.1 TOTAL FOR MONTH: 2.94 1 = FOG OR MIST
DPTR FM NORMAL: -1.1 DPTR FM NORMAL: -0.41 2 = FOG REDUCING VISIBILITY
HIGHEST: 99 ON 26 GRTST 24HR 1.16 ON 4- 4 TO 1/4 MILE OR LESS
LOWEST: 48 ON 9 3 = THUNDER
SNOW, ICE PELLETS, HAIL 4 = ICE PELLETS
TOTAL MONTH: 0.0 INCH 5 = HAIL
GRTST 24HR 0.0 6 = FREEZING RAIN OR DRIZZLE
GRTST DEPTH: 0 7 = DUSTSTORM OR SANDSTORM:
VSBY 1/2 MILE OR LESS
8 = SMOKE OR HAZE
[NO. OF DAYS WITH] [WEATHER - DAYS WITH] 9 = BLOWING SNOW
X = TORNADO
MAX 32 OR BELOW: 0 0.01 INCH OR MORE: 9
MAX 90 OR ABOVE: 8 0.10 INCH OR MORE: 6
MIN 32 OR BELOW: 0 0.50 INCH OR MORE: 3
MIN 0 OR BELOW: 0 1.00 INCH OR MORE: 1
[HDD (BASE 65) ]
TOTAL THIS MO. 8 CLEAR (SCALE 0-3) 23
DPTR FM NORMAL 4 PTCLDY (SCALE 4-7) 8
TOTAL FM JUL 1 8 CLOUDY (SCALE 8-10) 0
DPTR FM NORMAL 8
[CDD (BASE 65) ]
TOTAL THIS MO. 270
DPTR FM NORMAL -19 [PRESSURE DATA]
TOTAL FM JAN 1 631 HIGHEST SLP 30.19 ON 6
DPTR FM NORMAL 82 LOWEST SLP 29.66 ON 12
[REMARKS]
RECORD LOW DAILY MINIMUM TEMPERATURE WAS ESTABLISHED ON THE 6TH WITH 49
DEGREES. THE PREVIOUS RECORD WAS 50 IN 1997.
RECORD LOW DAILY MAXIMUM TEMPERATURE WAS ESTABLISHED ON THE 7TH WITH 61
DEGREES. THE PREVIOUS RECORD WAS 64 IN 1891.
#FINAL-07-23#