000
CDUS44 KBMX 022222
CLITCL

CLIMATE REPORT
NATIONAL WEATHER SERVICE BIRMINGHAM AL
422 PM CST THU DEC 02 2021

...................................

...THE TUSCALOOSA CLIMATE SUMMARY FOR DECEMBER 2 2021...
VALID AS OF 0400 PM LOCAL TIME.

CLIMATE NORMAL PERIOD 1991 TO 2020
CLIMATE RECORD PERIOD 1948 TO 2021


WEATHER ITEM   OBSERVED TIME   RECORD YEAR NORMAL DEPARTURE LAST
                VALUE   (LST)  VALUE       VALUE  FROM      YEAR
                                                  NORMAL
...................................................................
TEMPERATURE (F)
 TODAY
  MAXIMUM         75    259 PM  80    1982  61     14       57
  MINIMUM         44    709 AM  21    1960  40      4       24
  AVERAGE         60                        50     10       41

PRECIPITATION (IN)
  TODAY            0.00          1.80 1991   0.15  -0.15     0.00
  MONTH TO DATE    0.00                      0.30  -0.30     0.00
  SINCE DEC 1      0.00                      0.30  -0.30     0.00
  SINCE JAN 1     63.48                     48.76  14.72    61.51

SNOWFALL (IN)
  TODAY            0.0                      MM     MM
  MONTH TO DATE    0.0                       0.0    0.0
  SINCE DEC 1      0.0                       0.0    0.0
  SINCE JUL 1      0.0                      MM     MM
  SNOW DEPTH       0

DEGREE DAYS
 HEATING
  TODAY            5                        15    -10       24
  MONTH TO DATE   15                        30    -15       51
  SINCE DEC 1     15                        30    -15       51
  SINCE JUL 1    451                       473    -22      332
...................................................................


WIND (MPH)
  HIGHEST WIND SPEED    10   HIGHEST WIND DIRECTION    NW (300)
  HIGHEST GUST SPEED    13   HIGHEST GUST DIRECTION     W (250)
  AVERAGE WIND SPEED     2.6


SKY COVER
  AVERAGE SKY COVER 0.2


WEATHER CONDITIONS
THE FOLLOWING WEATHER WAS RECORDED TODAY.
  NO SIGNIFICANT WEATHER WAS OBSERVED.


RELATIVE HUMIDITY (PERCENT)
 HIGHEST    97           700 AM
 LOWEST     48           300 PM
 AVERAGE    73

..........................................................


THE TUSCALOOSA CLIMATE NORMALS FOR TOMORROW
                         NORMAL    RECORD    YEAR
 MAXIMUM TEMPERATURE (F)   61        82      1978
 MINIMUM TEMPERATURE (F)   40        20      1960


SUNRISE AND SUNSET
DECEMBER  2 2021......SUNRISE   637 AM CST   SUNSET   443 PM CST
DECEMBER  3 2021......SUNRISE   638 AM CST   SUNSET   443 PM CST


-  INDICATES NEGATIVE NUMBERS.
R  INDICATES RECORD WAS SET OR TIED.
MM INDICATES DATA IS MISSING.
T  INDICATES TRACE AMOUNT.




$$
