000
CDUS41 KPHI 200557
CLITTN

CLIMATE REPORT
NATIONAL WEATHER SERVICE MOUNT HOLLY NJ
157 AM EDT WED OCT 20 2021

...................................

...THE TRENTON NJ CLIMATE SUMMARY FOR OCTOBER 19 2021...

CLIMATE NORMAL PERIOD: 1991 TO 2020
CLIMATE RECORD PERIOD: 1865 TO 2021


WEATHER ITEM   OBSERVED TIME   RECORD YEAR NORMAL DEPARTURE LAST
                VALUE   (LST)  VALUE       VALUE  FROM      YEAR
                                                  NORMAL
...................................................................
TEMPERATURE (F)
 YESTERDAY
  MAXIMUM         68   4:07 PM  86    2016  64      4       68
  MINIMUM         43   2:14 AM  27    2015  45     -2       45
  AVERAGE         56                        54      2       57

PRECIPITATION (IN)
  YESTERDAY        0.00          3.78 1996   0.13  -0.13     0.00
  MONTH TO DATE    0.30                      2.37  -2.07     2.19
  SINCE SEP 1      8.09                      6.46   1.63     8.15
  SINCE JAN 1     37.05                     36.83   0.22    32.72

DEGREE DAYS
 HEATING
  YESTERDAY        9                        11     -2        8
  MONTH TO DATE   52                       146    -94      150
  SINCE SEP 1     70                       197   -127      217
  SINCE JUL 1     70                       199   -129      217

 COOLING
  YESTERDAY        0                         0      0        0
  MONTH TO DATE   23                        14      9        0
  SINCE SEP 1    146                       137      9      114
  SINCE JAN 1   1146                      1048     98     1186
...................................................................


WIND (MPH)
  HIGHEST WIND SPEED    17   HIGHEST WIND DIRECTION     W (280)
  HIGHEST GUST SPEED    24   HIGHEST GUST DIRECTION     W (290)
  AVERAGE WIND SPEED     7.5


SKY COVER
  POSSIBLE SUNSHINE  MM
  AVERAGE SKY COVER 0.0


WEATHER CONDITIONS
THE FOLLOWING WEATHER WAS RECORDED YESTERDAY.
  NO SIGNIFICANT WEATHER WAS OBSERVED.


RELATIVE HUMIDITY (PERCENT)
 HIGHEST    79           1:00 AM
 LOWEST     35           2:00 PM
 AVERAGE    57

..........................................................


THE TRENTON NJ CLIMATE NORMALS FOR TODAY
                         NORMAL    RECORD    YEAR
 MAXIMUM TEMPERATURE (F)   64        80      1969
 MINIMUM TEMPERATURE (F)   44        26      1992


SUNRISE AND SUNSET
OCTOBER 20 2021.......SUNRISE   7:16 AM EDT   SUNSET   6:12 PM EDT
OCTOBER 21 2021.......SUNRISE   7:17 AM EDT   SUNSET   6:10 PM EDT


-  INDICATES NEGATIVE NUMBERS.
R  INDICATES RECORD WAS SET OR TIED.
MM INDICATES DATA IS MISSING.
T  INDICATES TRACE AMOUNT.




$$
