000
CDUS41 KPHI 270554
CLITTN


CLIMATE REPORT
NATIONAL WEATHER SERVICE MOUNT HOLLY NJ
1254 AM EST MON JAN 27 2020

...................................

...THE TRENTON NJ CLIMATE SUMMARY FOR JANUARY 26 2020...

CLIMATE NORMAL PERIOD: 1981 TO 2010
CLIMATE RECORD PERIOD: 1865 TO 2020


WEATHER ITEM   OBSERVED TIME   RECORD YEAR NORMAL DEPARTURE LAST
                VALUE   (LST)  VALUE       VALUE  FROM      YEAR
                                                  NORMAL
...................................................................
TEMPERATURE (F)
 YESTERDAY
  MAXIMUM         46   1:48 PM  72    1950  39      7       35
  MINIMUM         33   7:49 AM   1    1905  24      9       17
  AVERAGE         40                        31      9       26

PRECIPITATION (IN)
  YESTERDAY        0.00          1.62 2011   0.11  -0.11     0.00
  MONTH TO DATE    2.03                      2.67  -0.64     3.43
  SINCE DEC 1      7.11                      6.37   0.74     8.71
  SINCE JAN 1      2.03                      2.67  -0.64     3.43

DEGREE DAYS
 HEATING
  YESTERDAY       25                        34     -9       39
  MONTH TO DATE  716                       883   -167      819
  SINCE DEC 1   1599                      1802   -203     1615
  SINCE JUL 1   2569                      2778   -209     2600

 COOLING
  YESTERDAY        0                         0      0        0
  MONTH TO DATE    0                         0      0        0
  SINCE DEC 1      0                         0      0        0
  SINCE JAN 1      0                         0      0        0
...................................................................


WIND (MPH)
  HIGHEST WIND SPEED    15   HIGHEST WIND DIRECTION     W (260)
  HIGHEST GUST SPEED    22   HIGHEST GUST DIRECTION     W (250)
  AVERAGE WIND SPEED     6.7


SKY COVER
  POSSIBLE SUNSHINE  MM
  AVERAGE SKY COVER 0.5


WEATHER CONDITIONS
THE FOLLOWING WEATHER WAS RECORDED YESTERDAY.
  NO SIGNIFICANT WEATHER WAS OBSERVED.


RELATIVE HUMIDITY (PERCENT)
 HIGHEST    89          12:00 AM
 LOWEST     53           3:00 PM
 AVERAGE    71

..........................................................


THE TRENTON NJ CLIMATE NORMALS FOR TODAY
                         NORMAL    RECORD    YEAR
 MAXIMUM TEMPERATURE (F)   39        68      1916
                                             1974
 MINIMUM TEMPERATURE (F)   24         2      1927
                                             1935


SUNRISE AND SUNSET
JANUARY 27 2020.......SUNRISE   7:13 AM EST   SUNSET   5:11 PM EST
JANUARY 28 2020.......SUNRISE   7:12 AM EST   SUNSET   5:12 PM EST


-  INDICATES NEGATIVE NUMBERS.
R  INDICATES RECORD WAS SET OR TIED.
MM INDICATES DATA IS MISSING.
T  INDICATES TRACE AMOUNT.




$$
