943
CDUS41 KPHI 180551
CLITTN


CLIMATE REPORT
NATIONAL WEATHER SERVICE MOUNT HOLLY NJ
151 AM EDT SAT AUG 18 2018


...................................

...THE TRENTON NJ CLIMATE SUMMARY FOR AUGUST 17 2018...

CLIMATE NORMAL PERIOD 1981 TO 2010
CLIMATE RECORD PERIOD 1865 TO 2018


WEATHER ITEM   OBSERVED TIME   RECORD YEAR NORMAL DEPARTURE LAST
                VALUE   (LST)  VALUE       VALUE  FROM      YEAR
                                                  NORMAL
..................................................................
TEMPERATURE (F)
 YESTERDAY
  MAXIMUM         93    321 PM  96    2002  84      9       88
  MINIMUM         73    553 AM  52    1979  64      9       66
                                      1902
  AVERAGE         83                        74      9       77

PRECIPITATION (IN)
  YESTERDAY        T             1.94 1928   0.13  -0.13     0.00
  MONTH TO DATE    2.81                      2.37   0.44     1.95
  SINCE JUN 1     13.67                     11.73   1.94    12.27
  SINCE JAN 1     37.78                     29.25   8.53    30.03

DEGREE DAYS
 HEATING
  YESTERDAY        0                         0      0        0
  MONTH TO DATE    0                         0      0        0
  SINCE JUN 1     11                        24    -13       25
  SINCE JUL 1      0                         0      0        0

 COOLING
  YESTERDAY       18                         9      9       12
  MONTH TO DATE  253                       167     86      149
  SINCE JUN 1    863                       687    176      739
  SINCE JAN 1    980                       744    236      822
..................................................................


WIND (MPH)
  HIGHEST WIND SPEED    18   HIGHEST WIND DIRECTION    SW (210)
  HIGHEST GUST SPEED    23   HIGHEST GUST DIRECTION     S (200)
  AVERAGE WIND SPEED     6.1


SKY COVER
  POSSIBLE SUNSHINE  MM
  AVERAGE SKY COVER 0.1


WEATHER CONDITIONS
 THE FOLLOWING WEATHER WAS RECORDED YESTERDAY.
  THUNDERSTORM
  LIGHT RAIN
  FOG
  HAZE


RELATIVE HUMIDITY (PERCENT)
 HIGHEST    93           500 AM
 LOWEST     56           200 PM
 AVERAGE    75

..........................................................


THE TRENTON NJ CLIMATE NORMALS FOR TODAY
                         NORMAL    RECORD    YEAR
 MAXIMUM TEMPERATURE (F)   84        96      2002
 MINIMUM TEMPERATURE (F)   64        53      1915


SUNRISE AND SUNSET
AUGUST 18 2018........SUNRISE   613 AM EDT   SUNSET   752 PM EDT
AUGUST 19 2018........SUNRISE   614 AM EDT   SUNSET   751 PM EDT


-  INDICATES NEGATIVE NUMBERS.
R  INDICATES RECORD WAS SET OR TIED.
MM INDICATES DATA IS MISSING.
T  INDICATES TRACE AMOUNT.




$$
