000
CDUS41 KPHI 280555
CLITTN

CLIMATE REPORT
NATIONAL WEATHER SERVICE MOUNT HOLLY NJ
155 AM EDT WED OCT 28 2020

...................................

...THE TRENTON NJ CLIMATE SUMMARY FOR OCTOBER 27 2020...

CLIMATE NORMAL PERIOD: 1981 TO 2010
CLIMATE RECORD PERIOD: 1865 TO 2020


WEATHER ITEM   OBSERVED TIME   RECORD YEAR NORMAL DEPARTURE LAST
                VALUE   (LST)  VALUE       VALUE  FROM      YEAR
                                                  NORMAL
...................................................................
TEMPERATURE (F)
 YESTERDAY
  MAXIMUM         60   1:50 PM  83    1963  62     -2       73
  MINIMUM         53  11:18 PM  22    1987  41     12       53
  AVERAGE         57                        51      6       63

PRECIPITATION (IN)
  YESTERDAY        T             2.43 1987   0.13  -0.13     1.13
  MONTH TO DATE    2.32                      3.69  -1.37     4.34
  SINCE SEP 1      8.28                      7.96   0.32     6.51
  SINCE JAN 1     32.63                     38.94  -6.31    44.76

DEGREE DAYS
 HEATING
  YESTERDAY        8                        14     -6        2
  MONTH TO DATE  196                       274    -78      212
  SINCE SEP 1    263                       336    -73      230
  SINCE JUL 1    263                       339    -76      230

 COOLING
  YESTERDAY        0                         0      0        0
  MONTH TO DATE    4                         7     -3       26
  SINCE SEP 1    118                       106     12      170
  SINCE JAN 1   1190                       962    228     1163
...................................................................


WIND (MPH)
  HIGHEST WIND SPEED    12   HIGHEST WIND DIRECTION     N (350)
  HIGHEST GUST SPEED    16   HIGHEST GUST DIRECTION     N (350)
  AVERAGE WIND SPEED     3.9


SKY COVER
  POSSIBLE SUNSHINE  MM
  AVERAGE SKY COVER 0.7


WEATHER CONDITIONS
THE FOLLOWING WEATHER WAS RECORDED YESTERDAY.
  LIGHT RAIN
  FOG
  FOG W/VISIBILITY <= 1/4 MILE


RELATIVE HUMIDITY (PERCENT)
 HIGHEST   100          12:00 AM
 LOWEST     60           2:00 PM
 AVERAGE    80

..........................................................


THE TRENTON NJ CLIMATE NORMALS FOR TODAY
                         NORMAL    RECORD    YEAR
 MAXIMUM TEMPERATURE (F)   61        82      1919
 MINIMUM TEMPERATURE (F)   41        28      1936
                                             1976
                                             1992


SUNRISE AND SUNSET
OCTOBER 28 2020.......SUNRISE   7:25 AM EDT   SUNSET   6:01 PM EDT
OCTOBER 29 2020.......SUNRISE   7:26 AM EDT   SUNSET   5:59 PM EDT


-  INDICATES NEGATIVE NUMBERS.
R  INDICATES RECORD WAS SET OR TIED.
MM INDICATES DATA IS MISSING.
T  INDICATES TRACE AMOUNT.




$$
