602
CDUS41 KPHI 250622
CLITTN

CLIMATE REPORT
NATIONAL WEATHER SERVICE MOUNT HOLLY NJ
222 AM EDT TUE JUN 25 2024

...................................

...THE TRENTON NJ CLIMATE SUMMARY FOR JUNE 24 2024...

CLIMATE NORMAL PERIOD: 1991 TO 2020
CLIMATE RECORD PERIOD: 1865 TO 2024


WEATHER ITEM   OBSERVED TIME   RECORD YEAR NORMAL DEPARTURE LAST
                VALUE   (LST)  VALUE       VALUE  FROM      YEAR
                                                  NORMAL
...................................................................
TEMPERATURE (F)
 YESTERDAY
  MAXIMUM         81   3:00 PM  98    1894  84     -3       82
  MINIMUM         71  11:59 PM  50    1902  63      8       67
  AVERAGE         76                        74      2       75

PRECIPITATION (IN)
  YESTERDAY        T             1.94 2017   0.13  -0.13     0.19
  MONTH TO DATE    0.69                      3.54  -2.85     2.09
  SINCE JUN 1      0.69                      3.54  -2.85     2.09
  SINCE JAN 1     23.24                     21.10   2.14    15.33

SNOWFALL (IN)
  YESTERDAY        0.0           0.0    MM   0.0    0.0      0.0
  MONTH TO DATE    0.0                       0.0    0.0       T
  SINCE JUN 1      0.0                       0.0    0.0       T
  SINCE JUL 1     15.1                      26.6  -11.5      2.1
  SNOW DEPTH       0

DEGREE DAYS
 HEATING
  YESTERDAY        0                         0      0        0
  MONTH TO DATE    1                        19    -18       16
  SINCE JUN 1      1                        19    -18       16
  SINCE JUL 1   4513                      4975   -462     4527

 COOLING
  YESTERDAY       11                         9      2       10
  MONTH TO DATE  215                       143     72       74
  SINCE JUN 1    215                       143     72       74
  SINCE JAN 1    307                       211     96      104
...................................................................


WIND (MPH)
  HIGHEST WIND SPEED    26   HIGHEST WIND DIRECTION     N (340)
  HIGHEST GUST SPEED    41   HIGHEST GUST DIRECTION    NW (320)
  AVERAGE WIND SPEED    12.7


SKY COVER
  POSSIBLE SUNSHINE  MM
  AVERAGE SKY COVER 0.6


WEATHER CONDITIONS
THE FOLLOWING WEATHER WAS RECORDED YESTERDAY.
  LIGHT RAIN


RELATIVE HUMIDITY (PERCENT)
 HIGHEST    82          12:00 AM
 LOWEST     36           3:00 PM
 AVERAGE    59

..........................................................


THE TRENTON NJ CLIMATE NORMALS FOR TODAY
                         NORMAL    RECORD    YEAR
 MAXIMUM TEMPERATURE (F)   84        99      1997
 MINIMUM TEMPERATURE (F)   64        51      2021


SUNRISE AND SUNSET
JUNE 25 2024..........SUNRISE   5:31 AM EDT   SUNSET   8:33 PM EDT
JUNE 26 2024..........SUNRISE   5:31 AM EDT   SUNSET   8:33 PM EDT


-  INDICATES NEGATIVE NUMBERS.
R  INDICATES RECORD WAS SET OR TIED.
MM INDICATES DATA IS MISSING.
T  INDICATES TRACE AMOUNT.




$$