000
CDUS41 KPHI 160610
CLITTN


CLIMATE REPORT
NATIONAL WEATHER SERVICE MOUNT HOLLY NJ
210 AM EDT TUE OCT 16 2018


...................................

...THE TRENTON NJ CLIMATE SUMMARY FOR OCTOBER 15 2018...

CLIMATE NORMAL PERIOD 1981 TO 2010
CLIMATE RECORD PERIOD 1865 TO 2018


WEATHER ITEM   OBSERVED TIME   RECORD YEAR NORMAL DEPARTURE LAST
                VALUE   (LST)  VALUE       VALUE  FROM      YEAR
                                                  NORMAL
..................................................................
TEMPERATURE (F)
 YESTERDAY
  MAXIMUM         70   1011 PM  84    1975  65      5       71
  MINIMUM         53    459 AM  32    2006  44      9       65
                                      1999
                                      1937
  AVERAGE         62                        55      7       68

PRECIPITATION (IN)
  YESTERDAY        0.20          1.64 1889   0.11   0.09      T
  MONTH TO DATE    2.21                      2.12   0.09     1.37
  SINCE SEP 1      9.14                      6.39   2.75     3.23
  SINCE JAN 1     47.77                     37.37  10.40    34.40

DEGREE DAYS
 HEATING
  YESTERDAY        3                        11     -8        0
  MONTH TO DATE   38                       125    -87       31
  SINCE SEP 1     63                       187   -124       64
  SINCE JUL 1     63                       190   -127       65

 COOLING
  YESTERDAY        0                         0      0        3
  MONTH TO DATE   65                         7     58       60
  SINCE SEP 1    279                       106    173      225
  SINCE JAN 1   1416                       962    454     1145
..................................................................


WIND (MPH)
  HIGHEST WIND SPEED    20   HIGHEST WIND DIRECTION    NW (310)
  HIGHEST GUST SPEED    28   HIGHEST GUST DIRECTION    NW (300)
  AVERAGE WIND SPEED     8.5


SKY COVER
  POSSIBLE SUNSHINE  MM
  AVERAGE SKY COVER 0.9


WEATHER CONDITIONS
 THE FOLLOWING WEATHER WAS RECORDED YESTERDAY.
  RAIN
  LIGHT RAIN
  FOG


RELATIVE HUMIDITY (PERCENT)
 HIGHEST   100           600 AM
 LOWEST     83           100 AM
 AVERAGE    92

..........................................................


THE TRENTON NJ CLIMATE NORMALS FOR TODAY
                         NORMAL    RECORD    YEAR
 MAXIMUM TEMPERATURE (F)   65        88      1897
 MINIMUM TEMPERATURE (F)   44        32      2006


SUNRISE AND SUNSET
OCTOBER 16 2018.......SUNRISE   711 AM EDT   SUNSET   618 PM EDT
OCTOBER 17 2018.......SUNRISE   712 AM EDT   SUNSET   616 PM EDT


-  INDICATES NEGATIVE NUMBERS.
R  INDICATES RECORD WAS SET OR TIED.
MM INDICATES DATA IS MISSING.
T  INDICATES TRACE AMOUNT.




$$
