000
CXUS54 KCRP 011954
CLMVCT

CLIMATE REPORT
NATIONAL WEATHER SERVICE CORPUS CHRISTI TX
125 PM CST MON FEB 01 2021

...................................

...THE VICTORIA CLIMATE SUMMARY FOR THE MONTH OF JANUARY 2021...

CLIMATE NORMAL PERIOD 1981 TO 2010
CLIMATE RECORD PERIOD 1893 TO 2021

WEATHER         OBSERVED          NORMAL  DEPART   LAST YEAR`S
                VALUE   DATE(S)   VALUE   FROM     VALUE DATE(S)
                                          NORMAL
................................................................
TEMPERATURE (F)
RECORD
 HIGH             88   01/30/1971
 LOW               9   01/18/1930
HIGHEST           81   01/26         64      17       82  01/15
                                                          01/14
LOWEST            27   01/12         44     -17       33  01/08
AVG. MAXIMUM    67.6               64.7     2.9     71.2
AVG. MINIMUM    43.8               43.1     0.7     49.0
MEAN            55.7               53.9     1.8     60.1
DAYS MAX >= 90     0                0.0     0.0        0
DAYS MAX <= 32     0                0.0     0.0        0
DAYS MIN <= 32     2                3.6    -1.6        0
DAYS MIN <= 0      0                0.0     0.0        0

PRECIPITATION (INCHES)
RECORD
 MAXIMUM       11.87   1934
 MINIMUM        0.00   1912
                       1911
                       1909
TOTALS          1.16               2.52   -1.36     2.78
DAILY AVG.      0.04               0.08   -0.04     0.09
DAYS >= .01       10                8.4     1.6       14
DAYS >= .10        2                4.4    -2.4        5
DAYS >= .50        1                1.8    -0.8        1
DAYS >= 1.00       0                0.6    -0.6        1
GREATEST
 24 HR. TOTAL   0.59   01/10 TO 01/10               1.51  01/22 TO 01/22

SNOWFALL (INCHES)
RECORDS
 TOTAL           3.0   1940
 24 HR TOTAL     3.0   01/22/1940 TO 01/22/1940
TOTALS           0.0                0.1    -0.1      0.0
SINCE 7/1        0.0                0.1    -0.1       MM
SNOWDEPTH AVG.     0                                   0
DAYS >= 1.0        0                0.1    -0.1        0
GREATEST
 SNOW DEPTH        0                                   0
 24 HR TOTAL      MM                                 0.0

DEGREE DAYS
HEATING TOTAL    303                358     -55      198
 SINCE 7/1       704                854    -150      656
COOLING TOTAL     24                 14      10       53
 SINCE 1/1        24                 14      10       53
................................................................

WIND (MPH)
AVERAGE WIND SPEED              8.8
HIGHEST WIND SPEED/DIRECTION    32/080    DATE  01/10
HIGHEST GUST SPEED/DIRECTION    38/080    DATE  01/10
                                38/170          01/30

SKY COVER
AVERAGE SKY COVER           0.47

AVERAGE RH (PERCENT)     70

WEATHER CONDITIONS. NUMBER OF DAYS WITH
THUNDERSTORM              1     MIXED PRECIP               0
HEAVY RAIN                1     RAIN                       3
LIGHT RAIN               11     FREEZING RAIN              0
LT FREEZING RAIN          0     HAIL                       0
HEAVY SNOW                0     SNOW                       0
LIGHT SNOW                0     SLEET                      0
FOG                      19     FOG W/VIS <= 1/4 MILE      6
HAZE                      3

-  INDICATES NEGATIVE NUMBERS.
R  INDICATES RECORD WAS SET OR TIED.
MM INDICATES DATA IS MISSING.
T  INDICATES TRACE AMOUNT.

$$

ANM
