941
CXUS54 KCRP 011744
CLMVCT

CLIMATE REPORT
NATIONAL WEATHER SERVICE CORPUS CHRISTI TX
1215 PM CDT FRI NOV 1 2019

...................................

...THE VICTORIA CLIMATE SUMMARY FOR THE MONTH OF OCTOBER 2019...

CLIMATE NORMAL PERIOD 1981 TO 2010
CLIMATE RECORD PERIOD 1893 TO 2019

WEATHER         OBSERVED          NORMAL  DEPART  LAST YEAR`S
                 VALUE   DATE(S)  VALUE   FROM    VALUE  DATE(S)
                                          NORMAL
................................................................
TEMPERATURE (F)
RECORD
 HIGH             109   10/11/1926
 LOW               31   10/31/1993
HIGHEST            95   10/15        83      12       91  10/03
                        10/14                             10/02
                        10/05
LOWEST             38   10/31        62     -24       50  10/16
                                                          10/15
AVG. MAXIMUM     84.9              83.5     1.4     80.8
AVG. MINIMUM     61.1              60.9     0.2     63.6
MEAN             73.0              72.2     0.8     72.2
DAYS MAX >= 90     14               4.3     9.7        5
DAYS MAX <= 32      0               0.0     0.0        0
DAYS MIN <= 32      0               0.0     0.0        0
DAYS MIN <= 0       0               0.0     0.0        0

PRECIPITATION (INCHES)
RECORD
 MAXIMUM        17.25   1960
 MINIMUM         0.00   1921
            1917
              1893
TOTALS           4.50              4.64   -0.14     6.28
DAILY AVG.       0.15              0.15    0.00     0.20
DAYS >= .01         9               7.6     1.4       18
DAYS >= .10         6               5.0     1.0        9
DAYS >= .50         3               2.9     0.1        4
DAYS >= 1.00        2               1.5     0.5        2
GREATEST
 24 HR. TOTAL    1.27   10/16 TO 10/16

SNOWFALL (INCHES)
RECORDS
 TOTAL            0.0   MM
 24 HR TOTAL      0.0   MM
TOTALS            0.0               0.0     0.0      0.0
SINCE 7/1         0.0               0.0     0.0      0.0
SNOWDEPTH AVG.      0                MM      MM        0
DAYS >= 1.0         0               0.0     0.0        0
GREATEST
 SNOW DEPTH         0   MM                             0
 24 HR TOTAL      0.0   MM                           0.0

DEGREE_DAYS
HEATING TOTAL      40                22      18       32
 SINCE 7/1         40                23      17       32
COOLING TOTAL     296               245      51      264
 SINCE 1/1       3561              3043     518     3448
.................................................................

WIND (MPH)
AVERAGE WIND SPEED              9.0
HIGHEST WIND SPEED/DIRECTION    30/330    DATE  10/25
HIGHEST GUST SPEED/DIRECTION    42/140    DATE  10/23

SKY COVER
AVERAGE SKY COVER           0.40

AVERAGE RH (PERCENT)     69

WEATHER CONDITIONS. NUMBER OF DAYS WITH
THUNDERSTORM              2     MIXED PRECIP                0
HEAVY RAIN                5     RAIN                        6
LIGHT RAIN                9     FREEZING RAIN               0
LT FREEZING RAIN          0     HAIL                        0
HEAVY SNOW                0     SNOW                        0
LIGHT SNOW                0     SLEET                       0
FOG                      22     FOG W/VIS <= 1/4 MILE       2
HAZE                      7

-  INDICATES NEGATIVE NUMBERS.
R  INDICATES RECORD WAS SET OR TIED.
MM INDICATES DATA IS MISSING.
T  INDICATES TRACE AMOUNT.

$$

KW!
