000
CXUS54 KCRP 011635
CLMVCT

CLIMATE REPORT
NATIONAL WEATHER SERVICE CORPUS CHRISTI TX
1115 AM CDT WED JUL 1 2020

...................................

...THE VICTORIA CLIMATE SUMMARY FOR THE MONTH OF JUNE 2020...

CLIMATE NORMAL PERIOD 1981 TO 2010
CLIMATE RECORD PERIOD 1893 TO 2020

WEATHER         OBSERVED          NORMAL  DEPART  LAST YEAR`S
                 VALUE   DATE(S)  VALUE   FROM    VALUE  DATE(S)
                                          NORMAL
................................................................
TEMPERATURE (F)
RECORD
 HIGH             109   06/29/2013
 LOW               54   06/03/1919
HIGHEST            98   06/08        91       7       98  06/07
                        06/07
LOWEST             62   06/13        73     -11       68  06/17
                        06/11
AVG. MAXIMUM     93.2              91.5     1.7     92.3
AVG. MINIMUM     73.5              72.4     1.1     74.2
MEAN             83.3              82.0     1.3     83.3
DAYS MAX >= 90     27              20.6     6.4       26
DAYS MAX <= 32      0               0.0     0.0        0
DAYS MIN <= 32      0               0.0     0.0        0
DAYS MIN <= 0       0               0.0     0.0        0

PRECIPITATION (INCHES)
RECORD
 MAXIMUM        13.50   2004
 MINIMUM         0.00   1917
TOTALS           4.40              4.46   -0.06     4.26
DAILY AVG.       0.15              0.15    0.00     0.14
DAYS >= .01         8               8.9    -0.9       11
DAYS >= .10         6               5.6     0.4        7
DAYS >= .50         4               2.7     1.3        5
DAYS >= 1.00        1               1.6    -0.6        1
GREATEST
 24 HR. TOTAL    2.29   06/24 TO 06/24

SNOWFALL (INCHES)
RECORDS
 TOTAL            0.0   MM
 24 HR TOTAL      0.0   MM
TOTALS            0.0               0.0     0.0      0.0
SINCE 7/1         0.0               0.1    -0.1        T
SNOWDEPTH AVG.      0                MM      MM        0
DAYS >= 1.0         0               0.0     0.0        0
GREATEST
 SNOW DEPTH         0   MM                             0
 24 HR TOTAL      0.0   06/30 TO 06/30               0.0

DEGREE_DAYS
HEATING TOTAL       0                 0       0        0
 SINCE 7/1        915              1249    -334     1236
COOLING TOTAL     558               508      50      555
 SINCE 1/1       1603              1167     436     1323
.................................................................

WIND (MPH)
AVERAGE WIND SPEED              8.9
HIGHEST WIND SPEED/DIRECTION    30/260    DATE  06/24
HIGHEST GUST SPEED/DIRECTION    38/140    DATE  06/29

SKY COVER
AVERAGE SKY COVER           0.30

AVERAGE RH (PERCENT)     69

WEATHER CONDITIONS. NUMBER OF DAYS WITH

THUNDERSTORM              9     MIXED PRECIP                0
HEAVY RAIN                5     RAIN                        4
LIGHT RAIN                9     FREEZING RAIN               0
LT FREEZING RAIN          0     HAIL                        0
HEAVY SNOW                0     SNOW                        0
LIGHT SNOW                0     SLEET                       0
FOG                      24     FOG W/VIS <= 1/4 MILE       2
HAZE                     14

-  INDICATES NEGATIVE NUMBERS.
R  INDICATES RECORD WAS SET OR TIED.
MM INDICATES DATA IS MISSING.
T  INDICATES TRACE AMOUNT.

$$
