000
CXUS52 KMLB 011817
CLAVRB

CLIMATE REPORT
NATIONAL WEATHER SERVICE MELBOURNE FL
117 PM EST WED JAN 1 2020

...................................

...THE VERO BEACH CLIMATE SUMMARY FOR THE YEAR OF 2019...

CLIMATE NORMAL PERIOD 1981 TO 2010
CLIMATE RECORD PERIOD 1942 TO 2019

WEATHER         OBSERVED          NORMAL  DEPART  LAST YEAR`S
                 VALUE   DATE(S)  VALUE   FROM    VALUE
                                          NORMAL
.............................................................
TEMPERATURE (F)
YEARLY RECORDS
 WARMEST         76.2   2015
 COOLEST         70.6   1968
DAILY RECORD
 HIGH             102   06/22/2009
 LOW               21   01/22/1985
2019 DATA
HIGHEST            97   09/06                         98
                        09/05
                        06/21
LOWEST             38   01/21                         32
AVG. MAXIMUM     83.9              81.9     2.0     83.5
AVG. MINIMUM     66.3              64.2     2.1     65.2
MEAN             75.2              73.1     2.1     74.4
DAYS MAX >= 90     91              48.1    42.9       84
DAYS MAX <= 32      0               0.0     0.0        0
DAYS MIN <= 32      0               1.7    -1.7        1
DAYS MIN <= 0       0               0.0     0.0        0

PRECIPITATION (INCHES)
RECORD
 MAXIMUM        81.74   1982
 MINIMUM        32.70   1961
DAILY RECORD
 MAXIMUM        11.22   05/17/2016
2019 DATA
TOTALS          49.76             51.87   -2.11    40.51
DAILY AVG.       0.14              0.14    0.00     0.11
DAYS >= .01       126             122.6     3.4      117
DAYS >= .10        79              75.5     3.5       66
DAYS >= .50        30              32.5    -2.5       28
DAYS >= 1.00       13              15.2    -2.2       13
GREATEST
 24 HR. TOTAL    4.49   12/12 TO 12/12

SNOWFALL (INCHES)
TOTALS            0.0               0.0              0.0
SINCE 7/1         0.0               0.0              0.0
DAYS >= TRACE       0               0.0                0

DEGREE_DAYS
HEATING TOTAL     225               455    -230      391
 SINCE 7/1         67               135     -68      129
COOLING TOTAL    4027              3404     623     3892
 SINCE 1/1       4027              3404     623     3892
..............................................................

WIND (MPH)
AVERAGE WIND SPEED              8.3
HIGHEST WIND SPEED/DIRECTION    35/330    DATE  09/03
HIGHEST GUST SPEED/DIRECTION    54/320    DATE  09/03

SKY COVER
POSSIBLE SUNSHINE (PERCENT)   MM
AVERAGE SKY COVER           0.30
NUMBER OF DAYS FAIR          223
NUMBER OF DAYS PC            111
NUMBER OF DAYS CLOUDY         19

AVERAGE RH (PERCENT)     75

WEATHER CONDITIONS. NUMBER OF DAYS WITH
THUNDERSTORM             86     MIXED PRECIP                0
HEAVY RAIN               63     RAIN                       61
LIGHT RAIN              153     FREEZING RAIN               0
LT FREEZING RAIN          0     HAIL                        0
HEAVY SNOW                0     SNOW                        0
LIGHT SNOW                0     SLEET                       0
FOG                     184     FOG W/VIS <= 1/4 MILE      30
HAZE                     72


-  INDICATES NEGATIVE NUMBERS.
R  INDICATES RECORD WAS SET OR TIED.
MM INDICATES DATA IS MISSING.
T  INDICATES TRACE AMOUNT.

$$
