000
CXUS52 KMLB 011703
CLAVRB

CLIMATE REPORT
NATIONAL WEATHER SERVICE MELBOURNE FL
1203 PM EST FRI JAN 01 2021

...................................

...THE VERO BEACH CLIMATE SUMMARY FOR THE YEAR OF 2020...

CLIMATE NORMAL PERIOD 1981 TO 2010
CLIMATE RECORD PERIOD 1942 TO 2020

WEATHER         OBSERVED          NORMAL  DEPART   LAST YEAR`S
                VALUE   DATE(S)   VALUE   FROM     VALUE
                                          NORMAL
..............................................................
TEMPERATURE (F)
YEARLY RECORD
 WARMEST        76.2   2015
 COOLEST        70.6   1968
DAILY RECORD
 HIGH            102   06/22/2009
 LOW              21   01/22/1985
2020 DATA
HIGHEST           97   04/13                          MM
                       07/01
LOWEST            37   01/22                          MM
                       12/26
AVG. MAXIMUM    84.0               81.9     2.1       MM
AVG. MINIMUM    67.1               64.2     2.9       MM
MEAN            75.6               73.1     2.5       MM
DAYS MAX >= 90    96               48.0    48.0       MM
DAYS MAX <= 32     0                0.0     0.0       MM
DAYS MIN <= 32     0                1.7    -1.7       MM
DAYS MIN <= 0      0                0.0     0.0       MM

PRECIPITATION (INCHES)
YEARLY RECORD
 MAXIMUM       81.74   1982
 MINIMUM       32.70   1961
DAILY RECORD
 MAXIMUM       11.22   05/17/2016
2020 DATA
TOTALS         64.09              51.87   12.22       MM
DAYS >= .01      145              122.6    22.4       MM
DAYS >= .10       89               75.5    13.5       MM
DAYS >= .50       37               32.5     4.5       MM
DAYS >= 1.00      18               15.2     2.8       MM
GREATEST
 24 HR. TOTAL   4.80   10/03 TO 10/04

SNOWFALL (INCHES)
TOTALS           0.0                0.0     0.0       MM
SINCE 7/1        0.0                0.0     0.0       MM
DAYS >= TRACE      0                                  MM

DEGREE DAYS
HEATING TOTAL    270                455    -185       MM
 SINCE 7/1       143                136       7       MM
COOLING TOTAL   4154               3404     750       MM
 SINCE 1/1      4154               3404     750       MM
..............................................................

WIND (MPH)
AVERAGE WIND SPEED              8.6
HIGHEST WIND SPEED/DIRECTION    35/300    DATE  04/18
HIGHEST GUST SPEED/DIRECTION    47/070    DATE  11/09

SKY COVER
POSSIBLE SUNSHINE (PERCENT)   MM
AVERAGE SKY COVER           0.34
NUMBER OF DAYS FAIR          226
NUMBER OF DAYS PC             99
NUMBER OF DAYS CLOUDY         34

AVERAGE RH (PERCENT)     74

WEATHER CONDITIONS. NUMBER OF DAYS WITH
THUNDERSTORM             85     MIXED PRECIP               0
HEAVY RAIN               65     RAIN                      82
LIGHT RAIN              169     LT FREEZING RAIN           0
HAIL                      0     LIGHT SNOW                 0
SLEET                     0     FOG                      168
FOG W/VIS <= 1/4 MILE     7     HAZE                      65

-  INDICATES NEGATIVE NUMBERS.
R  INDICATES RECORD WAS SET OR TIED.
MM INDICATES DATA IS MISSING.
T  INDICATES TRACE AMOUNT.

$$
