000
CXUS55 KBOU 231213
CF620V
PRELIMINARY LOCAL CLIMATOLOGICAL DATA (WS FORM: F-6)

                                          STATION:   Kremmling
                                          MONTH:     JANUARY
                                          YEAR:      2019
                                          LATITUDE:   40  3 N
                                          LONGITUDE: 106 22 W

  TEMPERATURE IN F:       :PCPN:    SNOW:  WIND      :SUNSHINE: SKY     :PK WND
================================================================================
1   2   3   4   5  6A  6B    7    8   9   10  11  12  13   14  15   16   17  18
                                     12Z  AVG MX 2MIN
DY MAX MIN AVG DEP HDD CDD  WTR  SNW DPTH SPD SPD DIR MIN PSBL S-S WX    SPD DR
================================================================================

 1  14 -15   0   M  65   0    M    M    M  0.5  5 130   M    M   1         M  M
 2  10 -22  -6   M  71   0    M    M    M  0.1  4 360   M    M   0         M  M
 3  18 -17   1   M  64   0    M    M    M  0.1  4 270   M    M   0         M  M
 4  23 -11   6   M  59   0    M    M    M  0.1  4 260   M    M   0         M  M
 5  21 -11   5   M  60   0    M    M    M  0.3  4 230   M    M   1         M  M
 6  36  14  25   M  40   0    M    M    M  5.6 20 250   M    M   7 1      27 250
 7  34  23  29   M  36   0    M    M    M 14.7 33 260   M    M   9        46 260
 8  37   9  23   M  42   0    M    M    M  2.0  8 120   M    M   3         M  M
 9  30   3  17   M  48   0    M    M    M  0.3  4 100   M    M   0         M  M
10  27   0  14   M  51   0    M    M    M  0.0  M   M   M    M   4         M  M
11  34  18  26   M  39   0    M    M    M  2.9 10 330   M    M  10        16 340
12  32   0  16   M  49   0    M    M    M  0.5  5 270   M    M   4         M  M
13  19  -8   6   M  59   0    M    M    M  0.3  4 250   M    M   3 1       M  M
14  16 -13   2   M  63   0    M    M    M  0.0  M   M   M    M   2 1       M  M
15  18 -13   3   M  62   0    M    M    M  0.1  4 360   M    M   5         M  M
16  32  10  21   M  44   0    M    M    M  0.8  8 280   M    M  10         M  M
17  41  16  29   M  36   0    M    M    M  7.4 21 260   M    M   7 8      27 260
18  32  25  29   M  36   0    M    M    M  3.8  9 330   M    M  10         M  M
19  32   9  21   M  44   0    M    M    M  2.8 12 250   M    M   8        16 250
20  36  14  25   M  40   0    M    M    M  2.3  8 120   M    M   3         M  M
21  36   9  23   M  42   0    M    M    M  4.7 16 240   M    M   5        27 330
22  25   5  15   M  50   0 0.00  0.0    0  8.5 15 340   M    M   9        25 340
================================================================================
SM  603   45      1100   0  0.00     0.0  57.8          M      101
================================================================================
AV 27.4  2.1                               2.6 FASTST   M    M   5    MAX(MPH)
                                 MISC ---->  # 33 260               # 46  260
================================================================================
NOTES:
# LAST OF SEVERAL OCCURRENCES

COLUMN 17 PEAK WIND IN M.P.H.

PRELIMINARY LOCAL CLIMATOLOGICAL DATA (WS FORM: F-6) , PAGE 2

                                          STATION:  Kremmling
                                          MONTH:    JANUARY
                                          YEAR:     2019
                                          LATITUDE:   40  3 N
                                          LONGITUDE: 106 22 W

[TEMPERATURE DATA]      [PRECIPITATION DATA]       SYMBOLS USED IN COLUMN 16

AVERAGE MONTHLY: 14.7   TOTAL FOR MONTH:   0.00    1 = FOG OR MIST
DPTR FM NORMAL:     M   DPTR FM NORMAL:       M    2 = FOG REDUCING VISIBILITY
HIGHEST:    41 ON 17    GRTST 24HR  0.00 ON 22-22      TO 1/4 MILE OR LESS
LOWEST:    -22 ON  2                               3 = THUNDER
                        SNOW, ICE PELLETS, HAIL    4 = ICE PELLETS
                        TOTAL MONTH:   0.0 INCH    5 = HAIL
                        GRTST 24HR     0.0         6 = FREEZING RAIN OR DRIZZLE
                        GRTST DEPTH:   0           7 = DUSTSTORM OR SANDSTORM:
                                                       VSBY 1/2 MILE OR LESS
                                                   8 = SMOKE OR HAZE
[NO. OF DAYS WITH]      [WEATHER - DAYS WITH]      9 = BLOWING SNOW
                                                   X = TORNADO
MAX 32 OR BELOW:  15    0.01 INCH OR MORE:   0
MAX 90 OR ABOVE:   0    0.10 INCH OR MORE:   0
MIN 32 OR BELOW:  22    0.50 INCH OR MORE:   0
MIN  0 OR BELOW:  10    1.00 INCH OR MORE:   0

[HDD (BASE 65) ]
TOTAL THIS MO.  1100    CLEAR  (SCALE 0-3)  10
DPTR FM NORMAL     M    PTCLDY (SCALE 4-7)   7
TOTAL FM JUL 1  4629    CLOUDY (SCALE 8-10)  5
DPTR FM NORMAL     M

[CDD (BASE 65) ]
TOTAL THIS MO.     0
DPTR FM NORMAL     M    [PRESSURE DATA]
TOTAL FM JAN 1     0    HIGHEST SLP M ON M
DPTR FM NORMAL     M    LOWEST  SLP M ON M

[REMARKS]
