000
CXUS55 KBOU 220900
CF620V
PRELIMINARY LOCAL CLIMATOLOGICAL DATA (WS FORM: F-6)

                                          STATION:   Kremmling
                                          MONTH:     JULY
                                          YEAR:      2018
                                          LATITUDE:   40  3 N
                                          LONGITUDE: 106 22 W

  TEMPERATURE IN F:       :PCPN:    SNOW:  WIND      :SUNSHINE: SKY     :PK WND
================================================================================
1   2   3   4   5  6A  6B    7    8   9   10  11  12  13   14  15   16   17  18
                                     12Z  AVG MX 2MIN
DY MAX MIN AVG DEP HDD CDD  WTR  SNW DPTH SPD SPD DIR MIN PSBL S-S WX    SPD DR
================================================================================

 1  86  37  62   M   3   0    M    M    M  3.4 14 320   M    M   0        21 250
 2  95  41  68   M   0   3    M    M    M  4.4 18 250   M    M   1        25 270
 3  95  45  70   M   0   5    M    M    M  6.5 22 200   M    M   1 3      35 200
 4  95  46  71   M   0   6    M    M    M  5.0 20  90   M    M   0        30 350
 5  91  54  73   M   0   8    M    M    M  5.1 17 140   M    M   1 3      25 140
 6  95  50  73   M   0   8    M    M    M  4.6 13 100   M    M   0        24 100
 7  97  52  75   M   0  10    M    M    M  3.9 18  90   M    M   1 3      32 190
 8  95  55  75   M   0  10    M    M    M  5.8 18 200   M    M   3 3      27 200
 9  97  55  76   M   0  11    M    M    M  6.9 20  90   M    M   0        27  80
10  99  54  77   M   0  12    M    M    M  3.8 20  20   M    M   1 3      28  20
11  95  50  73   M   0   8    M    M    M  4.9 18 360   M    M   1 3      29 360
12  82  54  68   M   0   3    M    M    M  3.5 21 140   M    M   4 3      25 140
13  91  54  73   M   0   8    M    M    M  2.6 15  90   M    M   3        23  90
14  95  54  75   M   0  10    M    M    M  3.4 13 230   M    M   2        20 340
15  82  61  72   M   0   7    M    M    M  3.2 12 340   M    M   4 3      20 340
16  91  48  70   M   0   5    M    M    M  3.5 16  30   M    M   1        24  30
17  91  54  73   M   0   8    M    M    M  3.8 16 180   M    M   2        22 180
18  95  54  75   M   0  10    M    M    M  5.2 15 320   M    M   3        35 290
19  95  46  71   M   0   6    M    M    M  3.4 16 320   M    M   0        32 290
20  95  50  73   M   0   8    M    M    M  3.7 16 210   M    M   0        31 210
21  91  55  73   M   0   8    M    M    M  3.4 18 320   M    M   2 3      25 320
================================================================================
SM 1948 1069         3 154    M     M     90.0          M       30
================================================================================
AV 92.8 50.9                               4.3 FASTST   M    M   1    MAX(MPH)
                                 MISC ---->  # 22 200               # 35  200
================================================================================
NOTES:
# LAST OF SEVERAL OCCURRENCES

COLUMN 17 PEAK WIND IN M.P.H.

PRELIMINARY LOCAL CLIMATOLOGICAL DATA (WS FORM: F-6) , PAGE 2

                                          STATION:  Kremmling
                                          MONTH:    JULY
                                          YEAR:     2018
                                          LATITUDE:   40  3 N
                                          LONGITUDE: 106 22 W

[TEMPERATURE DATA]      [PRECIPITATION DATA]       SYMBOLS USED IN COLUMN 16

AVERAGE MONTHLY: 71.8   TOTAL FOR MONTH:      M    1 = FOG OR MIST
DPTR FM NORMAL:     M   DPTR FM NORMAL:       M    2 = FOG REDUCING VISIBILITY
HIGHEST:    99 ON 10    GRTST 24HR    M  ON   M        TO 1/4 MILE OR LESS
LOWEST:     37 ON  1                               3 = THUNDER
                        SNOW, ICE PELLETS, HAIL    4 = ICE PELLETS
                        TOTAL MONTH:    M          5 = HAIL
                        GRTST 24HR    M  ON   M    6 = FREEZING RAIN OR DRIZZLE
                        GRTST DEPTH:  M  ON   M    7 = DUSTSTORM OR SANDSTORM:
                                                       VSBY 1/2 MILE OR LESS
                                                   8 = SMOKE OR HAZE
[NO. OF DAYS WITH]      [WEATHER - DAYS WITH]      9 = BLOWING SNOW
                                                   X = TORNADO
MAX 32 OR BELOW:   0    0.01 INCH OR MORE:   0
MAX 90 OR ABOVE:  18    0.10 INCH OR MORE:   0
MIN 32 OR BELOW:   0    0.50 INCH OR MORE:   0
MIN  0 OR BELOW:   0    1.00 INCH OR MORE:   0

[HDD (BASE 65) ]
TOTAL THIS MO.     3    CLEAR  (SCALE 0-3)  19
DPTR FM NORMAL     M    PTCLDY (SCALE 4-7)   2
TOTAL FM JUL 1     3    CLOUDY (SCALE 8-10)  0
DPTR FM NORMAL     M

[CDD (BASE 65) ]
TOTAL THIS MO.   154
DPTR FM NORMAL     M    [PRESSURE DATA]
TOTAL FM JAN 1   209    HIGHEST SLP M ON M
DPTR FM NORMAL     M    LOWEST  SLP M ON M

[REMARKS]
