000
CXUS55 KBOU 270900
CF620V
PRELIMINARY LOCAL CLIMATOLOGICAL DATA (WS FORM: F-6)

                                          STATION:   Kremmling
                                          MONTH:     MAY
                                          YEAR:      2020
                                          LATITUDE:   40  3 N
                                          LONGITUDE: 106 22 W

  TEMPERATURE IN F:       :PCPN:    SNOW:  WIND      :SUNSHINE: SKY     :PK WND
================================================================================
1   2   3   4   5  6A  6B    7    8   9   10  11  12  13   14  15   16   17  18
                                     12Z  AVG MX 2MIN
DY MAX MIN AVG DEP HDD CDD  WTR  SNW DPTH SPD SPD DIR MIN PSBL S-S WX    SPD DR
================================================================================

 1  75  36  56   M   9   0    M    M    M  8.4 23 250   M    M   1        32 240
 2  70  36  53   M  12   0    M    M    M  5.5 24 320   M    M   5 3      32  10
 3  72  34  53   M  12   0    M    M    M  8.3 22 340   M    M   3        32 340
 4  54  30  42   M  23   0    M    M    M  8.2 21 290   M    M   4        35 290
 5  61  21  41   M  24   0    M    M    M  5.2 16 330   M    M   0        29 330
 6  70  23  47   M  18   0    M    M    M  4.3 24 260   M    M   1        30 260
 7  59  34  47   M  18   0    M    M    M  9.1 20 320   M    M   0        37 320
 8  64  21  43   M  22   0    M    M    M  4.7 13 230   M    M   0        24 230
 9  61  32  47   M  18   0    M    M    M  6.0 16 330   M    M   0        25 360
10  68  21  45   M  20   0    M    M    M  3.8 18 350   M    M   1        23 350
11  52  41  47   M  18   0    M    M    M  3.6  9 250   M    M   9 3       M  M
12  68  36  52   M  13   0    M    M    M  5.3 18 230   M    M   3 1      29 230
13  68  32  50   M  15   0    M    M    M  8.7 23 260   M    M   2        33 260
14  61  36  49   M  16   0    M    M    M  4.7 18 340   M    M   6        29 340
15  61  34  48   M  17   0    M    M    M  3.8 14 330   M    M   7 3      23 320
16  64  36  50   M  15   0    M    M    M  5.1 15 350   M    M   4        20 280
17  75  34  55   M  10   0    M    M    M  2.3 10 230   M    M   3        18 230
18  81  36  59   M   6   0    M    M    M  6.5 24 250   M    M   0        32 250
19  81  34  58   M   7   0    M    M    M  7.3 23 200   M    M   0        32 200
20  72  34  53   M  12   0    M    M    M  9.8 31 250   M    M   1        43 240
21  66  27  47   M  18   0    M    M    M  5.1 21 250   M    M   0        27 250
22  73  27  50   M  15   0    M    M    M  4.3 17 260   M    M   0        27 240
23  68  32  50   M  15   0    M    M    M  8.2 18 330   M    M   2        28 220
24  48  34  41   M  24   0    M    M    M  2.8 12 110   M    M   7         M  M
25  59  30  45   M  20   0    M    M    M  2.7 16 350   M    M   5        21 320
26  70  28  49   M  16   0    M    M    M  4.2 16 360   M    M   3        22 360
================================================================================
SM 1721  819       413   0    M     M    147.9          M       67
================================================================================
AV 66.2 31.5                               5.7 FASTST   M    M   3    MAX(MPH)
                                 MISC ---->  # 31 250               # 43  240
================================================================================
NOTES:
# LAST OF SEVERAL OCCURRENCES

COLUMN 17 PEAK WIND IN M.P.H.

PRELIMINARY LOCAL CLIMATOLOGICAL DATA (WS FORM: F-6) , PAGE 2

                                          STATION:  Kremmling
                                          MONTH:    MAY
                                          YEAR:     2020
                                          LATITUDE:   40  3 N
                                          LONGITUDE: 106 22 W

[TEMPERATURE DATA]      [PRECIPITATION DATA]       SYMBOLS USED IN COLUMN 16

AVERAGE MONTHLY: 48.9   TOTAL FOR MONTH:      M    1 = FOG OR MIST
DPTR FM NORMAL:     M   DPTR FM NORMAL:       M    2 = FOG REDUCING VISIBILITY
HIGHEST:    81 ON 19,18 GRTST 24HR    M  ON   M        TO 1/4 MILE OR LESS
LOWEST:     21 ON 10, 8                            3 = THUNDER
                        SNOW, ICE PELLETS, HAIL    4 = ICE PELLETS
                        TOTAL MONTH:    M          5 = HAIL
                        GRTST 24HR    M  ON   M    6 = FREEZING RAIN OR DRIZZLE
                        GRTST DEPTH:  M  ON   M    7 = DUSTSTORM OR SANDSTORM:
                                                       VSBY 1/2 MILE OR LESS
                                                   8 = SMOKE OR HAZE
[NO. OF DAYS WITH]      [WEATHER - DAYS WITH]      9 = BLOWING SNOW
                                                   X = TORNADO
MAX 32 OR BELOW:   0    0.01 INCH OR MORE:   0
MAX 90 OR ABOVE:   0    0.10 INCH OR MORE:   0
MIN 32 OR BELOW:  12    0.50 INCH OR MORE:   0
MIN  0 OR BELOW:   0    1.00 INCH OR MORE:   0

[HDD (BASE 65) ]
TOTAL THIS MO.   413    CLEAR  (SCALE 0-3)  18
DPTR FM NORMAL     M    PTCLDY (SCALE 4-7)   7
TOTAL FM JUL 1  9031    CLOUDY (SCALE 8-10)  1
DPTR FM NORMAL     M

[CDD (BASE 65) ]
TOTAL THIS MO.     0
DPTR FM NORMAL     M    [PRESSURE DATA]
TOTAL FM JAN 1     0    HIGHEST SLP M ON M
DPTR FM NORMAL     M    LOWEST  SLP M ON M

[REMARKS]
