000
CXUS53 KUNR 230945
CF62WX
PRELIMINARY LOCAL CLIMATOLOGICAL DATA (WS FORM: F-6)

                                          STATION:   BUFFALO SD
                                          MONTH:     OCTOBER
                                          YEAR:      2019
                                          LATITUDE:   45 35 N
                                          LONGITUDE: 103 33 W

  TEMPERATURE IN F:       :PCPN:    SNOW:  WIND      :SUNSHINE: SKY     :PK WND
================================================================================
1   2   3   4   5  6A  6B    7    8   9   10  11  12  13   14  15   16   17  18
                                     12Z  AVG MX 2MIN
DY MAX MIN AVG DEP HDD CDD  WTR  SNW DPTH SPD SPD DIR MIN PSBL S-S WX    SPD DR
================================================================================

 1  39  36  38 -13  27   0 0.01    M    M  8.2 13 360   M    M   M         M  M
 2  40  34  37 -14  28   0 0.27    M    M   M   M   M   M    M   M         M  M
 3  57  33  45  -5  20   0 0.00    M    M  9.6 24 130   M    M   M        33 140
 4  66  41  54   4  11   0 0.44    M    M 20.3 32 160   M    M   M        41 140
 5  59  42  51   2  14   0 0.04    M    M 25.7 43 290   M    M   M        56 320
 6  61  38  50   1  15   0 0.00    M    M 18.8 36 280   M    M   M        47 270
 7  72  37  55   6  10   0 0.00    M    M  9.2 22 230   M    M   M        30 200
 8   M   M   M   M   M   M    M    M    M   M   M   M   M    M   M         M  M
 9  40  26  33 -15  32   0 0.05    M    M 20.7 32 330   M    M   M        43 330
10  28  24  26 -22  39   0 0.03    M    M 22.4 30 330   M    M   M        38 340
11  32  24  28 -19  37   0 0.00    M    M 25.8 38 300   M    M   M        48 300
12  43  26  35 -12  30   0 0.00    M    M 24.5 37 300   M    M   M        48 300
13  56  22  39  -7  26   0 0.00    M    M  8.3 15 310   M    M   M        20 280
14  65  31  48   2  17   0 0.00    M    M 13.2 33 310   M    M   M        43 320
15  48  31  40  -6  25   0 0.00    M    M 17.3 35 310   M    M   M        46 300
16  71  31  51   6  14   0 0.00    M    M  8.1 20 290   M    M   M        23 280
17  69  41  55  10  10   0 0.00    M    M  9.8 28 140   M    M   M        36 150
18  59  36  48   3  17   0 0.00    M    M 17.3 31 300   M    M   M        41 290
19  58  31  45   1  20   0 0.00    M    M 12.1 26 270   M    M   M        33 280
20  41  36  39  -5  26   0 0.80    M    M 17.5 40  30   M    M   M        49  20
21  51  27  39  -5  26   0 0.00    M    M 13.2 32 330   M    M   M        41 330
22  53  32  43   0  22   0 0.21    M    M 11.7 24 250   M    M   M        29 260
================================================================================
SM 1108  679       466   0  1.85    M    313.7          M        M
================================================================================
AV 52.8 32.3                              15.7 FASTST   M    M   3    MAX(MPH)
                                 MISC ---->  # 43 290               # 56  320
================================================================================
NOTES:
# LAST OF SEVERAL OCCURRENCES

COLUMN 17 PEAK WIND IN M.P.H.

PRELIMINARY LOCAL CLIMATOLOGICAL DATA (WS FORM: F-6) , PAGE 2

                                          STATION:  BUFFALO SD
                                          MONTH:    OCTOBER
                                          YEAR:     2019
                                          LATITUDE:   45 35 N
                                          LONGITUDE: 103 33 W

[TEMPERATURE DATA]      [PRECIPITATION DATA]       SYMBOLS USED IN COLUMN 16

AVERAGE MONTHLY: 42.6   TOTAL FOR MONTH:   1.85    1 = FOG OR MIST
DPTR FM NORMAL:  -4.5   DPTR FM NORMAL:    1.47    2 = FOG REDUCING VISIBILITY
HIGHEST:    72 ON  7    GRTST 24HR  0.80 ON 20-20      TO 1/4 MILE OR LESS
LOWEST:     22 ON 13                               3 = THUNDER
                        SNOW, ICE PELLETS, HAIL    4 = ICE PELLETS
                        TOTAL MONTH:    M          5 = HAIL
                        GRTST 24HR    M  ON   M    6 = FREEZING RAIN OR DRIZZLE
                        GRTST DEPTH:  M  ON   M    7 = DUSTSTORM OR SANDSTORM:
                                                       VSBY 1/2 MILE OR LESS
                                                   8 = SMOKE OR HAZE
[NO. OF DAYS WITH]      [WEATHER - DAYS WITH]      9 = BLOWING SNOW
                                                   X = TORNADO
MAX 32 OR BELOW:   2    0.01 INCH OR MORE:   8
MAX 90 OR ABOVE:   0    0.10 INCH OR MORE:   4
MIN 32 OR BELOW:  11    0.50 INCH OR MORE:   1
MIN  0 OR BELOW:   0    1.00 INCH OR MORE:   0

[HDD (BASE 65) ]
TOTAL THIS MO.   466    CLEAR  (SCALE 0-3)   0
DPTR FM NORMAL    69    PTCLDY (SCALE 4-7)   0
TOTAL FM JUL 1   655    CLOUDY (SCALE 8-10)  0
DPTR FM NORMAL   -33

[CDD (BASE 65) ]
TOTAL THIS MO.     0
DPTR FM NORMAL     0    [PRESSURE DATA]
TOTAL FM JAN 1   516    HIGHEST SLP M ON M
DPTR FM NORMAL     4    LOWEST  SLP 29.15 ON 17

[REMARKS]
