000
CXUS53 KUNR 290945
CF62WX
PRELIMINARY LOCAL CLIMATOLOGICAL DATA (WS FORM: F-6)

                                          STATION:   BUFFALO SD
                                          MONTH:     MAY
                                          YEAR:      2020
                                          LATITUDE:   45 35 N
                                          LONGITUDE: 103 33 W

  TEMPERATURE IN F:       :PCPN:    SNOW:  WIND      :SUNSHINE: SKY     :PK WND
================================================================================
1   2   3   4   5  6A  6B    7    8   9   10  11  12  13   14  15   16   17  18
                                     12Z  AVG MX 2MIN
DY MAX MIN AVG DEP HDD CDD  WTR  SNW DPTH SPD SPD DIR MIN PSBL S-S WX    SPD DR
================================================================================

 1  66  42  54   5  11   0 0.00    M    M 22.3 40 310   M    M   M        51 300
 2  72  39  56   7   9   0 0.00    M    M  6.6 15 270   M    M   M        22 280
 3  73  40  57   7   8   0 0.05    M    M 13.8 38 150   M    M   M        48 170
 4  60  35  48  -2  17   0 0.01    M    M 18.1 33 310   M    M   M        42 320
 5  62  34  48  -2  17   0 0.00    M    M 15.3 40 330   M    M   M        50 330
 6  64  33  49  -1  16   0 0.00    M    M 11.0 25 130   M    M   M        32 140
 7  51  37  44  -7  21   0 1.24    M    M 11.7 29  90   M    M   M        38  80
 8  63  32  48  -3  17   0 0.00    M    M  6.3 22 310   M    M   M        30 310
 9  48  37  43  -8  22   0 0.02    M    M 24.1 48 310   M    M   M        62 310
10  47  29  38 -14  27   0 0.00    M    M  8.0 16 350   M    M   M        28 360
11  48  28  38 -14  27   0 0.00    M    M  9.2 21 160   M    M   M        26 150
12  43  36  40 -12  25   0 0.06    M    M 18.4 31 130   M    M   M        40 130
13  64  43  54   1  11   0 0.07    M    M  7.6 39 280   M    M   M        47 290
14  66  39  53   0  12   0 0.00    M    M  9.3 22 300   M    M   M        31 310
15  65  40  53   0  12   0 0.00    M    M 10.4 23 160   M    M   M        29 180
16  60  44  52  -2  13   0 0.38    M    M 10.0 24  60   M    M   M        29  60
17  68  36  52  -2  13   0 0.00    M    M 17.3 29 140   M    M   M        37 140
18  72  50  61   7   4   0 0.00    M    M 28.1 39 140   M    M   M        52 140
19  85  52  69  15   0   4 0.00    M    M 17.9 28 130   M    M   M        37 120
20  82  58  70  15   0   5 0.00    M    M 22.3 46 140   M    M   M        58 140
21  79  50  65  10   0   0 0.00    M    M 14.7 38 210   M    M   M        54 220
22  82  45  64   9   1   0 0.00    M    M 11.9 31 150   M    M   M        39 150
23  70  50  60   4   5   0 0.08    M    M 12.4 32  80   M    M   M        41  80
24  53  45  49  -7  16   0 0.02    M    M 13.1 24 310   M    M   M        29 320
25  65  44  55  -1  10   0 0.00    M    M  5.3 15 320   M    M   M        24 320
26  77  44  61   4   4   0 0.00    M    M  7.7 26 300   M    M   M        35 300
27  69  49  59   2   6   0 0.02    M    M  5.5 13  30   M    M   M        16 340
28  71  47  59   2   6   0 0.00    M    M 14.3 28 310   M    M   M        35 320
================================================================================
SM 1825 1158       330   9  1.95    M    372.6          M        M
================================================================================
AV 65.2 41.4                              13.3 FASTST   M    M   4    MAX(MPH)
                                 MISC ---->  # 48 310               # 62  310
================================================================================
NOTES:
# LAST OF SEVERAL OCCURRENCES

COLUMN 17 PEAK WIND IN M.P.H.

PRELIMINARY LOCAL CLIMATOLOGICAL DATA (WS FORM: F-6) , PAGE 2

                                          STATION:  BUFFALO SD
                                          MONTH:    MAY
                                          YEAR:     2020
                                          LATITUDE:   45 35 N
                                          LONGITUDE: 103 33 W

[TEMPERATURE DATA]      [PRECIPITATION DATA]       SYMBOLS USED IN COLUMN 16

AVERAGE MONTHLY: 53.3   TOTAL FOR MONTH:   1.95    1 = FOG OR MIST
DPTR FM NORMAL:   0.2   DPTR FM NORMAL:   -0.73    2 = FOG REDUCING VISIBILITY
HIGHEST:    85 ON 19    GRTST 24HR  1.24 ON  7- 7      TO 1/4 MILE OR LESS
LOWEST:     28 ON 11                               3 = THUNDER
                        SNOW, ICE PELLETS, HAIL    4 = ICE PELLETS
                        TOTAL MONTH:    M          5 = HAIL
                        GRTST 24HR    M  ON   M    6 = FREEZING RAIN OR DRIZZLE
                        GRTST DEPTH:  M  ON   M    7 = DUSTSTORM OR SANDSTORM:
                                                       VSBY 1/2 MILE OR LESS
                                                   8 = SMOKE OR HAZE
[NO. OF DAYS WITH]      [WEATHER - DAYS WITH]      9 = BLOWING SNOW
                                                   X = TORNADO
MAX 32 OR BELOW:   0    0.01 INCH OR MORE:  10
MAX 90 OR ABOVE:   0    0.10 INCH OR MORE:   2
MIN 32 OR BELOW:   3    0.50 INCH OR MORE:   1
MIN  0 OR BELOW:   0    1.00 INCH OR MORE:   1

[HDD (BASE 65) ]
TOTAL THIS MO.   330    CLEAR  (SCALE 0-3)   0
DPTR FM NORMAL    -9    PTCLDY (SCALE 4-7)   0
TOTAL FM JUL 1  7384    CLOUDY (SCALE 8-10)  0
DPTR FM NORMAL  -408

[CDD (BASE 65) ]
TOTAL THIS MO.     9
DPTR FM NORMAL     9    [PRESSURE DATA]
TOTAL FM JAN 1     9    HIGHEST SLP M ON M
DPTR FM NORMAL     9    LOWEST  SLP 29.32 ON 20

[REMARKS]
