000
CXUS54 KEWX 210910
CF63T5
PRELIMINARY LOCAL CLIMATOLOGICAL DATA (WS FORM: F-6)

                                          STATION:   LA GRANGE
                                          MONTH:     FEBRUARY
                                          YEAR:      2018
                                          LATITUDE:   29 54 N
                                          LONGITUDE:  96 57 W

  TEMPERATURE IN F:       :PCPN:    SNOW:  WIND      :SUNSHINE: SKY     :PK WND
================================================================================
1   2   3   4   5  6A  6B    7    8   9   10  11  12  13   14  15   16   17  18
                                     12Z  AVG MX 2MIN
DY MAX MIN AVG DEP HDD CDD  WTR  SNW DPTH SPD SPD DIR MIN PSBL S-S WX    SPD DR
================================================================================

 1  77  56  67   M   0   2 0.00    M    M  8.2 13 200   M    M   0        20 360
 2  61  47  54   M  11   0 0.00    M    M  7.1 10  30   M    M   6        17  30
 3  60  46  53   M  12   0    M    M    M  3.6  9 160   M    M  10 12      M  M
 4  73  47  60   M   5   0 0.00    M    M  3.4 12  30   M    M   6 12      M  M
 5  57  42  50   M  15   0 0.00    M    M  3.9 10  10   M    M  10        17  10
 6  57  43  50   M  15   0 0.03    M    M  5.2 12 340   M    M  10 12     17 340
 7  46  37  42   M  23   0 0.13    M    M  9.9 15 360   M    M   9 13     23 360
 8  61  36  49   M  16   0 0.00    M    M  3.8  9  20   M    M   7 1       M  M
 9  64  52  58   M   7   0 0.02    M    M  3.0  8 170   M    M  10 1       M  M
10  68  41  55   M  10   0 0.01    M    M  5.2 10 360   M    M  10 1       M  M
11  41  33  37   M  28   0 0.00    M    M 10.9 17 350   M    M   8 1      27 350
12  46  32  39   M  26   0 0.00    M    M  5.6  8  20   M    M   6         M  M
13  48  40  44   M  21   0 0.01    M    M  3.1  6  20   M    M  10 1       M  M
14  69  48  59   M   6   0 0.10    M    M  2.3  9 170   M    M  10 12      M  M
15  78  67  73   M   0   8 0.00    M    M  8.2 14 190   M    M   9 1      21 190
16  77  60  69   M   0   4 0.00    M    M  4.4 12 340   M    M   9 12     18 340
17  65  52  59   M   6   0 0.00    M    M  4.9 10  20   M    M  10 18      M  M
18  81  55  68   M   0   3 0.00    M    M  6.7 16 160   M    M   8 12     21 170
19  80  71  76   M   0  11 0.00    M    M 14.3 23 190   M    M  10        33 190
20  77  71  74   M   0   9 0.09    M    M 10.9 16 160   M    M  10 1      23 160
================================================================================
SM 1286  976       201  37  0.39    M    124.6          M      168
================================================================================
AV 64.3 48.8                               6.2 FASTST   M    M   8    MAX(MPH)
                                 MISC ---->  # 23 190               # 33  190
================================================================================
NOTES:
# LAST OF SEVERAL OCCURRENCES

COLUMN 17 PEAK WIND IN M.P.H.

PRELIMINARY LOCAL CLIMATOLOGICAL DATA (WS FORM: F-6) , PAGE 2

                                          STATION:  LA GRANGE
                                          MONTH:    FEBRUARY
                                          YEAR:     2018
                                          LATITUDE:   29 54 N
                                          LONGITUDE:  96 57 W

[TEMPERATURE DATA]      [PRECIPITATION DATA]       SYMBOLS USED IN COLUMN 16

AVERAGE MONTHLY: 56.6   TOTAL FOR MONTH:   0.39    1 = FOG OR MIST
DPTR FM NORMAL:     M   DPTR FM NORMAL:       M    2 = FOG REDUCING VISIBILITY
HIGHEST:    81 ON 18    GRTST 24HR  0.13 ON  7- 7      TO 1/4 MILE OR LESS
LOWEST:     32 ON 12                               3 = THUNDER
                        SNOW, ICE PELLETS, HAIL    4 = ICE PELLETS
                        TOTAL MONTH:    M          5 = HAIL
                        GRTST 24HR    M  ON   M    6 = FREEZING RAIN OR DRIZZLE
                        GRTST DEPTH:  M  ON   M    7 = DUSTSTORM OR SANDSTORM:
                                                       VSBY 1/2 MILE OR LESS
                                                   8 = SMOKE OR HAZE
[NO. OF DAYS WITH]      [WEATHER - DAYS WITH]      9 = BLOWING SNOW
                                                   X = TORNADO
MAX 32 OR BELOW:   0    0.01 INCH OR MORE:   7
MAX 90 OR ABOVE:   0    0.10 INCH OR MORE:   2
MIN 32 OR BELOW:   1    0.50 INCH OR MORE:   0
MIN  0 OR BELOW:   0    1.00 INCH OR MORE:   0

[HDD (BASE 65) ]
TOTAL THIS MO.   201    CLEAR  (SCALE 0-3)   1
DPTR FM NORMAL     M    PTCLDY (SCALE 4-7)   5
TOTAL FM JUL 1  1111    CLOUDY (SCALE 8-10) 14
DPTR FM NORMAL     M

[CDD (BASE 65) ]
TOTAL THIS MO.    37
DPTR FM NORMAL     M    [PRESSURE DATA]
TOTAL FM JAN 1    40    HIGHEST SLP M ON M
DPTR FM NORMAL     M    LOWEST  SLP M ON M

[REMARKS]
