221
CXUS54 KEWX 200910
CF63T5
PRELIMINARY LOCAL CLIMATOLOGICAL DATA (WS FORM: F-6)

                                          STATION:   LA GRANGE
                                          MONTH:     OCTOBER
                                          YEAR:      2019
                                          LATITUDE:   29 54 N
                                          LONGITUDE:  96 57 W

  TEMPERATURE IN F:       :PCPN:    SNOW:  WIND      :SUNSHINE: SKY     :PK WND
================================================================================
1   2   3   4   5  6A  6B    7    8   9   10  11  12  13   14  15   16   17  18
                                     12Z  AVG MX 2MIN
DY MAX MIN AVG DEP HDD CDD  WTR  SNW DPTH SPD SPD DIR MIN PSBL S-S WX    SPD DR
================================================================================

 1  96  76  86   M   0  21 0.00    M    M  6.8 14 150   M    M   5 1      20 130
 2  96  72  84   M   0  19 0.00    M    M  3.7  9 130   M    M   4 1      17 130
 3  95  71  83   M   0  18 0.00    M    M  3.0 10 110   M    M   2 18      M  M
 4  95  71  83   M   0  18 0.00    M    M  3.0  9 120   M    M   1         M  M
 5  96  69  83   M   0  18 0.00    M    M  1.5  7 250   M    M   1         M  M
 6  96  71  84   M   0  19 0.00    M    M  2.3  8 110   M    M   1 1       M  M
 7  83  69  76   M   0  11 0.00    M    M  8.3 18 340   M    M   2        23 340
 8  87  62  75   M   0  10 0.00    M    M  2.7  8 350   M    M   1         M  M
 9  96  66  81   M   0  16 0.00    M    M  6.6 16 170   M    M   4 1      20 170
10  98  74  86   M   0  21 0.00    M    M 10.5 21 180   M    M   4        28 190
11  79  50  65   M   0   0 0.11    M    M 12.6 25 350   M    M   9        33 350
12  69  54  62   M   3   0 0.00    M    M  7.4 17  10   M    M   5        28  10
13  80  57  69   M   0   4 0.00    M    M  1.3  6 180   M    M   7         M  M
14  94  72  83   M   0  18 0.00    M    M  2.3  8 170   M    M   6         M  M
15  95  77  86   M   0  21 0.00    M    M  5.0 12 210   M    M   5        17 210
16  80  57  69   M   0   4 0.05    M    M  6.9 14 350   M    M   6 3      24 350
17  76  50  63   M   2   0 0.00    M    M  2.3  8  60   M    M   0         M  M
18  85  48  67   M   0   2 0.00    M    M  2.1  8 160   M    M   0         M  M
19  94  66  80   M   0  15 0.00    M    M  4.2 10 190   M    M   5 1      16 360
================================================================================
SM 1690 1232         5 235  0.16    M     92.5          M       68
================================================================================
AV 89.0 64.8                               4.9 FASTST   M    M   4    MAX(MPH)
                                 MISC ---->  # 25 350               # 33  350
================================================================================
NOTES:
# LAST OF SEVERAL OCCURRENCES

COLUMN 17 PEAK WIND IN M.P.H.

PRELIMINARY LOCAL CLIMATOLOGICAL DATA (WS FORM: F-6) , PAGE 2

                                          STATION:  LA GRANGE
                                          MONTH:    OCTOBER
                                          YEAR:     2019
                                          LATITUDE:   29 54 N
                                          LONGITUDE:  96 57 W

[TEMPERATURE DATA]      [PRECIPITATION DATA]       SYMBOLS USED IN COLUMN 16

AVERAGE MONTHLY: 76.9   TOTAL FOR MONTH:   0.16    1 = FOG OR MIST
DPTR FM NORMAL:     M   DPTR FM NORMAL:       M    2 = FOG REDUCING VISIBILITY
HIGHEST:    98 ON 10    GRTST 24HR  0.11 ON 11-11      TO 1/4 MILE OR LESS
LOWEST:     48 ON 18                               3 = THUNDER
                        SNOW, ICE PELLETS, HAIL    4 = ICE PELLETS
                        TOTAL MONTH:    M          5 = HAIL
                        GRTST 24HR    M  ON   M    6 = FREEZING RAIN OR DRIZZLE
                        GRTST DEPTH:  M  ON   M    7 = DUSTSTORM OR SANDSTORM:
                                                       VSBY 1/2 MILE OR LESS
                                                   8 = SMOKE OR HAZE
[NO. OF DAYS WITH]      [WEATHER - DAYS WITH]      9 = BLOWING SNOW
                                                   X = TORNADO
MAX 32 OR BELOW:   0    0.01 INCH OR MORE:   2
MAX 90 OR ABOVE:  11    0.10 INCH OR MORE:   1
MIN 32 OR BELOW:   0    0.50 INCH OR MORE:   0
MIN  0 OR BELOW:   0    1.00 INCH OR MORE:   0

[HDD (BASE 65) ]
TOTAL THIS MO.     5    CLEAR  (SCALE 0-3)   8
DPTR FM NORMAL     M    PTCLDY (SCALE 4-7)  10
TOTAL FM JUL 1     5    CLOUDY (SCALE 8-10)  1
DPTR FM NORMAL     M

[CDD (BASE 65) ]
TOTAL THIS MO.   235
DPTR FM NORMAL     M    [PRESSURE DATA]
TOTAL FM JAN 1  3435    HIGHEST SLP M ON M
DPTR FM NORMAL     M    LOWEST  SLP M ON M

[REMARKS]
