000
CXUS54 KEWX 241010
CF63T5
PRELIMINARY LOCAL CLIMATOLOGICAL DATA (WS FORM: F-6)

                                          STATION:   LA GRANGE
                                          MONTH:     JANUARY
                                          YEAR:      2020
                                          LATITUDE:   29 54 N
                                          LONGITUDE:  96 57 W

  TEMPERATURE IN F:       :PCPN:    SNOW:  WIND      :SUNSHINE: SKY     :PK WND
================================================================================
1   2   3   4   5  6A  6B    7    8   9   10  11  12  13   14  15   16   17  18
                                     12Z  AVG MX 2MIN
DY MAX MIN AVG DEP HDD CDD  WTR  SNW DPTH SPD SPD DIR MIN PSBL S-S WX    SPD DR
================================================================================

 1  57  51  54   M  11   0 0.00    M    M  2.2  7 160   M    M  10         M  M
 2  61  50  56   M   9   0 0.07    M    M  1.5  9 130   M    M   9 12     16 260
 3  67  47  57   M   8   0 0.00    M    M  5.7 16 340   M    M   4 12     21 360
 4  71  35  53   M  12   0 0.00    M    M  2.5  9 310   M    M   0         M  M
 5  75  42  59   M   6   0 0.00    M    M  6.6 13 210   M    M   0        17 210
 6  76  41  59   M   6   0 0.00    M    M  3.9 12 210   M    M   1 12     17 210
 7  67  38  53   M  12   0 0.00    M    M  3.2  9  40   M    M   0         M  M
 8  70  31  51   M  14   0 0.00    M    M  6.3 17 160   M    M   2        25 160
 9  76  60  68   M   0   3 0.00    M    M 10.2 20 180   M    M   9        31 170
10  75  60  68   M   0   3 0.28    M    M 13.6 21 320   M    M  10        32 170
11  60  39  50   M  15   0 0.01    M    M  7.7 16 330   M    M   4        25 320
12  63  33  48   M  17   0 0.00    M    M  2.8  9 180   M    M   0         M  M
13  62  51  57   M   8   0 0.08    M    M  1.6  7 100   M    M   9 12      M  M
14  78  61  70   M   0   5 0.01    M    M  1.6 10 170   M    M  10 128     M  M
15  82  70  76   M   0  11 0.00    M    M  6.0 14 200   M    M   8 1      21 200
16  74  63  69   M   0   4 0.53    M    M  3.3  9  20   M    M  10 18      M  M
17  76  64  70   M   0   5 0.11    M    M  7.1 14 180   M    M   9 1      20 180
18  71  51  61   M   4   0 0.04    M    M  6.5 13 350   M    M   7 138    22 360
19  58  39  49   M  16   0 0.00    M    M  7.7 13  30   M    M   0        21  20
20  61  34  48   M  17   0 0.00    M    M  1.8  7  70   M    M   1         M  M
21  63  38  51   M  14   0 0.00    M    M  5.0 12 150   M    M   3        17 150
22  60  49  55   M  10   0 0.48    M    M  6.9 13 150   M    M  10 1      23 150
23  64  43  54   M  11   0 0.00    M    M  6.4 14 350   M    M   5 18     21 350
================================================================================
SM 1567 1090       190  31  1.61    M    120.1          M      121
================================================================================
AV 68.1 47.4                               5.2 FASTST   M    M   5    MAX(MPH)
                                 MISC ---->  # 21 320               # 32  170
================================================================================
NOTES:
# LAST OF SEVERAL OCCURRENCES

COLUMN 17 PEAK WIND IN M.P.H.

PRELIMINARY LOCAL CLIMATOLOGICAL DATA (WS FORM: F-6) , PAGE 2

                                          STATION:  LA GRANGE
                                          MONTH:    JANUARY
                                          YEAR:     2020
                                          LATITUDE:   29 54 N
                                          LONGITUDE:  96 57 W

[TEMPERATURE DATA]      [PRECIPITATION DATA]       SYMBOLS USED IN COLUMN 16

AVERAGE MONTHLY: 57.8   TOTAL FOR MONTH:   1.61    1 = FOG OR MIST
DPTR FM NORMAL:     M   DPTR FM NORMAL:       M    2 = FOG REDUCING VISIBILITY
HIGHEST:    82 ON 15    GRTST 24HR  0.53 ON 16-16      TO 1/4 MILE OR LESS
LOWEST:     31 ON  8                               3 = THUNDER
                        SNOW, ICE PELLETS, HAIL    4 = ICE PELLETS
                        TOTAL MONTH:    M          5 = HAIL
                        GRTST 24HR    M  ON   M    6 = FREEZING RAIN OR DRIZZLE
                        GRTST DEPTH:  M  ON   M    7 = DUSTSTORM OR SANDSTORM:
                                                       VSBY 1/2 MILE OR LESS
                                                   8 = SMOKE OR HAZE
[NO. OF DAYS WITH]      [WEATHER - DAYS WITH]      9 = BLOWING SNOW
                                                   X = TORNADO
MAX 32 OR BELOW:   0    0.01 INCH OR MORE:   9
MAX 90 OR ABOVE:   0    0.10 INCH OR MORE:   4
MIN 32 OR BELOW:   1    0.50 INCH OR MORE:   1
MIN  0 OR BELOW:   0    1.00 INCH OR MORE:   0

[HDD (BASE 65) ]
TOTAL THIS MO.   190    CLEAR  (SCALE 0-3)   8
DPTR FM NORMAL     M    PTCLDY (SCALE 4-7)   6
TOTAL FM JUL 1   813    CLOUDY (SCALE 8-10)  9
DPTR FM NORMAL     M

[CDD (BASE 65) ]
TOTAL THIS MO.    31
DPTR FM NORMAL     M    [PRESSURE DATA]
TOTAL FM JAN 1    31    HIGHEST SLP M ON M
DPTR FM NORMAL     M    LOWEST  SLP M ON M

[REMARKS]
