000
CXUS51 KPHI 250800
CF655N
PRELIMINARY LOCAL CLIMATOLOGICAL DATA (WS FORM: F-6)

                                          STATION:   Atlantic City Marina
                                          MONTH:     FEBRUARY
                                          YEAR:      2018
                                          LATITUDE:   39 22 N
                                          LONGITUDE:  74 25 W

  TEMPERATURE IN F:       :PCPN:    SNOW:  WIND      :SUNSHINE: SKY     :PK WND
================================================================================
1   2   3   4   5  6A  6B    7    8   9   10  11  12  13   14  15   16   17  18
                                     12Z  AVG MX 2MIN
DY MAX MIN AVG DEP HDD CDD  WTR  SNW DPTH SPD SPD DIR MIN PSBL S-S WX    SPD DR
================================================================================

 1  44  37  41   5  24   0 0.00    M    M  6.7 13 270   M    M   M        21 240
 2  44  22  33  -3  32   0 0.08    M    M  9.8 19 320   M    M   M        29 310
 3  33  18  26 -10  39   0 0.00    M    M  6.4 14 270   M    M   M        20 270
 4  50  33  42   6  23   0 1.06    M    M  7.6 18 170   M    M   M        28 170
 5  42  28  35  -1  30   0 0.00    M    M  8.2 18 320   M    M   M        29 320
 6  43  28  36   0  29   0 0.00    M    M  3.9 13 270   M    M   M        16 270
 7  50  31  41   5  24   0 0.65    M    M  7.1 20 280   M    M   M        29 280
 8  39  28  34  -2  31   0 0.00    M    M  8.2 15 320   M    M   M        24 310
 9  43  28  36   0  29   0 0.00    M    M  4.6 12 170   M    M   M        16 170
10  52  43  48  12  17   0 0.39    M    M  4.8 13 270   M    M   M        22 190
11  54  45  50  14  15   0 1.90    M    M  6.7 19 290   M    M   M        28 290
12  55  37  46   9  19   0 0.58    M    M  5.5 13 320   M    M   M        22 320
13  37  29  33  -4  32   0 0.00    M    M  6.1 16  80   M    M   M        22  80
14  47  35  41   4  24   0 0.03    M    M  5.3 16 270   M    M   M        20 270
15  58  42  50  13  15   0 0.01    M    M  5.2 16 270   M    M   M        20 270
16  61  41  51  14  14   0 0.05    M    M  7.7 19 310   M    M   M        30 320
17  41  31  36  -1  29   0 0.92    M    M  5.6 14 100   M    M   M        16 100
18  48  35  42   4  23   0 0.00    M    M  6.6 15 290   M    M   M        25 310
19  50  39  45   7  20   0 0.00    M    M  5.6 12 170   M    M   M        16 180
20  59  47  53  15  12   0 0.01    M    M  6.3 11 230   M    M   M        17 240
21  64  46  55  17  10   0 0.01    M    M  4.8 10 230   M    M   M        16 300
22  56  39  48  10  17   0 0.05    M    M 10.7 20  80   M    M   M        29  80
23  45  40  43   5  22   0 0.36    M    M  7.4 14  70   M    M   M        20  50
24  53  45  49  10  16   0 0.00    M    M  5.5 13 280   M    M   M        16 270
================================================================================
SM 1168  847       546   0  6.10    M    156.3          M        M
================================================================================
AV 48.7 35.3                               6.5 FASTST   M    M   6    MAX(MPH)
                                 MISC ---->  # 20 280               # 30  320
================================================================================
NOTES:
# LAST OF SEVERAL OCCURRENCES

COLUMN 17 PEAK WIND IN M.P.H.

PRELIMINARY LOCAL CLIMATOLOGICAL DATA (WS FORM: F-6) , PAGE 2

                                          STATION:  Atlantic City Marina
                                          MONTH:    FEBRUARY
                                          YEAR:     2018
                                          LATITUDE:   39 22 N
                                          LONGITUDE:  74 25 W

[TEMPERATURE DATA]      [PRECIPITATION DATA]       SYMBOLS USED IN COLUMN 16

AVERAGE MONTHLY: 42.0   TOTAL FOR MONTH:   6.10    1 = FOG OR MIST
DPTR FM NORMAL:   5.1   DPTR FM NORMAL:    3.66    2 = FOG REDUCING VISIBILITY
HIGHEST:    64 ON 21    GRTST 24HR  1.90 ON 11-11      TO 1/4 MILE OR LESS
LOWEST:     18 ON  3                               3 = THUNDER
                        SNOW, ICE PELLETS, HAIL    4 = ICE PELLETS
                        TOTAL MONTH:    M          5 = HAIL
                        GRTST 24HR    M  ON   M    6 = FREEZING RAIN OR DRIZZLE
                        GRTST DEPTH:  M  ON   M    7 = DUSTSTORM OR SANDSTORM:
                                                       VSBY 1/2 MILE OR LESS
                                                   8 = SMOKE OR HAZE
[NO. OF DAYS WITH]      [WEATHER - DAYS WITH]      9 = BLOWING SNOW
                                                   X = TORNADO
MAX 32 OR BELOW:   0    0.01 INCH OR MORE:  14
MAX 90 OR ABOVE:   0    0.10 INCH OR MORE:   7
MIN 32 OR BELOW:   9    0.50 INCH OR MORE:   5
MIN  0 OR BELOW:   0    1.00 INCH OR MORE:   2

[HDD (BASE 65) ]
TOTAL THIS MO.   546    CLEAR  (SCALE 0-3)   0
DPTR FM NORMAL  -128    PTCLDY (SCALE 4-7)   0
TOTAL FM JUL 1  2948    CLOUDY (SCALE 8-10)  0
DPTR FM NORMAL  -131

[CDD (BASE 65) ]
TOTAL THIS MO.     0
DPTR FM NORMAL     0    [PRESSURE DATA]
TOTAL FM JAN 1     0    HIGHEST SLP M ON M
DPTR FM NORMAL     0    LOWEST  SLP 31.99 ON 16

[REMARKS]
