000
CXUS51 KPHI 240800
CF655N
PRELIMINARY LOCAL CLIMATOLOGICAL DATA (WS FORM: F-6)

                                          STATION:   Atlantic City Marina
                                          MONTH:     MAY
                                          YEAR:      2018
                                          LATITUDE:   39 22 N
                                          LONGITUDE:  74 25 W

  TEMPERATURE IN F:       :PCPN:    SNOW:  WIND      :SUNSHINE: SKY     :PK WND
================================================================================
1   2   3   4   5  6A  6B    7    8   9   10  11  12  13   14  15   16   17  18
                                     12Z  AVG MX 2MIN
DY MAX MIN AVG DEP HDD CDD  WTR  SNW DPTH SPD SPD DIR MIN PSBL S-S WX    SPD DR
================================================================================

 1  77  49  63   7   2   0 0.00    M    M  4.6 11 320   M    M   M        17 320
 2  75  58  67  11   0   2 0.00    M    M  3.9  8 210   M    M   M        14 210
 3  72  62  67  10   0   2 0.00    M    M  4.3  9 200   M    M   M        21 220
 4  71  60  66   9   0   1 0.00    M    M  3.8  8 210   M    M   M        17 210
 5  72  58  65   8   0   0 0.00    M    M  4.7 12 130   M    M   M        20 320
 6  59  54  57  -1   8   0 0.07    M    M  4.5 11  90   M    M   M        14  90
 7  63  53  58   0   7   0 0.00    M    M  5.1 11 100   M    M   M        14 110
 8  60  49  55  -3  10   0 0.00    M    M  7.3 13 100   M    M   M        17  60
 9  62  49  56  -2   9   0 0.00    M    M  6.0 12 110   M    M   M        14  90
10  65  50  58  -1   7   0 0.00    M    M  4.4 16 180   M    M   M        20 190
11  69  60  65   6   0   0 0.00    M    M  6.0 12 130   M    M   M        15 130
12  68  56  62   3   3   0 1.13    M    M  8.5 18 170   M    M   M 3      25 170
13  57  53  55  -5  10   0 0.36    M    M  9.8 16  80   M    M   M        21  80
14  62  54  58  -2   7   0 0.25    M    M  4.8 10 170   M    M   M        16 200
15  72  58  65   5   0   0 0.85    M    M  3.8 15 330   M    M   M 3      23 330
16  65  58  62   2   3   0 0.72    M    M  4.7 11  90   M    M   M        14  90
17  62  57  60  -1   5   0 0.91    M    M  4.6  8  80   M    M   M        11  60
18  62  52  57  -4   8   0 0.48    M    M 10.7 20  80   M    M   M        28  80
19  63  51  57  -4   8   0 0.33    M    M  6.8 14  80   M    M   M        19  80
20  75  62  69   7   0   4 0.00    M    M  3.5  6 250   M    M   M        17 220
21  66  58  62   0   3   0 0.00    M    M  6.0 16 100   M    M   M        20 100
22  64  58  61  -1   4   0 0.09    M    M  4.8 11 150   M    M   M        16 160
23  80  61  71   8   0   6 0.00    M    M  3.9 11 320   M    M   M        17 310
================================================================================
SM 1541 1280        94  15  5.19    M    126.5          M        M
================================================================================
AV 67.0 55.7                               5.5 FASTST   M    M   5    MAX(MPH)
                                 MISC ---->  # 20  80               # 28   80
================================================================================
NOTES:
# LAST OF SEVERAL OCCURRENCES

COLUMN 17 PEAK WIND IN M.P.H.

PRELIMINARY LOCAL CLIMATOLOGICAL DATA (WS FORM: F-6) , PAGE 2

                                          STATION:  Atlantic City Marina
                                          MONTH:    MAY
                                          YEAR:     2018
                                          LATITUDE:   39 22 N
                                          LONGITUDE:  74 25 W

[TEMPERATURE DATA]      [PRECIPITATION DATA]       SYMBOLS USED IN COLUMN 16

AVERAGE MONTHLY: 61.3   TOTAL FOR MONTH:   5.19    1 = FOG OR MIST
DPTR FM NORMAL:   2.0   DPTR FM NORMAL:    2.81    2 = FOG REDUCING VISIBILITY
HIGHEST:    80 ON 23    GRTST 24HR  1.13 ON 12-12      TO 1/4 MILE OR LESS
LOWEST:     49 ON  9, 8                            3 = THUNDER
                        SNOW, ICE PELLETS, HAIL    4 = ICE PELLETS
                        TOTAL MONTH:    M          5 = HAIL
                        GRTST 24HR    M  ON   M    6 = FREEZING RAIN OR DRIZZLE
                        GRTST DEPTH:  M  ON   M    7 = DUSTSTORM OR SANDSTORM:
                                                       VSBY 1/2 MILE OR LESS
                                                   8 = SMOKE OR HAZE
[NO. OF DAYS WITH]      [WEATHER - DAYS WITH]      9 = BLOWING SNOW
                                                   X = TORNADO
MAX 32 OR BELOW:   0    0.01 INCH OR MORE:  10
MAX 90 OR ABOVE:   0    0.10 INCH OR MORE:   8
MIN 32 OR BELOW:   0    0.50 INCH OR MORE:   4
MIN  0 OR BELOW:   0    1.00 INCH OR MORE:   1

[HDD (BASE 65) ]
TOTAL THIS MO.    94    CLEAR  (SCALE 0-3)   0
DPTR FM NORMAL   -53    PTCLDY (SCALE 4-7)   0
TOTAL FM JUL 1  4367    CLOUDY (SCALE 8-10)  0
DPTR FM NORMAL   -44

[CDD (BASE 65) ]
TOTAL THIS MO.    15
DPTR FM NORMAL    -1    [PRESSURE DATA]
TOTAL FM JAN 1    15    HIGHEST SLP M ON M
DPTR FM NORMAL    -5    LOWEST  SLP 31.99 ON 15

[REMARKS]
