000
CXUS51 KPHI 180915
CF655N
PRELIMINARY LOCAL CLIMATOLOGICAL DATA (WS FORM: F-6)

                                          STATION:   ATLANTIC CITY MARINA
                                          MONTH:     FEBRUARY
                                          YEAR:      2020
                                          LATITUDE:   39 22 N
                                          LONGITUDE:  74 25 W

  TEMPERATURE IN F:       :PCPN:    SNOW:  WIND      :SUNSHINE: SKY     :PK WND
================================================================================
1   2   3   4   5  6A  6B    7    8   9   10  11  12  13   14  15   16   17  18
                                     12Z  AVG MX 2MIN
DY MAX MIN AVG DEP HDD CDD  WTR  SNW DPTH SPD SPD DIR MIN PSBL S-S WX    SPD DR
================================================================================

 1  44  36  40   4  25   0 0.06    M    M  3.1  8  40   M    M   M 12      M   M
 2  45  38  42   6  23   0 0.10    M    M  7.8 16 260   M    M   M         M   M
 3  61  38  50  14  15   0 0.00    M    M  8.2 15 290   M    M   M         M   M
 4  59  48  54  18  11   0 0.01    M    M  7.5 16 230   M    M   M         M   M
 5  53  40  47  11  18   0 0.03    M    M  9.5 18 100   M    M   M         M   M
 6  50  42  46  10  19   0 0.97    M    M  6.7 17 100   M    M   M         M   M
 7  56  37  47  11  18   0 0.27    M    M 16.7 37 300   M    M   M         M   M
 8  43  33  38   2  27   0 0.00    M    M  9.4 16 290   M    M   M         M   M
 9  45  37  41   5  24   0 0.00    M    M  6.1 14 220   M    M   M         M   M
10  50  43  47  11  18   0 0.14    M    M 11.9 21 230   M    M   M         M   M
11  53  47  50  14  15   0 0.50    M    M  4.5 15 240   M    M   M         M   M
12  47  40  44   7  21   0 0.03    M    M  6.8 17 330   M    M   M         M   M
13  55  42  49  12  16   0 0.20    M    M  8.8 24 220   M    M   M         M   M
14  42  23  33  -4  32   0 0.00    M    M  8.3 18 330   M    M   M         M   M
15  35  17  26 -11  39   0 0.00    M    M  6.6 16 240   M    M   M         M   M
16  45  34  40   3  25   0 0.00    M    M  9.1 18 230   M    M   M         M   M
17  46  38  42   5  23   0 0.00    M    M  5.4 13  90   M    M   M         M   M
================================================================================
SM  829  633       369   0  2.31    M    136.4          M        M
================================================================================
AV 48.8 37.2                               8.0 FASTST   M    M   M    MAX(MPH)
                                 MISC ---->    37 300                  M   M
================================================================================
NOTES:
# LAST OF SEVERAL OCCURRENCES

COLUMN 17 PEAK WIND IN M.P.H.

PRELIMINARY LOCAL CLIMATOLOGICAL DATA (WS FORM: F-6) , PAGE 2

                                          STATION:   ATLANTIC CITY MARINA
                                          MONTH:     FEBRUARY
                                          YEAR:      2020
                                          LATITUDE:   39 22 N
                                          LONGITUDE:  74 25 W

[TEMPERATURE DATA]      [PRECIPITATION DATA]       SYMBOLS USED IN COLUMN 16

AVERAGE MONTHLY: 43.0   TOTAL FOR MONTH:   2.31    1 = FOG OR MIST
DPTR FM NORMAL:   6.6   DPTR FM NORMAL:    0.60    2 = FOG REDUCING VISIBILITY
HIGHEST:    61 ON  3    GRTST 24HR  0.97 ON  6- 6      TO 1/4 MILE OR LESS
LOWEST:     17 ON 15                               3 = THUNDER
                        SNOW, ICE PELLETS, HAIL    4 = ICE PELLETS
                        TOTAL MONTH:  M            5 = HAIL
                        GRTST 24HR    M  ON   M    6 = FREEZING RAIN OR DRIZZLE
                        GRTST DEPTH:  M  ON   M    7 = DUSTSTORM OR SANDSTORM:
                                                       VSBY 1/2 MILE OR LESS
                                                   8 = SMOKE OR HAZE
[NO. OF DAYS WITH]      [WEATHER - DAYS WITH]      9 = BLOWING SNOW
                                                   X = TORNADO
MAX 32 OR BELOW:   0    0.01 INCH OR MORE:  10
MAX 90 OR ABOVE:   0    0.10 INCH OR MORE:   6
MIN 32 OR BELOW:   2    0.50 INCH OR MORE:   2
MIN  0 OR BELOW:   0    1.00 INCH OR MORE:   0

[HDD (BASE 65) ]
TOTAL THIS MO.   369    CLEAR  (SCALE 0-3)   0
DPTR FM NORMAL  -117    PTCLDY (SCALE 4-7)   0
TOTAL FM JUL 1  2542    CLOUDY (SCALE 8-10) 17
DPTR FM NORMAL  -349

[CDD (BASE 65) ]
TOTAL THIS MO.     0
DPTR FM NORMAL     0    [PRESSURE DATA]
TOTAL FM JAN 1     0    HIGHEST SLP M ON M
DPTR FM NORMAL     0    LOWEST  SLP 28.94 ON  7

[REMARKS]
