000
CXUS51 KPHI 210800
CF655N
PRELIMINARY LOCAL CLIMATOLOGICAL DATA (WS FORM: F-6)

                                          STATION:   Atlantic City Marina
                                          MONTH:     AUGUST
                                          YEAR:      2018
                                          LATITUDE:   39 22 N
                                          LONGITUDE:  74 25 W

  TEMPERATURE IN F:       :PCPN:    SNOW:  WIND      :SUNSHINE: SKY     :PK WND
================================================================================
1   2   3   4   5  6A  6B    7    8   9   10  11  12  13   14  15   16   17  18
                                     12Z  AVG MX 2MIN
DY MAX MIN AVG DEP HDD CDD  WTR  SNW DPTH SPD SPD DIR MIN PSBL S-S WX    SPD DR
================================================================================

 1  82  76  79   3   0  14 0.00    M    M  4.9 10 160   M    M   M        21 210
 2  82  77  80   4   0  15 0.00    M    M  3.9  8 210   M    M   M        19 210
 3  83  76  80   4   0  15 0.00    M    M  3.7 10 200   M    M   M        21 200
 4  86  76  81   5   0  16 0.02    M    M  3.9  9 320   M    M   M        14 210
 5  88  75  82   6   0  17 0.00    M    M  3.8 10 170   M    M   M        15 210
 6  87  76  82   6   0  17 0.00    M    M  3.6 10 190   M    M   M        15 200
 7  83  74  79   3   0  14 0.22    M    M  3.3  9 290   M    M   M        17 210
 8  84  73  79   3   0  14 0.08    M    M  3.4 12 180   M    M   M        18 180
 9  89  74  82   6   0  17 0.00    M    M  3.6 11 320   M    M   M        15 320
10  84  72  78   2   0  13 0.00    M    M  4.3 12 180   M    M   M        18 180
11  84  73  79   4   0  14 0.24    M    M  2.9 10  90   M    M   M        13 210
12  80  72  76   1   0  11 0.00    M    M  4.6 11 110   M    M   M        14 100
13  83  76  80   5   0  15 0.01    M    M  3.3 11 160   M    M   M        14 160
14  83  72  78   3   0  13 0.04    M    M  3.8  9 290   M    M   M        15 270
15  88  74  81   6   0  16 0.00    M    M  5.0 10 290   M    M   M        17 290
16  88  75  82   7   0  17 0.00    M    M  3.3 11 180   M    M   M        14 180
17  84  77  81   6   0  16 0.00    M    M  3.7 12 180   M    M   M        21 200
18  89  75  82   7   0  17 0.02    M    M  3.4 12 290   M    M   M        22 290
19  77  71  74  -1   0   9 0.60    M    M  8.2 14  50   M    M   M        20  80
20  74  70  72  -3   0   7 0.01    M    M  6.5 12  90   M    M   M        15  90
================================================================================
SM 1678 1484         0 287  1.24    M     83.1          M        M
================================================================================
AV 83.9 74.2                               4.2 FASTST   M    M   6    MAX(MPH)
                                 MISC ---->  # 14  50               # 22  290
================================================================================
NOTES:
# LAST OF SEVERAL OCCURRENCES

COLUMN 17 PEAK WIND IN M.P.H.

PRELIMINARY LOCAL CLIMATOLOGICAL DATA (WS FORM: F-6) , PAGE 2

                                          STATION:  Atlantic City Marina
                                          MONTH:    AUGUST
                                          YEAR:     2018
                                          LATITUDE:   39 22 N
                                          LONGITUDE:  74 25 W

[TEMPERATURE DATA]      [PRECIPITATION DATA]       SYMBOLS USED IN COLUMN 16

AVERAGE MONTHLY: 79.1   TOTAL FOR MONTH:   1.24    1 = FOG OR MIST
DPTR FM NORMAL:   3.6   DPTR FM NORMAL:   -1.48    2 = FOG REDUCING VISIBILITY
HIGHEST:    89 ON 18, 9 GRTST 24HR  0.60 ON 19-19      TO 1/4 MILE OR LESS
LOWEST:     70 ON 20                               3 = THUNDER
                        SNOW, ICE PELLETS, HAIL    4 = ICE PELLETS
                        TOTAL MONTH:    M          5 = HAIL
                        GRTST 24HR    M  ON   M    6 = FREEZING RAIN OR DRIZZLE
                        GRTST DEPTH:  M  ON   M    7 = DUSTSTORM OR SANDSTORM:
                                                       VSBY 1/2 MILE OR LESS
                                                   8 = SMOKE OR HAZE
[NO. OF DAYS WITH]      [WEATHER - DAYS WITH]      9 = BLOWING SNOW
                                                   X = TORNADO
MAX 32 OR BELOW:   0    0.01 INCH OR MORE:   9
MAX 90 OR ABOVE:   0    0.10 INCH OR MORE:   3
MIN 32 OR BELOW:   0    0.50 INCH OR MORE:   1
MIN  0 OR BELOW:   0    1.00 INCH OR MORE:   0

[HDD (BASE 65) ]
TOTAL THIS MO.     0    CLEAR  (SCALE 0-3)   0
DPTR FM NORMAL     0    PTCLDY (SCALE 4-7)   0
TOTAL FM JUL 1     0    CLOUDY (SCALE 8-10)  0
DPTR FM NORMAL     0

[CDD (BASE 65) ]
TOTAL THIS MO.   287
DPTR FM NORMAL    77    [PRESSURE DATA]
TOTAL FM JAN 1   833    HIGHEST SLP M ON M
DPTR FM NORMAL    85    LOWEST  SLP 31.99 ON 18

[REMARKS]
