744
CXUS54 KEWX 170910
CF65T9
PRELIMINARY LOCAL CLIMATOLOGICAL DATA (WS FORM: F-6)

                                          STATION:   Eagle Pass
                                          MONTH:     OCTOBER
                                          YEAR:      2019
                                          LATITUDE:   28 51 N
                                          LONGITUDE: 100 31 W

  TEMPERATURE IN F:       :PCPN:    SNOW:  WIND      :SUNSHINE: SKY     :PK WND
================================================================================
1   2   3   4   5  6A  6B    7    8   9   10  11  12  13   14  15   16   17  18
                                     12Z  AVG MX 2MIN
DY MAX MIN AVG DEP HDD CDD  WTR  SNW DPTH SPD SPD DIR MIN PSBL S-S WX    SPD DR
================================================================================

 1  97  79  88   M   0  23 0.00    M    M 11.7 20 140   M    M   7        28 140
 2  99  75  87   M   0  22 0.00    M    M  9.4 14 120   M    M   6        20 140
 3  95  75  85   M   0  20 0.00    M    M  6.9 12 120   M    M   5        20 120
 4  95  70  83   M   0  18 0.00    M    M  4.6  8 140   M    M   3        14  90
 5  99  70  85   M   0  20 0.00    M    M  5.3  8 110   M    M   0        16  99
 6  99  72  86   M   0  21 0.00    M    M  6.5 12  90   M    M   0        16  99
 7  84  70  77   M   0  12 0.00    M    M  8.8 17 320   M    M   5        25 310
 8  90  63  77   M   0  12 0.00    M    M  5.4  9 130   M    M   2 8      15 100
 9  97  68  83   M   0  18 0.00    M    M  9.3 15 150   M    M   2        27 150
10 100  77  89   M   0  24 0.00    M    M  9.1 14 140   M    M   3        22 150
11  84  52  68   M   0   3 0.00    M    M 13.6 25 330   M    M   9 8      37 330
12  73  59  66   M   0   1 0.00    M    M  4.4  8 310   M    M   8         M  M
13  82  59  71   M   0   6 0.00    M    M  2.1  7 210   M    M   0         M  M
14  91  64  78   M   0  13 0.00    M    M  2.2  8 170   M    M   3        12 150
15  97  73  85   M   0  20 0.00    M    M  4.4  9  90   M    M   3        14  99
16  81  61  71   M   0   6 0.00    M    M  5.0 10 320   M    M   9 18     20  20
================================================================================
SM 1463 1087         0 239  0.00    M    108.7          M       65
================================================================================
AV 91.4 67.9                               6.8 FASTST   M    M   4    MAX(MPH)
                                 MISC ---->  # 25 330               # 37  330
================================================================================
NOTES:
# LAST OF SEVERAL OCCURRENCES

COLUMN 17 PEAK WIND IN M.P.H.

PRELIMINARY LOCAL CLIMATOLOGICAL DATA (WS FORM: F-6) , PAGE 2

                                          STATION:  Eagle Pass
                                          MONTH:    OCTOBER
                                          YEAR:     2019
                                          LATITUDE:   28 51 N
                                          LONGITUDE: 100 31 W

[TEMPERATURE DATA]      [PRECIPITATION DATA]       SYMBOLS USED IN COLUMN 16

AVERAGE MONTHLY: 79.7   TOTAL FOR MONTH:   0.00    1 = FOG OR MIST
DPTR FM NORMAL:     M   DPTR FM NORMAL:       M    2 = FOG REDUCING VISIBILITY
HIGHEST:   100 ON 10    GRTST 24HR  0.00 ON 16-16      TO 1/4 MILE OR LESS
LOWEST:     52 ON 11                               3 = THUNDER
                        SNOW, ICE PELLETS, HAIL    4 = ICE PELLETS
                        TOTAL MONTH:    M          5 = HAIL
                        GRTST 24HR    M  ON   M    6 = FREEZING RAIN OR DRIZZLE
                        GRTST DEPTH:  M  ON   M    7 = DUSTSTORM OR SANDSTORM:
                                                       VSBY 1/2 MILE OR LESS
                                                   8 = SMOKE OR HAZE
[NO. OF DAYS WITH]      [WEATHER - DAYS WITH]      9 = BLOWING SNOW
                                                   X = TORNADO
MAX 32 OR BELOW:   0    0.01 INCH OR MORE:   0
MAX 90 OR ABOVE:  11    0.10 INCH OR MORE:   0
MIN 32 OR BELOW:   0    0.50 INCH OR MORE:   0
MIN  0 OR BELOW:   0    1.00 INCH OR MORE:   0

[HDD (BASE 65) ]
TOTAL THIS MO.     0    CLEAR  (SCALE 0-3)   8
DPTR FM NORMAL     M    PTCLDY (SCALE 4-7)   6
TOTAL FM JUL 1     0    CLOUDY (SCALE 8-10)  2
DPTR FM NORMAL     M

[CDD (BASE 65) ]
TOTAL THIS MO.   239
DPTR FM NORMAL     M    [PRESSURE DATA]
TOTAL FM JAN 1  3724    HIGHEST SLP M ON M
DPTR FM NORMAL     M    LOWEST  SLP M ON M

[REMARKS]
