000
NZUS97 KBTV 250800
CF66B0
PRELIMINARY LOCAL CLIMATOLOGICAL DATA (WS FORM: F-6)

                                          STATION:   MIDDLEBURY STATE AIRPORT
                                          MONTH:     FEBRUARY
                                          YEAR:      2020
                                          LATITUDE:   43 59 N
                                          LONGITUDE:  73  6 W

  TEMPERATURE IN F:       :PCPN:    SNOW:  WIND      :SUNSHINE: SKY     :PK WND
================================================================================
1   2   3   4   5  6A  6B    7    8   9   10  11  12  13   14  15   16   17  18
                                     12Z  AVG MX 2MIN
DY MAX MIN AVG DEP HDD CDD  WTR  SNW DPTH SPD SPD DIR MIN PSBL S-S WX    SPD DR
================================================================================

 1  32  25  29   M  36   0 0.00    M    M  2.6  8 360   M    M  10         M   M
 2  33  24  29   M  36   0 0.00    M    M  1.5  5 170   M    M  10 1       M   M
 3  40  27  34   M  31   0 0.00    M    M  1.8  8 170   M    M   8         M   M
 4  39  25  32   M  33   0 0.00    M    M  0.3  5 360   M    M   9         M   M
 5  34  20  27   M  38   0 0.00    M    M  6.9 15 360   M    M   4        23  10
 6  28  19  24   M  41   0 0.16    M    M  3.0  7 350   M    M  10 1       M   M
 7  28  13  21   M  44   0 0.27    M    M  6.8 20 360   M    M  10        25 360
 8  18  -5   7   M  58   0 0.00    M    M  3.0  8 350   M    M   4         M   M
 9  25 -11   7   M  58   0 0.00    M    M  0.9  5 250   M    M   6         M   M
10  36  24  30   M  35   0 0.00    M    M  4.7 14 170   M    M  10 12     22 170
11  33  26  30   M  35   0 0.00    M    M  0.2  6 360   M    M  10 12      M   M
12  36  28  32   M  33   0 0.00    M    M  5.5 14 190   M    M   5        22   0
13  35  14  25   M  40   0 0.11    M    M  3.9 15 360   M    M  10        25 360
14  14  -8   3   M  62   0 0.00    M    M  8.5 16 360   M    M   3        22  10
15  24 -13   6   M  59   0 0.00    M    M  5.5 16 180   M    M   1        21 160
16  33  23  28   M  37   0 0.00    M    M  8.4 16 190   M    M  10        21 190
17  32   9  21   M  44   0 0.00    M    M  4.8 13 360   M    M   5        20 360
18  37   8  23   M  42   0 0.00    M    M  5.9 14 180   M    M   9 8      24 160
19  37  15  26   M  39   0 0.00    M    M  7.0 15 350   M    M   6        21 260
20  18   3  11   M  54   0 0.00    M    M  3.8 10 350   M    M   6 8      16 360
21  27  -7  10   M  55   0 0.00    M    M  6.0 16 170   M    M   0        23 180
22  37  22  30   M  35   0 0.00    M    M  7.4 13 170   M    M   1        18 170
23  45  30  38   M  27   0 0.00    M    M  7.0 14 190   M    M   0        17 180
24  50  28  39   M  26   0 0.00    M    M  5.1 14 170   M    M   1        23 180
================================================================================
SM  771  339       998   0  0.54    M    110.3          M      148
================================================================================
AV 32.1 14.1                               4.6 FASTST   M    M   6    MAX(MPH)
                                 MISC ---->    20 360               # 25 360
================================================================================
NOTES:
# LAST OF SEVERAL OCCURRENCES

COLUMN 17 PEAK WIND IN M.P.H.

PRELIMINARY LOCAL CLIMATOLOGICAL DATA (WS FORM: F-6) , PAGE 2

                                          STATION:   MIDDLEBURY STATE AIRPORT
                                          MONTH:     FEBRUARY
                                          YEAR:      2020
                                          LATITUDE:   43 59 N
                                          LONGITUDE:  73  6 W

[TEMPERATURE DATA]      [PRECIPITATION DATA]       SYMBOLS USED IN COLUMN 16

AVERAGE MONTHLY: 23.1   TOTAL FOR MONTH:   0.54    1 = FOG OR MIST
DPTR FM NORMAL:   0.0   DPTR FM NORMAL:    0.54    2 = FOG REDUCING VISIBILITY
HIGHEST:    50 ON 24    GRTST 24HR  0.27 ON  7- 7      TO 1/4 MILE OR LESS
LOWEST:    -13 ON 15                               3 = THUNDER
                        SNOW, ICE PELLETS, HAIL    4 = ICE PELLETS
                        TOTAL MONTH:  M            5 = HAIL
                        GRTST 24HR    M  ON   M    6 = FREEZING RAIN OR DRIZZLE
                        GRTST DEPTH:  M  ON   M    7 = DUSTSTORM OR SANDSTORM:
                                                       VSBY 1/2 MILE OR LESS
                                                   8 = SMOKE OR HAZE
[NO. OF DAYS WITH]      [WEATHER - DAYS WITH]      9 = BLOWING SNOW
                                                   X = TORNADO
MAX 32 OR BELOW:  10    0.01 INCH OR MORE:   3
MAX 90 OR ABOVE:   0    0.10 INCH OR MORE:   3
MIN 32 OR BELOW:  24    0.50 INCH OR MORE:   0
MIN  0 OR BELOW:   5    1.00 INCH OR MORE:   0

[HDD (BASE 65) ]
TOTAL THIS MO.   998    CLEAR  (SCALE 0-3)   5
DPTR FM NORMAL     M    PTCLDY (SCALE 4-7)   8
TOTAL FM JUL 1  4739    CLOUDY (SCALE 8-10) 11
DPTR FM NORMAL     M

[CDD (BASE 65) ]
TOTAL THIS MO.     0
DPTR FM NORMAL     M    [PRESSURE DATA]
TOTAL FM JAN 1     0    HIGHEST SLP M ON M
DPTR FM NORMAL     M    LOWEST  SLP M ON M

[REMARKS]
