000
CXUS54 KSJT 231000
CF6ABI
PRELIMINARY LOCAL CLIMATOLOGICAL DATA (WS FORM: F-6)

                                          STATION:   ABILENE
                                          MONTH:     SEPTEMBER
                                          YEAR:      2018
                                          LATITUDE:   32 25 N
                                          LONGITUDE:  99 41 W

  TEMPERATURE IN F:       :PCPN:    SNOW:  WIND      :SUNSHINE: SKY     :PK WND
================================================================================
1   2   3   4   5  6A  6B    7    8   9   10  11  12  13   14  15   16   17  18
                                     12Z  AVG MX 2MIN
DY MAX MIN AVG DEP HDD CDD  WTR  SNW DPTH SPD SPD DIR MIN PSBL S-S WX    SPD DR
================================================================================

 1  96  75  86   6   0  21 0.00  0.0    0 11.4 22 130   M    M   1        27 140
 2  95  73  84   4   0  19 0.14  0.0    0  8.9 25  90   M    M   2 3      33  80
 3  87  69  78  -2   0  13 0.00  0.0    0  6.6 15 140   M    M   3        17 130
 4  79  69  74  -5   0   9 0.21  0.0    0  6.9 17 190   M    M   7 1      23 190
 5  79  72  76  -3   0  11 0.08  0.0    0  5.9 13 120   M    M   6 13     15 250
 6  79  69  74  -5   0   9 1.87  0.0    0  5.0 21  60   M    M   9 138    24  60
 7  80  70  75  -3   0  10 0.64  0.0    0  5.6 18 280   M    M   8 13     22 280
 8  73  68  71  -7   0   6 0.94  0.0    0  5.6 13  40   M    M   8 1      17  10
 9  76  62  69  -9   0   4 0.00  0.0    0  7.9 14  10   M    M   8        17  10
10  81  57  69  -8   0   4 0.00  0.0    0  4.4 12  80   M    M   2        15 360
11  83  58  71  -6   0   6 0.00  0.0    0  4.9 14 110   M    M   1        17 110
12  84  66  75  -2   0  10 0.00  0.0    0  7.4 15 120   M    M   5        23  80
13  85  69  77   1   0  12 0.00  0.0    0  8.8 17 140   M    M   4        22 150
14  87  66  77   1   0  12 0.00  0.0    0  8.4 17  90   M    M   1        22 110
15  82  68  75  -1   0  10 0.56  0.0    0  5.6 25 130   M    M   5 13     30 130
16  87  68  78   3   0  13 0.04  0.0    0  5.5 15 150   M    M   2 1      19 140
17  86  67  77   2   0  12 0.00  0.0    0  6.5 14 210   M    M   2        18 220
18  89  72  81   6   0  16 0.00  0.0    0  9.0 17 160   M    M   4        23 200
19  89  68  79   5   0  14 0.00  0.0    0 10.0 21 150   M    M   1        26 160
20  86  70  78   4   0  13 0.08  0.0    0 12.5 22 150   M    M   3        31 140
21  80  62  71  -3   0   6 0.99  0.0    0 13.3 29 340   M    M   9 1      34  20
22  67  57  62 -11   3   0 0.10  0.0    0 15.5 28 350   M    M  10 18     33 330
================================================================================
SM 1830 1475         3 230  5.65     0.0 175.6          M      101
================================================================================
AV 83.2 67.1                               8.0 FASTST   M    M   5    MAX(MPH)
                                 MISC ---->  # 29 340               # 34   20
================================================================================
NOTES:
# LAST OF SEVERAL OCCURRENCES

COLUMN 17 PEAK WIND IN M.P.H.

PRELIMINARY LOCAL CLIMATOLOGICAL DATA (WS FORM: F-6) , PAGE 2

                                          STATION:  ABILENE
                                          MONTH:    SEPTEMBER
                                          YEAR:     2018
                                          LATITUDE:   32 25 N
                                          LONGITUDE:  99 41 W

[TEMPERATURE DATA]      [PRECIPITATION DATA]       SYMBOLS USED IN COLUMN 16

AVERAGE MONTHLY: 75.1   TOTAL FOR MONTH:   5.65    1 = FOG OR MIST
DPTR FM NORMAL:  -1.7   DPTR FM NORMAL:    3.99    2 = FOG REDUCING VISIBILITY
HIGHEST:    96 ON  1    GRTST 24HR  1.87 ON  6- 6      TO 1/4 MILE OR LESS
LOWEST:     57 ON 22,10                            3 = THUNDER
                        SNOW, ICE PELLETS, HAIL    4 = ICE PELLETS
                        TOTAL MONTH:   0.0 INCH    5 = HAIL
                        GRTST 24HR     0.0         6 = FREEZING RAIN OR DRIZZLE
                        GRTST DEPTH:   0           7 = DUSTSTORM OR SANDSTORM:
                                                       VSBY 1/2 MILE OR LESS
                                                   8 = SMOKE OR HAZE
[NO. OF DAYS WITH]      [WEATHER - DAYS WITH]      9 = BLOWING SNOW
                                                   X = TORNADO
MAX 32 OR BELOW:   0    0.01 INCH OR MORE:  11
MAX 90 OR ABOVE:   2    0.10 INCH OR MORE:   8
MIN 32 OR BELOW:   0    0.50 INCH OR MORE:   5
MIN  0 OR BELOW:   0    1.00 INCH OR MORE:   1

[HDD (BASE 65) ]
TOTAL THIS MO.     3    CLEAR  (SCALE 0-3)   8
DPTR FM NORMAL     0    PTCLDY (SCALE 4-7)  11
TOTAL FM JUL 1     3    CLOUDY (SCALE 8-10)  3
DPTR FM NORMAL     0

[CDD (BASE 65) ]
TOTAL THIS MO.   230
DPTR FM NORMAL   -35    [PRESSURE DATA]
TOTAL FM JAN 1  2569    HIGHEST SLP M ON M
DPTR FM NORMAL   359    LOWEST  SLP 28.16 ON 22

[REMARKS]
