000
CXUS54 KSJT 251000
CF6ABI
PRELIMINARY LOCAL CLIMATOLOGICAL DATA (WS FORM: F-6)

                                          STATION:   ABILENE
                                          MONTH:     FEBRUARY
                                          YEAR:      2020
                                          LATITUDE:   32 25 N
                                          LONGITUDE:  99 41 W

  TEMPERATURE IN F:       :PCPN:    SNOW:  WIND      :SUNSHINE: SKY     :PK WND
================================================================================
1   2   3   4   5  6A  6B    7    8   9   10  11  12  13   14  15   16   17  18
                                     12Z  AVG MX 2MIN
DY MAX MIN AVG DEP HDD CDD  WTR  SNW DPTH SPD SPD DIR MIN PSBL S-S WX    SPD DR
================================================================================

 1  71  33  52   6  13   0 0.00  0.0    0  7.5 14 290   M    M   0        17 290
 2  78  43  61  15   4   0 0.00  0.0    0 12.4 23 210   M    M   0        29 200
 3  72  56  64  18   1   0    T  0.0    0 15.3 26 190   M    M   3        35 200
 4  62  32  47   1  18   0 0.53    T    0 15.6 23 350   M    M   9 1346   27 240
 5  32  21  27 -20  38   0 0.46  3.5    0 14.3 25 340   M    M   9 1236   33 340
 6  43  15  29 -18  36   0 0.00  0.0    0  7.0 21 260   M    M   1        25 260
 7  55  31  43  -4  22   0 0.00  0.0    0  6.6 14 360   M    M   0        17 350
 8  66  31  49   2  16   0 0.00  0.0    0 10.4 24 170   M    M   0        30 170
 9  77  50  64  17   1   0 0.00  0.0    0 16.3 29 200   M    M   3        38 180
10  50  34  42  -6  23   0 0.83  0.0    0 11.8 26 280   M    M   8 13     31 280
11  38  36  37 -11  28   0 0.05  0.0    0 10.0 18  10   M    M  10 1      23 360
12  57  36  47  -1  18   0 0.37  0.0    0  9.8 21 290   M    M   6 1      27 330
13  41  30  36 -12  29   0 0.00  0.0    0  6.3 17 360   M    M   5        20  10
14  55  25  40  -8  25   0 0.00  0.0    0  8.8 22 160   M    M   0 1      28 150
15  69  42  56   8   9   0 0.00  0.0    0 14.3 25 200   M    M   0        32 170
16  78  43  61  12   4   0 0.00  0.0    0  9.3 16 240   M    M   0        20 280
17  77  50  64  15   1   0 0.00  0.0    0 10.7 18 220   M    M   0        24 210
18  55  44  50   1  15   0 0.00  0.0    0 11.4 23  10   M    M   3        32  10
19  48  36  42  -7  23   0 0.90  0.0    0  6.3 12 350   M    M   7 1      13  20
20  50  32  41  -9  24   0 0.05    M    0 13.6 28 350   M    M   8 1      32 350
21  52  26  39 -11  26   0 0.00  0.0    0  4.8 12 160   M    M   0 1      15 150
22  63  42  53   3  12   0 0.00  0.0    0 12.7 24 200   M    M   0        30 190
23  58  51  55   5  10   0 0.03  0.0    0 13.3 24 200   M    M   3        33 200
24  69  44  57   6   8   0 0.00  0.0    0 11.2 25 320   M    M   0        30 330
================================================================================
SM 1416  883       404   0  3.22     3.5 259.7          M       75
================================================================================
AV 59.0 36.8                              10.8 FASTST   M    M   3    MAX(MPH)
                                 MISC ---->  # 29 200               # 38  180
================================================================================
NOTES:
# LAST OF SEVERAL OCCURRENCES

COLUMN 17 PEAK WIND IN M.P.H.

PRELIMINARY LOCAL CLIMATOLOGICAL DATA (WS FORM: F-6) , PAGE 2

                                          STATION:  ABILENE
                                          MONTH:    FEBRUARY
                                          YEAR:     2020
                                          LATITUDE:   32 25 N
                                          LONGITUDE:  99 41 W

[TEMPERATURE DATA]      [PRECIPITATION DATA]       SYMBOLS USED IN COLUMN 16

AVERAGE MONTHLY: 47.9   TOTAL FOR MONTH:   3.22    1 = FOG OR MIST
DPTR FM NORMAL:  -0.2   DPTR FM NORMAL:    2.08    2 = FOG REDUCING VISIBILITY
HIGHEST:    78 ON 16, 2 GRTST 24HR  0.90 ON 19-19      TO 1/4 MILE OR LESS
LOWEST:     15 ON  6                               3 = THUNDER
                        SNOW, ICE PELLETS, HAIL    4 = ICE PELLETS
                        TOTAL MONTH:   3.5 INCHES  5 = HAIL
                        GRTST 24HR   3.5 ON  5- 5  6 = FREEZING RAIN OR DRIZZLE
                        GRTST DEPTH:   0           7 = DUSTSTORM OR SANDSTORM:
                                                       VSBY 1/2 MILE OR LESS
                                                   8 = SMOKE OR HAZE
[NO. OF DAYS WITH]      [WEATHER - DAYS WITH]      9 = BLOWING SNOW
                                                   X = TORNADO
MAX 32 OR BELOW:   1    0.01 INCH OR MORE:   8
MAX 90 OR ABOVE:   0    0.10 INCH OR MORE:   5
MIN 32 OR BELOW:   9    0.50 INCH OR MORE:   3
MIN  0 OR BELOW:   0    1.00 INCH OR MORE:   0

[HDD (BASE 65) ]
TOTAL THIS MO.   404    CLEAR  (SCALE 0-3)  15
DPTR FM NORMAL    -5    PTCLDY (SCALE 4-7)   5
TOTAL FM JUL 1  1913    CLOUDY (SCALE 8-10)  4
DPTR FM NORMAL  -165

[CDD (BASE 65) ]
TOTAL THIS MO.     0
DPTR FM NORMAL     0    [PRESSURE DATA]
TOTAL FM JAN 1     1    HIGHEST SLP M ON M
DPTR FM NORMAL     0    LOWEST  SLP 29.60 ON  3

[REMARKS]
