000
CXUS55 KABR 181100
CF6ABR
PRELIMINARY LOCAL CLIMATOLOGICAL DATA (WS FORM: F-6)

                                          STATION:   ABERDEEN SD
                                          MONTH:     OCTOBER
                                          YEAR:      2019
                                          LATITUDE:   45 27 N
                                          LONGITUDE:  98 26 W

  TEMPERATURE IN F:       :PCPN:    SNOW:  WIND      :SUNSHINE: SKY     :PK WND
================================================================================
1   2   3   4   5  6A  6B    7    8   9   10  11  12  13   14  15   16   17  18
                                     12Z  AVG MX 2MIN
DY MAX MIN AVG DEP HDD CDD  WTR  SNW DPTH SPD SPD DIR MIN PSBL S-S WX    SPD DR
================================================================================

 1  50  42  46  -6  19   0    T  0.0    0 14.0 21  20   M    M  10 1      28  30
 2  44  40  42 -10  23   0 0.20  0.0    0 10.4 18  30   M    M  10 1      27  30
 3  47  34  41 -10  24   0 0.00  0.0    0  6.8 16 310   M    M  10 1      19 310
 4  53  41  47  -4  18   0 0.14  0.0    0 13.3 25 140   M    M  10 138    33 140
 5  58  42  50   0  15   0 0.41  0.0    0 13.8 29 290   M    M   7 13     41 290
 6  66  42  54   4  11   0 0.00  0.0    0 13.6 26 270   M    M   2        35 290
 7  70  32  51   2  14   0 0.00  0.0    0  7.9 16 210   M    M   0        24 200
 8  70  49  60  11   5   0 0.00  0.0    0 12.1 22 180   M    M   0        30 180
 9  61  39  50   2  15   0 0.06  0.0    0 13.7 25 350   M    M   5 1      31 340
10  39  32  36 -12  29   0 1.17  2.7    T 19.7 30 310   M    M  10 18     40 330
11  35  30  33 -15  32   0 0.03  1.3    3 23.8 35 290   M    M  10 12     50 310
12  34  32  33 -14  32   0 0.05  1.0    3 17.7 26 280   M    M  10 12     39 290
13  40  27  34 -13  31   0    T    T    3 10.1 18 330   M    M   9        26 310
14  51  23  37  -9  28   0 0.00  0.0    1  7.0 14 100   M    M   0        24 100
15  43  31  37  -9  28   0    T  0.0    0 13.6 25 340   M    M   8 18     34 330
16  49  32  41  -4  24   0 0.00  0.0    0  5.9 14 160   M    M   5        19 320
17  65  29  47   2  18   0 0.00  0.0    0  8.9 22 160   M    M   0        30 150
================================================================================
SM  875  597       366   0  2.06     5.0 212.3          M      106
================================================================================
AV 51.5 35.1                              12.5 FASTST   M    M   6    MAX(MPH)
                                 MISC ---->  # 35 290               # 50  310
================================================================================
NOTES:
# LAST OF SEVERAL OCCURRENCES

COLUMN 17 PEAK WIND IN M.P.H.

PRELIMINARY LOCAL CLIMATOLOGICAL DATA (WS FORM: F-6) , PAGE 2

                                          STATION:  ABERDEEN SD
                                          MONTH:    OCTOBER
                                          YEAR:     2019
                                          LATITUDE:   45 27 N
                                          LONGITUDE:  98 26 W

[TEMPERATURE DATA]      [PRECIPITATION DATA]       SYMBOLS USED IN COLUMN 16

AVERAGE MONTHLY: 43.3   TOTAL FOR MONTH:   2.06    1 = FOG OR MIST
DPTR FM NORMAL:  -5.2   DPTR FM NORMAL:    0.83    2 = FOG REDUCING VISIBILITY
HIGHEST:    70 ON  8, 7 GRTST 24HR  1.17 ON 10-10      TO 1/4 MILE OR LESS
LOWEST:     23 ON 14                               3 = THUNDER
                        SNOW, ICE PELLETS, HAIL    4 = ICE PELLETS
                        TOTAL MONTH:   5.0 INCHES  5 = HAIL
                        GRTST 24HR   2.7 ON 10-10  6 = FREEZING RAIN OR DRIZZLE
                        GRTST DEPTH:   3 ON 13,12  7 = DUSTSTORM OR SANDSTORM:
                                                       VSBY 1/2 MILE OR LESS
                                                   8 = SMOKE OR HAZE
[NO. OF DAYS WITH]      [WEATHER - DAYS WITH]      9 = BLOWING SNOW
                                                   X = TORNADO
MAX 32 OR BELOW:   0    0.01 INCH OR MORE:   7
MAX 90 OR ABOVE:   0    0.10 INCH OR MORE:   4
MIN 32 OR BELOW:   9    0.50 INCH OR MORE:   1
MIN  0 OR BELOW:   0    1.00 INCH OR MORE:   1

[HDD (BASE 65) ]
TOTAL THIS MO.   366    CLEAR  (SCALE 0-3)   5
DPTR FM NORMAL    82    PTCLDY (SCALE 4-7)   3
TOTAL FM JUL 1   509    CLOUDY (SCALE 8-10)  9
DPTR FM NORMAL   -49

[CDD (BASE 65) ]
TOTAL THIS MO.     0
DPTR FM NORMAL     0    [PRESSURE DATA]
TOTAL FM JAN 1   601    HIGHEST SLP M ON M
DPTR FM NORMAL    78    LOWEST  SLP 29.50 ON 17

[REMARKS]
