000
CXUS55 KABR 171400
CF6ABR
PRELIMINARY LOCAL CLIMATOLOGICAL DATA (WS FORM: F-6)

                                          STATION:   ABERDEEN SD
                                          MONTH:     OCTOBER
                                          YEAR:      2018
                                          LATITUDE:   45 27 N
                                          LONGITUDE:  98 26 W

  TEMPERATURE IN F:       :PCPN:    SNOW:  WIND      :SUNSHINE: SKY     :PK WND
================================================================================
1   2   3   4   5  6A  6B    7    8   9   10  11  12  13   14  15   16   17  18
                                     12Z  AVG MX 2MIN
DY MAX MIN AVG DEP HDD CDD  WTR  SNW DPTH SPD SPD DIR MIN PSBL S-S WX    SPD DR
================================================================================

 1  55  37  46  -6  19   0 0.25  0.0    0  7.5 17  80   M    M   7 1      25  70
 2  56  38  47  -5  18   0 0.00  0.0    0 11.0 18 160   M    M   7 18     24 150
 3  59  27  43  -8  22   0 0.01  0.0    0 12.1 44 310   M    M   8 1      59 310
 4  44  20  32 -19  33   0 0.29    T    0  6.9 14 100   M    M   5 15     19  90
 5  44  35  40 -10  25   0 0.01  0.0    0  7.0 16 320   M    M   9 1      22 300
 6  42  33  38 -12  27   0 0.00  0.0    0  7.3 20 340   M    M   9        26 340
 7  44  35  40  -9  25   0 0.44  0.0    0  9.2 15  50   M    M  10 1      22  40
 8  43  39  41  -8  24   0 0.56  0.0    0 12.0 20  20   M    M  10 1      27  20
 9  43  37  40  -8  25   0 0.28  0.0    0 15.7 26  30   M    M  10 1      40  20
10  37  30  34 -14  31   0 0.55  2.2    1 22.4 30 340   M    M  10 1      43 350
11  40  22  31 -17  34   0 0.00  0.0    1  9.2 20 310   M    M   7        27 310
12  49  22  36 -11  29   0 0.00  0.0    T  8.0 18 180   M    M   6        28 170
13  49  28  39  -8  26   0 0.00  0.0    0 14.0 29 330   M    M   4        37 330
14  37  20  29 -17  36   0 0.00  0.0    0 11.6 23 310   M    M   9        30 330
15  55  15  35 -11  30   0 0.00  0.0    0 11.0 22 220   M    M   1        32 210
16  59  30  45   0  20   0 0.00  0.0    0 12.2 30 330   M    M   2 8      37 310
================================================================================
SM  756  468       424   0  2.39     2.2 177.1          M      114
================================================================================
AV 47.3 29.3                              11.1 FASTST   M    M   7    MAX(MPH)
                                 MISC ---->  # 44 310               # 59  310
================================================================================
NOTES:
# LAST OF SEVERAL OCCURRENCES

COLUMN 17 PEAK WIND IN M.P.H.

PRELIMINARY LOCAL CLIMATOLOGICAL DATA (WS FORM: F-6) , PAGE 2

                                          STATION:  ABERDEEN SD
                                          MONTH:    OCTOBER
                                          YEAR:     2018
                                          LATITUDE:   45 27 N
                                          LONGITUDE:  98 26 W

[TEMPERATURE DATA]      [PRECIPITATION DATA]       SYMBOLS USED IN COLUMN 16

AVERAGE MONTHLY: 38.3   TOTAL FOR MONTH:   2.39    1 = FOG OR MIST
DPTR FM NORMAL: -10.4   DPTR FM NORMAL:    1.23    2 = FOG REDUCING VISIBILITY
HIGHEST:    59 ON 16, 3 GRTST 24HR  0.56 ON  8- 8      TO 1/4 MILE OR LESS
LOWEST:     15 ON 15                               3 = THUNDER
                        SNOW, ICE PELLETS, HAIL    4 = ICE PELLETS
                        TOTAL MONTH:   2.2 INCHES  5 = HAIL
                        GRTST 24HR   2.2 ON 10-10  6 = FREEZING RAIN OR DRIZZLE
                        GRTST DEPTH:   1 ON 11,10  7 = DUSTSTORM OR SANDSTORM:
                                                       VSBY 1/2 MILE OR LESS
                                                   8 = SMOKE OR HAZE
[NO. OF DAYS WITH]      [WEATHER - DAYS WITH]      9 = BLOWING SNOW
                                                   X = TORNADO
MAX 32 OR BELOW:   0    0.01 INCH OR MORE:   8
MAX 90 OR ABOVE:   0    0.10 INCH OR MORE:   6
MIN 32 OR BELOW:   9    0.50 INCH OR MORE:   2
MIN  0 OR BELOW:   0    1.00 INCH OR MORE:   0

[HDD (BASE 65) ]
TOTAL THIS MO.   424    CLEAR  (SCALE 0-3)   2
DPTR FM NORMAL   160    PTCLDY (SCALE 4-7)   7
TOTAL FM JUL 1   651    CLOUDY (SCALE 8-10)  7
DPTR FM NORMAL   113

[CDD (BASE 65) ]
TOTAL THIS MO.     0
DPTR FM NORMAL     0    [PRESSURE DATA]
TOTAL FM JAN 1   849    HIGHEST SLP M ON M
DPTR FM NORMAL   326    LOWEST  SLP 29.42 ON  3

[REMARKS]
