000
CXAK56 PAFC 010910
CF6ACD
PRELIMINARY LOCAL CLIMATOLOGICAL DATA (WS FORM: F-6)

                                          STATION:   COLD BAY
                                          MONTH:     NOVEMBER
                                          YEAR:      2018
                                          LATITUDE:   55 13 N
                                          LONGITUDE: 162 44 W

  TEMPERATURE IN F:       :PCPN:    SNOW:  WIND      :SUNSHINE: SKY     :PK WND
================================================================================
1   2   3   4   5  6A  6B    7    8   9   10  11  12  13   14  15   16   17  18
                                     12Z  AVG MX 2MIN
DY MAX MIN AVG DEP HDD CDD  WTR  SNW DPTH SPD SPD DIR MIN PSBL S-S WX    SPD DR
================================================================================

 1  49  45  47  10  18   0 0.02  0.0    0 29.3 45 120   M    M  10 1    60 120
 2  50  46  48  11  17   0 0.38  0.0    0 20.8 44 120   M    M   8 1    53 120
 3  50  43  47  11  18   0 0.07  0.0    0  9.8 18 280   M    M  10 1    22 280
 4  48  36  42   6  23   0 0.08  0.0    0 12.3 23 280   M    M   9 1    27 290
 5  47  33  40   4  25   0 0.00  0.0    0  9.8 18 150   M    M   7      23 140
 6  47  34  41   5  24   0 0.04  0.0    0  8.6 18 340   M    M   7 1    23 330
 7  45  35  40   4  25   0 0.05    M    M 10.7 25 340   M    M   5 1    30 360
 8  48  27  38   2  27   0 0.01    M    M 12.7 33 240   M    M   6 1    42 240
 9  43  32  38   3  27   0    T    M    M  9.5 23 240   M    M   2 M    28 240
10  46  36  41   6  24   0 0.46    M    M 20.2 25 140   M    M  10 1    39 140
11  45  36  41   6  24   0 0.39    M    M 13.3 22 360   M    M   4 M    29 360
12  48  38  43   8  22   0 0.13    M    M 23.8 38 140   M    M   9 M    54 120
13  46  39  43   8  22   0 0.42    M    M 21.9 30 310   M    M  10 1    37 310
14  46  27  37   2  28   0 0.00  0.0    M  3.6  9 150   M    M   2 1    12 150
15  45  40  43   9  22   0 0.11    M    M  3.8 15 140   M    M   9 1    19 110
16  47  42  45  11  20   0 0.00  0.0    M  6.2 14 140   M    M   9 M    18 150
17  44  40  42   8  23   0 0.09    M    M  9.6 21 240   M    M  10 1    25 250
18  43  37  40   6  25   0 0.04    M    M 16.3 28 320   M    M   8 1    32 310
19  44  38  41   7  24   0 0.29    M    M 18.7 25 290   M    M   9 1    41 300
20  42  34  38   4  27   0 0.06    M    M 14.7 35 280   M    M   9 14   42 290
21  39  34  37   3  28   0 0.14    M    M 19.6 35 300   M    M   9 14   41 300
22  37  26  32  -2  33   0 0.00  0.0    M  6.0 21 140   M    M   1 M    25 140
23  45  38  42   8  23   0 0.18    M    M 17.7 31 120   M    M   8 M    41 120
24  44  41  43  10  22   0 0.09    M    M 13.1 24 130   M    M   8 1    29 140
25  42  36  39   6  26   0    T    M    M 18.9 33 330   M    M   8 M    41 330
26  40  33  37   4  28   0 0.06    M    M 24.1 30 330   M    M   8 1    43 330
27  35  26  31  -2  34   0 0.06    M    M 17.8 29 280   M    M   7 1    44 300
28  36  26  31  -2  34   0 0.27    M    M 13.4 38 330   M    M   7 12   47 330
29  38  25  32  -1  33   0    T    M    M 14.0 24 150   M    M   7 M    30 150
30  50  42  46  13  19   0 0.15    M    M 27.5 44 160   M    M  10 1    53 150
================================================================================
SM 1329 1065       745   0  3.59  0.0    447.7          M      226
================================================================================
AV 44.3 35.5                              14.9 FASTST   M    M   7    MAX(MPH)
                                 MISC ---->    45 120                 60 120
================================================================================
NOTES:
# LAST OF SEVERAL OCCURRENCES

COLUMN 17 PEAK WIND IN M.P.H.

PRELIMINARY LOCAL CLIMATOLOGICAL DATA (WS FORM: F-6) , PAGE 2

                                          STATION:   COLD BAY
                                          MONTH:     NOVEMBER
                                          YEAR:      2018
                                          LATITUDE:   55 13 N
                                          LONGITUDE: 162 44 W

[TEMPERATURE DATA]      [PRECIPITATION DATA]       SYMBOLS USED IN COLUMN 16

AVERAGE MONTHLY: 39.9   TOTAL FOR MONTH:   3.59    1 = FOG OR MIST
DPTR FM NORMAL:   5.4   DPTR FM NORMAL:   -1.39    2 = FOG REDUCING VISIBILITY
HIGHEST:    50 ON 30, 3  GRTST 24HR  0.56 ON 11-12      TO 1/4 MILE OR LESS
LOWEST:     25 ON 29                               3 = THUNDER
                        SNOW, ICE PELLETS, HAIL    4 = ICE PELLETS
                        TOTAL MONTH:   0.0 INCH    5 = HAIL
                        GRTST 24HR  0.0            6 = FREEZING RAIN OR DRIZZLE
                        GRTST DEPTH:  0            7 = DUSTSTORM OR SANDSTORM:
                                                       VSBY 1/2 MILE OR LESS
                                                   8 = SMOKE OR HAZE
[NO. OF DAYS WITH]      [WEATHER - DAYS WITH]      9 = BLOWING SNOW
                                                   X = TORNADO
MAX 32 OR BELOW:   0    0.01 INCH OR MORE:  22
MAX 90 OR ABOVE:   0    0.10 INCH OR MORE:  11
MIN 32 OR BELOW:   7    0.50 INCH OR MORE:   0
MIN  0 OR BELOW:   0    1.00 INCH OR MORE:   0

[HDD (BASE 65) ]
TOTAL THIS MO.   745    CLEAR  (SCALE 0-3)   3
DPTR FM NORMAL  -168    PTCLDY (SCALE 4-7)  10
TOTAL FM JUL 1  2536    CLOUDY (SCALE 8-10) 17
DPTR FM NORMAL  -484

[CDD (BASE 65) ]
TOTAL THIS MO.     0
DPTR FM NORMAL     0    [PRESSURE DATA]
TOTAL FM JAN 1     0    HIGHEST SLP M ON M
DPTR FM NORMAL     0    LOWEST  SLP 28.72 ON  2

[REMARKS]
#FINAL-11-18#
