000
CXAK56 PAFC 010910
CF6ACD
PRELIMINARY LOCAL CLIMATOLOGICAL DATA (WS FORM: F-6)

                                          STATION:   COLD BAY
                                          MONTH:     SEPTEMBER
                                          YEAR:      2019
                                          LATITUDE:   55 13 N
                                          LONGITUDE: 162 44 W

  TEMPERATURE IN F:       :PCPN:    SNOW:  WIND      :SUNSHINE: SKY     :PK WND
================================================================================
1   2   3   4   5  6A  6B    7    8   9   10  11  12  13   14  15   16   17  18
                                     12Z  AVG MX 2MIN
DY MAX MIN AVG DEP HDD CDD  WTR  SNW DPTH SPD SPD DIR MIN PSBL S-S WX    SPD DR
================================================================================

 1  66  54  60   9   5   0 0.21  0.0    M 19.7 35 150   M    M  10 1    46 150
 2  58  52  55   4  10   0 0.07  0.0    M 30.7 39 260   M    M  10 128  49 250
 3   M   M   M   M   M   M    M    M    M    M  M   M   M    M   M M     M   M
 4  62  44  53   2  12   0 0.00  0.0    M  7.2 24 160   M    M   5 1    31 150
 5  56  53  55   5  10   0 0.26  0.0    M 28.4 37 150   M    M  10 1    45 150
 6  56  53  55   5  10   0 0.64  0.0    M 20.4 33 140   M    M  10 1    42 150
 7  58  46  52   2  13   0 0.02    M    M 16.2 26 250   M    M   9 1    32 240
 8  59  53  56   6   9   0 0.03  0.0    M 20.8 39 160   M    M  10 1    48 160
 9  56  49  53   3  12   0    T    M    M 10.7 17 220   M    M  10 M    22 230
10  60  45  53   3  12   0 0.05    M    M  8.6 14 290   M    M   7 1    17 290
11  58  51  55   6  10   0 0.22  0.0    M 34.1 45 160   M    M  10 1    56 150
12  53  48  51   2  14   0 0.13    M    M 18.3 32 240   M    M   9 1    40 250
13  54  50  52   3  13   0 0.02    M    M 29.7 38 260   M    M  10 1    46 250
14  54  47  51   2  14   0    T    M    M 11.1 30 160   M    M   8 M    36 150
15  57  52  55   7  10   0 0.08  0.0    M 23.0 35 260   M    M  10 1    42 250
16  59  51  55   7  10   0 0.08  0.0    M 13.6 28 280   M    M  10 1    33 280
17  57  51  54   6  11   0 0.19  0.0    M 22.4 37 150   M    M  10 1    46 120
18  56  51  54   6  11   0    T  0.0    M 21.0 31 250   M    M  10 M    39 250
19  55  46  51   4  14   0 0.02    M    M  5.8 12 150   M    M   9 1    13 150
20  55  49  52   5  13   0 0.01    M    M 14.7 26 290   M    M   8 M    31 290
21  57  43  50   3  15   0 0.01    M    M  8.9 20 160   M    M   6 M    26 160
22  52  48  50   3  15   0 0.54    M    M 12.3 24 360   M    M  10 1    31 360
23  53  46  50   4  15   0 0.13    M    M 28.2 39 300   M    M   9 1    47 310
24  54  40  47   1  18   0 0.02    M    M 13.2 22 270   M    M   5 M    26 260
25  55  47  51   5  14   0 0.01    M    M 19.2 28 250   M    M   7 1    33 250
26  55  46  51   5  14   0 0.00  0.0    M 20.1 33 140   M    M   5 M    39 150
27  53  50  52   7  13   0 0.19    M    M 22.9 36 130   M    M  10 1    44 140
28  55  52  54   9  11   0 0.81  0.0    M 12.9 21 160   M    M   7 1    24 160
29  56  41  49   4  16   0    T    M    M  9.5 23 260   M    M   4 1    26 260
30   M   M   M   M   M   M    M    M    M    M  M   M   M    M   M M     M   M
================================================================================
SM 1579 1358       344   0  3.74  0.0    503.5          M      238
================================================================================
AV 56.4 48.5                              18.0 FASTST   M    M   8    MAX(MPH)
                                 MISC ---->    45 160                 56 150
================================================================================
NOTES:
# LAST OF SEVERAL OCCURRENCES

COLUMN 17 PEAK WIND IN M.P.H.

PRELIMINARY LOCAL CLIMATOLOGICAL DATA (WS FORM: F-6) , PAGE 2

                                          STATION:   COLD BAY
                                          MONTH:     SEPTEMBER
                                          YEAR:      2019
                                          LATITUDE:   55 13 N
                                          LONGITUDE: 162 44 W

[TEMPERATURE DATA]      [PRECIPITATION DATA]       SYMBOLS USED IN COLUMN 16

AVERAGE MONTHLY: 52.4   TOTAL FOR MONTH:   3.74    1 = FOG OR MIST
DPTR FM NORMAL:   4.3   DPTR FM NORMAL:   -0.99    2 = FOG REDUCING VISIBILITY
HIGHEST:    66 ON  1    GRTST 24HR  1.21 ON 22-23      TO 1/4 MILE OR LESS
LOWEST:     40 ON 24                               3 = THUNDER
                        SNOW, ICE PELLETS, HAIL    4 = ICE PELLETS
                        TOTAL MONTH:   0.0 INCH    5 = HAIL
                        GRTST 24HR  0.0            6 = FREEZING RAIN OR DRIZZLE
                        GRTST DEPTH:  M  ON   M    7 = DUSTSTORM OR SANDSTORM:
                                                       VSBY 1/2 MILE OR LESS
                                                   8 = SMOKE OR HAZE
[NO. OF DAYS WITH]      [WEATHER - DAYS WITH]      9 = BLOWING SNOW
                                                   X = TORNADO
MAX 32 OR BELOW:   0    0.01 INCH OR MORE:  19
MAX 90 OR ABOVE:   0    0.10 INCH OR MORE:  10
MIN 32 OR BELOW:   0    0.50 INCH OR MORE:   3
MIN  0 OR BELOW:   0    1.00 INCH OR MORE:   0

[HDD (BASE 65) ]
TOTAL THIS MO.   344    CLEAR  (SCALE 0-3)   0
DPTR FM NORMAL  -163    PTCLDY (SCALE 4-7)   9
TOTAL FM JUL 1   855    CLOUDY (SCALE 8-10) 19
DPTR FM NORMAL  -491

[CDD (BASE 65) ]
TOTAL THIS MO.     0
DPTR FM NORMAL     0    [PRESSURE DATA]
TOTAL FM JAN 1     0    HIGHEST SLP M ON M
DPTR FM NORMAL     0    LOWEST  SLP 28.85 ON  1

[REMARKS]
#FINAL-09-19#
