000
CXUS56 KEKA 201230
CF6ACV
PRELIMINARY LOCAL CLIMATOLOGICAL DATA (WS FORM: F-6)

                                          STATION:   ARCATA CA
                                          MONTH:     JULY
                                          YEAR:      2018
                                          LATITUDE:   40 58 N
                                          LONGITUDE: 124  6 W

  TEMPERATURE IN F:       :PCPN:    SNOW:  WIND      :SUNSHINE: SKY     :PK WND
================================================================================
1   2   3   4   5  6A  6B    7    8   9   10  11  12  13   14  15   16   17  18
                                     12Z  AVG MX 2MIN
DY MAX MIN AVG DEP HDD CDD  WTR  SNW DPTH SPD SPD DIR MIN PSBL S-S WX    SPD DR
================================================================================

 1  67  50  59   4   6   0 0.00  0.0    0  7.5 24 320   M    M   0 8      39 290
 2  73  48  61   6   4   0 0.00  0.0    0  9.2 25 330   M    M   0 18     32 360
 3  75  45  60   5   5   0 0.00  0.0    0  8.3 23 330   M    M   0 8      30 330
 4  63  46  55   0  10   0 0.00  0.0    0  3.8 10 250   M    M   8 1      14 300
 5  63  49  56   1   9   0 0.00  0.0    0  4.0 12 240   M    M   3        16 240
 6  67  48  58   3   7   0 0.00  0.0    0  6.1 18 320   M    M   2        28 290
 7  65  47  56   0   9   0 0.00  0.0    0  9.0 21 320   M    M   4 12     26 310
 8  65  54  60   4   5   0 0.01  0.0    0  4.4 16 330   M    M   9 1      21 310
 9  65  51  58   2   7   0 0.00  0.0    0  7.2 20 330   M    M   5        27 360
10  66  48  57   1   8   0 0.00  0.0    0  7.3 20 320   M    M   1        25 330
11  64  54  59   3   6   0 0.00  0.0    0  4.3 12 320   M    M   5 28     14 300
12  58  51  55  -1  10   0 0.00  0.0    0  3.6  8 260   M    M   7 2      11 260
13  65  51  58   2   7   0    T  0.0    0  3.5 14 340   M    M   6 2      20 220
14  65  53  59   3   6   0 0.00  0.0    0  3.8 10 210   M    M   3 28     16 280
15  66  53  60   4   5   0 0.00  0.0    0  4.4 13 230   M    M   8 2      16 240
16  63  53  58   2   7   0 0.00  0.0    0  3.6 10 300   M    M   8 2      13 280
17  60  53  57   1   8   0 0.00  0.0    0  4.0 14 320   M    M   9 1      16 320
18  62  53  58   2   7   0 0.00  0.0    0  5.3 10 200   M    M   7 2      14 330
19  66  50  58   2   7   0 0.00  0.0    0  6.0 20 330   M    M   5 28     26 340
================================================================================
SM 1238  957       133   0  0.01     0.0 105.3          M       90
================================================================================
AV 65.2 50.4                               5.5 FASTST   M    M   5    MAX(MPH)
                                 MISC ---->  # 25 330               # 39  290
================================================================================
NOTES:
# LAST OF SEVERAL OCCURRENCES

COLUMN 17 PEAK WIND IN M.P.H.

PRELIMINARY LOCAL CLIMATOLOGICAL DATA (WS FORM: F-6) , PAGE 2

                                          STATION:  ARCATA CA
                                          MONTH:    JULY
                                          YEAR:     2018
                                          LATITUDE:   40 58 N
                                          LONGITUDE: 124  6 W

[TEMPERATURE DATA]      [PRECIPITATION DATA]       SYMBOLS USED IN COLUMN 16

AVERAGE MONTHLY: 57.8   TOTAL FOR MONTH:   0.01    1 = FOG OR MIST
DPTR FM NORMAL:   2.1   DPTR FM NORMAL:   -0.17    2 = FOG REDUCING VISIBILITY
HIGHEST:    75 ON  3    GRTST 24HR  0.01 ON  8- 8      TO 1/4 MILE OR LESS
LOWEST:     45 ON  3                               3 = THUNDER
                        SNOW, ICE PELLETS, HAIL    4 = ICE PELLETS
                        TOTAL MONTH:   0.0 INCH    5 = HAIL
                        GRTST 24HR     0.0         6 = FREEZING RAIN OR DRIZZLE
                        GRTST DEPTH:   0           7 = DUSTSTORM OR SANDSTORM:
                                                       VSBY 1/2 MILE OR LESS
                                                   8 = SMOKE OR HAZE
[NO. OF DAYS WITH]      [WEATHER - DAYS WITH]      9 = BLOWING SNOW
                                                   X = TORNADO
MAX 32 OR BELOW:   0    0.01 INCH OR MORE:   1
MAX 90 OR ABOVE:   0    0.10 INCH OR MORE:   0
MIN 32 OR BELOW:   0    0.50 INCH OR MORE:   0
MIN  0 OR BELOW:   0    1.00 INCH OR MORE:   0

[HDD (BASE 65) ]
TOTAL THIS MO.   133    CLEAR  (SCALE 0-3)   7
DPTR FM NORMAL   -45    PTCLDY (SCALE 4-7)   8
TOTAL FM JUL 1   133    CLOUDY (SCALE 8-10)  4
DPTR FM NORMAL   -45

[CDD (BASE 65) ]
TOTAL THIS MO.     0
DPTR FM NORMAL     0    [PRESSURE DATA]
TOTAL FM JAN 1     0    HIGHEST SLP M ON M
DPTR FM NORMAL     0    LOWEST  SLP 29.82 ON 11

[REMARKS]
