000
CXUS54 KLZK 181130
CF6ADF
PRELIMINARY LOCAL CLIMATOLOGICAL DATA (WS FORM: F-6)

                                          STATION:   Arkadelphia Airport
                                          MONTH:     FEBRUARY
                                          YEAR:      2020
                                          LATITUDE:   34  9 N
                                          LONGITUDE:  93  4 W

  TEMPERATURE IN F:       :PCPN:    SNOW:  WIND      :SUNSHINE: SKY     :PK WND
================================================================================
1   2   3   4   5  6A  6B    7    8   9   10  11  12  13   14  15   16   17  18
                                     12Z  AVG MX 2MIN
DY MAX MIN AVG DEP HDD CDD  WTR  SNW DPTH SPD SPD DIR MIN PSBL S-S WX    SPD DR
================================================================================

 1  60  34  47   5  18   0 0.00    M    M  4.2 16 280   M    M   2        21 280
 2  74  30  52  10  13   0 0.00    M    M  3.3 14 230   M    M   0         M  M
 3  65  39  52   9  13   0    T    M    M  6.9 16 190   M    M   6        22 200
 4  70  50  60  17   5   0 0.53    M    M  6.5 10 180   M    M   9 138     M  M
 5  50  41  46   3  19   0 0.75    M    M  7.2 14 360   M    M  10 13     17  40
 6  41  31  36  -7  29   0 0.01    M    M  7.6 13 280   M    M  10 1       M  M
 7  48  25  37  -6  28   0 0.00    M    M  1.7  9 180   M    M   1         M  M
 8  60  29  45   1  20   0 0.00    M    M  1.6  7 180   M    M   2         M  M
 9  68  41  55  11  10   0 0.28    M    M  3.1  9 170   M    M   9 13      M  M
10  61  47  54  10  11   0 1.93    M    M  7.9 12  40   M    M  10 123    17 330
11  47  40  44   0  21   0 0.27    M    M  7.4 10  30   M    M   8        18  30
12  46  39  43  -1  22   0 1.80    M    M  5.3 13  30   M    M  10 1      21  30
13  46  34  40  -5  25   0 0.01    M    M  8.4 14 350   M    M   9        22 350
14  46  27  37  -8  28   0    T    M    M  6.4 10  30   M    M   0 8       M  M
15  57  26  42  -3  23   0 0.00    M    M  2.5 10 180   M    M   4         M  M
16  64  47  56  10   9   0    T    M    M  2.5 10 180   M    M   8         M  M
17  66  55  61  15   4   0    T    M    M  4.3 12 170   M    M  10 8       M  M
================================================================================
SM  969  635       298   0  5.58    M     86.8          M      108
================================================================================
AV 57.0 37.4                               5.1 FASTST   M    M   6    MAX(MPH)
                                 MISC ---->  # 16 280               # 22  200
================================================================================
NOTES:
# LAST OF SEVERAL OCCURRENCES

COLUMN 17 PEAK WIND IN M.P.H.

PRELIMINARY LOCAL CLIMATOLOGICAL DATA (WS FORM: F-6) , PAGE 2

                                          STATION:  Arkadelphia Airport
                                          MONTH:    FEBRUARY
                                          YEAR:     2020
                                          LATITUDE:   34  9 N
                                          LONGITUDE:  93  4 W

[TEMPERATURE DATA]      [PRECIPITATION DATA]       SYMBOLS USED IN COLUMN 16

AVERAGE MONTHLY: 47.2   TOTAL FOR MONTH:   5.58    1 = FOG OR MIST
DPTR FM NORMAL:   3.3   DPTR FM NORMAL:    3.12    2 = FOG REDUCING VISIBILITY
HIGHEST:    74 ON  2    GRTST 24HR  1.93 ON 10-10      TO 1/4 MILE OR LESS
LOWEST:     25 ON  7                               3 = THUNDER
                        SNOW, ICE PELLETS, HAIL    4 = ICE PELLETS
                        TOTAL MONTH:    M          5 = HAIL
                        GRTST 24HR    M  ON   M    6 = FREEZING RAIN OR DRIZZLE
                        GRTST DEPTH:  M  ON   M    7 = DUSTSTORM OR SANDSTORM:
                                                       VSBY 1/2 MILE OR LESS
                                                   8 = SMOKE OR HAZE
[NO. OF DAYS WITH]      [WEATHER - DAYS WITH]      9 = BLOWING SNOW
                                                   X = TORNADO
MAX 32 OR BELOW:   0    0.01 INCH OR MORE:   8
MAX 90 OR ABOVE:   0    0.10 INCH OR MORE:   6
MIN 32 OR BELOW:   6    0.50 INCH OR MORE:   4
MIN  0 OR BELOW:   0    1.00 INCH OR MORE:   2

[HDD (BASE 65) ]
TOTAL THIS MO.   298    CLEAR  (SCALE 0-3)   5
DPTR FM NORMAL   -62    PTCLDY (SCALE 4-7)   4
TOTAL FM JUL 1  2121    CLOUDY (SCALE 8-10)  8
DPTR FM NORMAL  -194

[CDD (BASE 65) ]
TOTAL THIS MO.     0
DPTR FM NORMAL     0    [PRESSURE DATA]
TOTAL FM JAN 1     0    HIGHEST SLP M ON M
DPTR FM NORMAL     0    LOWEST  SLP M ON M

[REMARKS]
