000
CXUS54 KLZK 191130
CF6ADF
PRELIMINARY LOCAL CLIMATOLOGICAL DATA (WS FORM: F-6)

                                          STATION:   Arkadelphia Airport
                                          MONTH:     SEPTEMBER
                                          YEAR:      2018
                                          LATITUDE:   34  9 N
                                          LONGITUDE:  93  4 W

  TEMPERATURE IN F:       :PCPN:    SNOW:  WIND      :SUNSHINE: SKY     :PK WND
================================================================================
1   2   3   4   5  6A  6B    7    8   9   10  11  12  13   14  15   16   17  18
                                     12Z  AVG MX 2MIN
DY MAX MIN AVG DEP HDD CDD  WTR  SNW DPTH SPD SPD DIR MIN PSBL S-S WX    SPD DR
================================================================================

 1  90  70  80   2   0  15 0.00    M    M  1.9  6  99   M    M   4         M  M
 2  86  73  80   2   0  15 0.18    M    M  1.8  5  99   M    M   8         M  M
 3  91  71  81   3   0  16    T    M    M  1.8  6  99   M    M   4         M  M
 4  92  70  81   4   0  16 0.00    M    M  2.2  6  99   M    M   1         M  M
 5  91  70  81   4   0  16 0.01    M    M  3.2 12  10   M    M   2         M  M
 6  85  71  78   1   0  13 0.01    M    M  3.7 10  10   M    M   9         M  M
 7  92  73  83   7   0  18 0.77    M    M  3.3  7 210   M    M   9 1      16 160
 8  86  71  79   3   0  14 0.06    M    M  1.5  5 170   M    M   6 1       M  M
 9  76  69  73  -3   0   8 0.12    M    M  4.4  9  20   M    M  10 1       M  M
10  79  67  73  -3   0   8 0.00    M    M  3.6  8  30   M    M   7         M  M
11  73  64  69  -6   0   4 0.19    M    M  2.9  6  30   M    M   9 1       M  M
12  81  68  75   0   0  10 0.02    M    M  3.4  6  70   M    M   8 1       M  M
13  89  68  79   5   0  14 0.00    M    M  2.4  6  60   M    M   0         M  M
14  91  68  80   6   0  15 0.00    M    M  2.4  9  20   M    M   1 1       M  M
15  91  70  81   7   0  16 0.00    M    M  2.7 10  20   M    M   0         M  M
16  93  66  80   7   0  15 0.00    M    M  1.3  7  30   M    M   1 1       M  M
17  94  68  81   8   0  16 0.00    M    M  0.8  4 170   M    M   1 18      M  M
18  95  68  82   9   0  17 0.00    M    M  0.7  5  10   M    M   1 1       M  M
================================================================================
SM 1575 1245         0 246  1.36    M     44.0          M       81
================================================================================
AV 87.5 69.2                               2.4 FASTST   M    M   5    MAX(MPH)
                                 MISC ---->  # 12  10               # 16  160
================================================================================
NOTES:
# LAST OF SEVERAL OCCURRENCES

COLUMN 17 PEAK WIND IN M.P.H.

PRELIMINARY LOCAL CLIMATOLOGICAL DATA (WS FORM: F-6) , PAGE 2

                                          STATION:  Arkadelphia Airport
                                          MONTH:    SEPTEMBER
                                          YEAR:     2018
                                          LATITUDE:   34  9 N
                                          LONGITUDE:  93  4 W

[TEMPERATURE DATA]      [PRECIPITATION DATA]       SYMBOLS USED IN COLUMN 16

AVERAGE MONTHLY: 78.3   TOTAL FOR MONTH:   1.36    1 = FOG OR MIST
DPTR FM NORMAL:   2.8   DPTR FM NORMAL:   -0.80    2 = FOG REDUCING VISIBILITY
HIGHEST:    95 ON 18    GRTST 24HR  0.77 ON  7- 7      TO 1/4 MILE OR LESS
LOWEST:     64 ON 11                               3 = THUNDER
                        SNOW, ICE PELLETS, HAIL    4 = ICE PELLETS
                        TOTAL MONTH:    M          5 = HAIL
                        GRTST 24HR    M  ON   M    6 = FREEZING RAIN OR DRIZZLE
                        GRTST DEPTH:  M  ON   M    7 = DUSTSTORM OR SANDSTORM:
                                                       VSBY 1/2 MILE OR LESS
                                                   8 = SMOKE OR HAZE
[NO. OF DAYS WITH]      [WEATHER - DAYS WITH]      9 = BLOWING SNOW
                                                   X = TORNADO
MAX 32 OR BELOW:   0    0.01 INCH OR MORE:   8
MAX 90 OR ABOVE:  10    0.10 INCH OR MORE:   4
MIN 32 OR BELOW:   0    0.50 INCH OR MORE:   1
MIN  0 OR BELOW:   0    1.00 INCH OR MORE:   0

[HDD (BASE 65) ]
TOTAL THIS MO.     0    CLEAR  (SCALE 0-3)   8
DPTR FM NORMAL    -1    PTCLDY (SCALE 4-7)   6
TOTAL FM JUL 1     0    CLOUDY (SCALE 8-10)  4
DPTR FM NORMAL    -1

[CDD (BASE 65) ]
TOTAL THIS MO.   246
DPTR FM NORMAL    52    [PRESSURE DATA]
TOTAL FM JAN 1  2094    HIGHEST SLP M ON M
DPTR FM NORMAL   321    LOWEST  SLP M ON M

[REMARKS]
