000
CXAK56 PAFC 181320
CF6ADQ
PRELIMINARY LOCAL CLIMATOLOGICAL DATA (WS FORM: F-6)

                                          STATION:   KODIAK
                                          MONTH:     JUNE
                                          YEAR:      2018
                                          LATITUDE:   57 45 N
                                          LONGITUDE: 152 31 W

  TEMPERATURE IN F:       :PCPN:    SNOW:  WIND      :SUNSHINE: SKY     :PK WND
================================================================================
1   2   3   4   5  6A  6B    7    8   9   10  11  12  13   14  15   16   17  18
                                     12Z  AVG MX 2MIN
DY MAX MIN AVG DEP HDD CDD  WTR  SNW DPTH SPD SPD DIR MIN PSBL S-S WX    SPD DR
================================================================================

 1  60  43  52   5  13   0 0.02  0.0    0  7.7 13 310   M    M   6        18 330
 2  62  41  52   5  13   0 0.00  0.0    0  6.9 20  10   M    M   1        24  20
 3  56  41  49   2  16   0 0.00  0.0    0  8.0 13 120   M    M   4         M  M
 4  53  36  45  -3  20   0 0.00  0.0    0  6.1 12 140   M    M   8         M  M
 5  50  39  45  -3  20   0    T  0.0    0  5.1 10  90   M    M   9         M  M
 6  54  45  50   2  15   0 0.00  0.0    0  5.5 12 310   M    M   5        15 310
 7  57  43  50   2  15   0 0.01  0.0    0  7.9 16  40   M    M   5 18     21 300
 8  67  39  53   5  12   0 0.00  0.0    0  6.9 15  30   M    M   0        17  30
 9  62  43  53   5  12   0 0.00  0.0    0  6.0  9 100   M    M   2         M  M
10  66  45  56   7   9   0 0.00  0.0    0  7.1 12  40   M    M   0        14 290
11  59  45  52   3  13   0 0.00  0.0    0  5.1 14  80   M    M   5        15  80
12  56  42  49   0  16   0 0.00  0.0    0  6.0 10  40   M    M   9         M  M
13  69  39  54   5  11   0 0.00  0.0    0  9.0 14 300   M    M   0        16 310
14  71  48  60  11   5   0 0.00  0.0    0  7.4 15 190   M    M   0        22 190
15  57  49  53   3  12   0 0.54  0.0    0 11.5 21  60   M    M   9 1      25  60
16  53  50  52   2  13   0 0.08  0.0    0 11.1 21 130   M    M  10 1      25 140
17  50  48  49  -1  16   0 1.47  0.0    0 11.1 18  90   M    M  10 1      20  60
================================================================================
SM 1002  736       231   0  2.12     0.0 128.4          M       83
================================================================================
AV 58.9 43.3                               7.6 FASTST   M    M   5    MAX(MPH)
                                 MISC ---->  # 21  60               # 25   60
================================================================================
NOTES:
# LAST OF SEVERAL OCCURRENCES

COLUMN 17 PEAK WIND IN M.P.H.

PRELIMINARY LOCAL CLIMATOLOGICAL DATA (WS FORM: F-6) , PAGE 2

                                          STATION:  KODIAK
                                          MONTH:    JUNE
                                          YEAR:     2018
                                          LATITUDE:   57 45 N
                                          LONGITUDE: 152 31 W

[TEMPERATURE DATA]      [PRECIPITATION DATA]       SYMBOLS USED IN COLUMN 16

AVERAGE MONTHLY: 51.1   TOTAL FOR MONTH:   2.12    1 = FOG OR MIST
DPTR FM NORMAL:   2.6   DPTR FM NORMAL:   -1.42    2 = FOG REDUCING VISIBILITY
HIGHEST:    71 ON 14    GRTST 24HR  1.47 ON 17-17      TO 1/4 MILE OR LESS
LOWEST:     36 ON  4                               3 = THUNDER
                        SNOW, ICE PELLETS, HAIL    4 = ICE PELLETS
                        TOTAL MONTH:   0.0 INCH    5 = HAIL
                        GRTST 24HR     0.0         6 = FREEZING RAIN OR DRIZZLE
                        GRTST DEPTH:   0           7 = DUSTSTORM OR SANDSTORM:
                                                       VSBY 1/2 MILE OR LESS
                                                   8 = SMOKE OR HAZE
[NO. OF DAYS WITH]      [WEATHER - DAYS WITH]      9 = BLOWING SNOW
                                                   X = TORNADO
MAX 32 OR BELOW:   0    0.01 INCH OR MORE:   5
MAX 90 OR ABOVE:   0    0.10 INCH OR MORE:   2
MIN 32 OR BELOW:   0    0.50 INCH OR MORE:   2
MIN  0 OR BELOW:   0    1.00 INCH OR MORE:   1

[HDD (BASE 65) ]
TOTAL THIS MO.   231    CLEAR  (SCALE 0-3)   6
DPTR FM NORMAL   -50    PTCLDY (SCALE 4-7)   6
TOTAL FM JUL 1  7761    CLOUDY (SCALE 8-10)  5
DPTR FM NORMAL  -854

[CDD (BASE 65) ]
TOTAL THIS MO.     0
DPTR FM NORMAL     0    [PRESSURE DATA]
TOTAL FM JAN 1     0    HIGHEST SLP M ON M
DPTR FM NORMAL     0    LOWEST  SLP 29.56 ON  6

[REMARKS]
