000
CXAK56 PAFC 201320
CF6ADQ
PRELIMINARY LOCAL CLIMATOLOGICAL DATA (WS FORM: F-6)

                                          STATION:   KODIAK
                                          MONTH:     SEPTEMBER
                                          YEAR:      2018
                                          LATITUDE:   57 45 N
                                          LONGITUDE: 152 31 W

  TEMPERATURE IN F:       :PCPN:    SNOW:  WIND      :SUNSHINE: SKY     :PK WND
================================================================================
1   2   3   4   5  6A  6B    7    8   9   10  11  12  13   14  15   16   17  18
                                     12Z  AVG MX 2MIN
DY MAX MIN AVG DEP HDD CDD  WTR  SNW DPTH SPD SPD DIR MIN PSBL S-S WX    SPD DR
================================================================================

 1  66  45  56   3   9   0 0.00  0.0    0  8.7 17 270   M    M   2        22 300
 2  64  40  52  -1  13   0 0.00  0.0    0  6.1 10 280   M    M   0        12 280
 3  64  41  53   0  12   0 0.00  0.0    0  6.0 10 100   M    M   0        15  90
 4  64  42  53   0  12   0 0.00  0.0    0  4.7 14 310   M    M   0        17 300
 5  68  44  56   4   9   0 0.00  0.0    0  9.9 21 280   M    M   0        27 270
 6  69  46  58   6   7   0    T  0.0    0  5.4 15 300   M    M   2        21 290
 7  57  52  55   3  10   0 0.19  0.0    0  9.4 18 330   M    M  10 1      27 300
 8  68  49  59   7   6   0 0.00  0.0    0 12.9 22 280   M    M   1        29 270
 9  71  49  60   9   5   0 0.00  0.0    0 11.0 17 270   M    M   0        25 310
10  65  42  54   3  11   0 0.00  0.0    0  5.4 13 300   M    M   0        16 300
11  74  45  60   9   5   0 0.00  0.0    0  7.4 15 270   M    M   0 8      19 300
12  76  45  61  10   4   0 0.00  0.0    0  7.0 17 310   M    M   0        24 330
13  73  45  59   9   6   0 0.00  0.0    0  5.9 13 280   M    M   0        15 280
14  62  46  54   4  11   0 0.00  0.0    0  6.3 10 110   M    M   3 12     12 100
15  55  50  53   3  12   0 0.33  0.0    0  6.7 15 290   M    M  10 1      19 320
16  56  53  55   6  10   0 0.04  0.0    0 11.9 18 290   M    M  10 18     24 280
17  59  53  56   7   9   0 0.55  0.0    0  7.0 14 300   M    M  10 1      18 290
18  56  51  54   5  11   0 0.16  0.0    0  2.0  7 290   M    M  10 1       9 290
19  64  46  55   7  10   0 0.00  0.0    0  5.3 14 300   M    M   5        20 310
================================================================================
SM 1231  884       172   0  1.27     0.0 139.0          M       63
================================================================================
AV 64.8 46.5                               7.3 FASTST   M    M   3    MAX(MPH)
                                 MISC ---->  # 22 280               # 29  270
================================================================================
NOTES:
# LAST OF SEVERAL OCCURRENCES

COLUMN 17 PEAK WIND IN M.P.H.

PRELIMINARY LOCAL CLIMATOLOGICAL DATA (WS FORM: F-6) , PAGE 2

                                          STATION:  KODIAK
                                          MONTH:    SEPTEMBER
                                          YEAR:     2018
                                          LATITUDE:   57 45 N
                                          LONGITUDE: 152 31 W

[TEMPERATURE DATA]      [PRECIPITATION DATA]       SYMBOLS USED IN COLUMN 16

AVERAGE MONTHLY: 55.7   TOTAL FOR MONTH:   1.27    1 = FOG OR MIST
DPTR FM NORMAL:   4.7   DPTR FM NORMAL:   -3.01    2 = FOG REDUCING VISIBILITY
HIGHEST:    76 ON 12    GRTST 24HR  0.55 ON 17-17      TO 1/4 MILE OR LESS
LOWEST:     40 ON  2                               3 = THUNDER
                        SNOW, ICE PELLETS, HAIL    4 = ICE PELLETS
                        TOTAL MONTH:   0.0 INCH    5 = HAIL
                        GRTST 24HR     0.0         6 = FREEZING RAIN OR DRIZZLE
                        GRTST DEPTH:   0           7 = DUSTSTORM OR SANDSTORM:
                                                       VSBY 1/2 MILE OR LESS
                                                   8 = SMOKE OR HAZE
[NO. OF DAYS WITH]      [WEATHER - DAYS WITH]      9 = BLOWING SNOW
                                                   X = TORNADO
MAX 32 OR BELOW:   0    0.01 INCH OR MORE:   5
MAX 90 OR ABOVE:   0    0.10 INCH OR MORE:   4
MIN 32 OR BELOW:   0    0.50 INCH OR MORE:   1
MIN  0 OR BELOW:   0    1.00 INCH OR MORE:   0

[HDD (BASE 65) ]
TOTAL THIS MO.   172    CLEAR  (SCALE 0-3)  13
DPTR FM NORMAL   -94    PTCLDY (SCALE 4-7)   1
TOTAL FM JUL 1   674    CLOUDY (SCALE 8-10)  5
DPTR FM NORMAL  -225

[CDD (BASE 65) ]
TOTAL THIS MO.     0
DPTR FM NORMAL     0    [PRESSURE DATA]
TOTAL FM JAN 1     8    HIGHEST SLP M ON M
DPTR FM NORMAL     7    LOWEST  SLP 29.78 ON  7

[REMARKS]
