000
CXAK56 PAFC 181320
CF6ADQ
PRELIMINARY LOCAL CLIMATOLOGICAL DATA (WS FORM: F-6)

                                          STATION:   KODIAK
                                          MONTH:     FEBRUARY
                                          YEAR:      2020
                                          LATITUDE:   57 45 N
                                          LONGITUDE: 152 31 W

  TEMPERATURE IN F:       :PCPN:    SNOW:  WIND      :SUNSHINE: SKY     :PK WND
================================================================================
1   2   3   4   5  6A  6B    7    8   9   10  11  12  13   14  15   16   17  18
                                     12Z  AVG MX 2MIN
DY MAX MIN AVG DEP HDD CDD  WTR  SNW DPTH SPD SPD DIR MIN PSBL S-S WX    SPD DR
================================================================================

 1  28  12  20 -10  45   0    T    M    M 18.2 40 290   M    M   2 89     49 290
 2  37  11  24  -6  41   0 0.63    M    M 11.9 30 120   M    M   9 12     37 100
 3  40  33  37   7  28   0 0.77    M    M 11.2 21  70   M    M   9 18     25  70
 4  36  29  33   3  32   0 0.19    M    M  3.0 12 310   M    M   8 1      14 310
 5  38  28  33   3  32   0 0.00    M    M  3.7 16 300   M    M   8 1      23 290
 6  38  23  31   1  34   0 0.14    M    M  6.8 18 130   M    M   7 18     22 130
 7  39  29  34   4  31   0 0.05    M    M  6.6 21 120   M    M   5        24 120
 8  41  34  38   8  27   0 0.03    M    M  6.3 23 220   M    M   6 1      34 210
 9  39  27  33   3  32   0 0.00    M    M  4.7 12 300   M    M   3        16 210
10  37  24  31   1  34   0 0.00    M    M 10.3 24 290   M    M   5        31 270
11  35  18  27  -4  38   0 0.40    M    M 12.4 33  50   M    M   6 12     40  40
12  36  30  33   2  32   0 0.14    M    M 14.6 32 280   M    M   7 18     40 280
13  37  28  33   2  32   0 0.01    M    M  7.7 28 290   M    M   2 18     38 290
14  35  20  28  -3  37   0 0.33    M    M  7.7 16 290   M    M   8 18     21 290
15  37  19  28  -3  37   0 0.01    M    M  3.5  8 270   M    M   7 1       9 270
16  37  17  27  -4  38   0 0.01    M    M  4.3 12 140   M    M   3 18     13 150
17  41  32  37   6  28   0 0.37    M    M 13.3 35 160   M    M   9 18     43 160
================================================================================
SM  631  414       578   0  3.08    M    146.2          M      104
================================================================================
AV 37.1 24.4                               8.6 FASTST   M    M   6    MAX(MPH)
                                 MISC ---->  # 40 290               # 49  290
================================================================================
NOTES:
# LAST OF SEVERAL OCCURRENCES

COLUMN 17 PEAK WIND IN M.P.H.

PRELIMINARY LOCAL CLIMATOLOGICAL DATA (WS FORM: F-6) , PAGE 2

                                          STATION:  KODIAK
                                          MONTH:    FEBRUARY
                                          YEAR:     2020
                                          LATITUDE:   57 45 N
                                          LONGITUDE: 152 31 W

[TEMPERATURE DATA]      [PRECIPITATION DATA]       SYMBOLS USED IN COLUMN 16

AVERAGE MONTHLY: 30.7   TOTAL FOR MONTH:   3.08    1 = FOG OR MIST
DPTR FM NORMAL:   0.3   DPTR FM NORMAL:   -0.80    2 = FOG REDUCING VISIBILITY
HIGHEST:    41 ON 17, 8 GRTST 24HR  0.77 ON  3- 3      TO 1/4 MILE OR LESS
LOWEST:     11 ON  2                               3 = THUNDER
                        SNOW, ICE PELLETS, HAIL    4 = ICE PELLETS
                        TOTAL MONTH:    M          5 = HAIL
                        GRTST 24HR    M  ON   M    6 = FREEZING RAIN OR DRIZZLE
                        GRTST DEPTH:  M  ON   M    7 = DUSTSTORM OR SANDSTORM:
                                                       VSBY 1/2 MILE OR LESS
                                                   8 = SMOKE OR HAZE
[NO. OF DAYS WITH]      [WEATHER - DAYS WITH]      9 = BLOWING SNOW
                                                   X = TORNADO
MAX 32 OR BELOW:   1    0.01 INCH OR MORE:  13
MAX 90 OR ABOVE:   0    0.10 INCH OR MORE:   8
MIN 32 OR BELOW:  15    0.50 INCH OR MORE:   2
MIN  0 OR BELOW:   0    1.00 INCH OR MORE:   0

[HDD (BASE 65) ]
TOTAL THIS MO.   578    CLEAR  (SCALE 0-3)   3
DPTR FM NORMAL    -9    PTCLDY (SCALE 4-7)  10
TOTAL FM JUL 1  4692    CLOUDY (SCALE 8-10)  4
DPTR FM NORMAL  -809

[CDD (BASE 65) ]
TOTAL THIS MO.     0
DPTR FM NORMAL     0    [PRESSURE DATA]
TOTAL FM JAN 1     0    HIGHEST SLP M ON M
DPTR FM NORMAL     0    LOWEST  SLP 29.11 ON 12

[REMARKS]
