000
CXUS55 KCYS 231000
CF6AIA
PRELIMINARY LOCAL CLIMATOLOGICAL DATA (WS FORM: F-6)

                                          STATION:   ALLIANCE NEBRASKA AIRPORT
                                          MONTH:     JANUARY
                                          YEAR:      2019
                                          LATITUDE:   42  2 N
                                          LONGITUDE: 102 48 W

  TEMPERATURE IN F:       :PCPN:    SNOW:  WIND      :SUNSHINE: SKY     :PK WND
================================================================================
1   2   3   4   5  6A  6B    7    8   9   10  11  12  13   14  15   16   17  18
                                     12Z  AVG MX 2MIN
DY MAX MIN AVG DEP HDD CDD  WTR  SNW DPTH SPD SPD DIR MIN PSBL S-S WX    SPD DR
================================================================================

 1  17  -8   5 -18  60   0 0.00    M    M  7.7 18 200   M    M   2        22 220
 2  44  -2  21  -2  44   0 0.00    M    M 12.2 23 290   M    M   0 8      26 290
 3  54   9  32   8  33   0 0.00    M    M  9.5 18 290   M    M   0        22 300
 4  60  17  39  15  26   0 0.00    M    M  7.9 18 280   M    M   0        20 280
 5  57  17  37  13  28   0 0.00    M    M  6.1 13 110   M    M   0        16 110
 6  56  26  41  17  24   0 0.00    M    M 10.8 26 280   M    M   0        32 260
 7  53  20  37  13  28   0 0.00    M    M 17.4 40 280   M    M   1        53 290
 8  40   4  22  -2  43   0 0.00    M    M 10.2 29 320   M    M   0        37 320
 9  38   4  21  -3  44   0 0.00    M    M 10.8 25 160   M    M   0        30 150
10  58  15  37  13  28   0 0.00    M    M  4.6 14 330   M    M   0        17 330
11  45  22  34  10  31   0    T    M    M  9.9 22 360   M    M   6        27  10
12  35  12  24   0  41   0 0.00    M    M  4.7  9 290   M    M   5 12     10  20
13  46  11  29   5  36   0 0.00    M    M  4.0 16 240   M    M   3 128    23 240
14  49   3  26   2  39   0 0.00    M    M  6.0 12 350   M    M   0        17 310
15  52   9  31   7  34   0 0.00    M    M  6.2 20 310   M    M   0        24 300
16  40  11  26   2  39   0 0.01    M    M  8.2 18 270   M    M   8 12     22 160
17  53  13  33   9  32   0 0.00    M    M  4.7 10 120   M    M   5 12     12 120
18  35  16  26   2  39   0 0.00    M    M 12.3 22 350   M    M  10 12     28 350
19  48  16  32   8  33   0 0.00    M    M  7.9 16 270   M    M   4 1      19 250
20  49  29  39  15  26   0 0.00    M    M 10.7 29 180   M    M   3        35 180
21  32  14  23  -1  42   0    T    M    M 13.6 29 350   M    M  10 1      37 360
22  29   3  16  -9  49   0    T    M    M 15.6 29 350   M    M   5 1      36 350
================================================================================
SM  990  261       799   0  0.01    M    201.0          M       62
================================================================================
AV 45.0 11.9                               9.1 FASTST   M    M   3    MAX(MPH)
                                 MISC ---->  # 40 280               # 53  290
================================================================================
NOTES:
# LAST OF SEVERAL OCCURRENCES

COLUMN 17 PEAK WIND IN M.P.H.

PRELIMINARY LOCAL CLIMATOLOGICAL DATA (WS FORM: F-6) , PAGE 2

                                          STATION:  ALLIANCE NEBRASKA AIRPORT
                                          MONTH:    JANUARY
                                          YEAR:     2019
                                          LATITUDE:   42  2 N
                                          LONGITUDE: 102 48 W

[TEMPERATURE DATA]      [PRECIPITATION DATA]       SYMBOLS USED IN COLUMN 16

AVERAGE MONTHLY: 28.4   TOTAL FOR MONTH:   0.01    1 = FOG OR MIST
DPTR FM NORMAL:   4.5   DPTR FM NORMAL:   -0.11    2 = FOG REDUCING VISIBILITY
HIGHEST:    60 ON  4    GRTST 24HR  0.01 ON 16-16      TO 1/4 MILE OR LESS
LOWEST:     -8 ON  1                               3 = THUNDER
                        SNOW, ICE PELLETS, HAIL    4 = ICE PELLETS
                        TOTAL MONTH:    M          5 = HAIL
                        GRTST 24HR    M  ON   M    6 = FREEZING RAIN OR DRIZZLE
                        GRTST DEPTH:  M  ON   M    7 = DUSTSTORM OR SANDSTORM:
                                                       VSBY 1/2 MILE OR LESS
                                                   8 = SMOKE OR HAZE
[NO. OF DAYS WITH]      [WEATHER - DAYS WITH]      9 = BLOWING SNOW
                                                   X = TORNADO
MAX 32 OR BELOW:   3    0.01 INCH OR MORE:   1
MAX 90 OR ABOVE:   0    0.10 INCH OR MORE:   0
MIN 32 OR BELOW:  22    0.50 INCH OR MORE:   0
MIN  0 OR BELOW:   2    1.00 INCH OR MORE:   0

[HDD (BASE 65) ]
TOTAL THIS MO.   799    CLEAR  (SCALE 0-3)  13
DPTR FM NORMAL  -103    PTCLDY (SCALE 4-7)   6
TOTAL FM JUL 1  3693    CLOUDY (SCALE 8-10)  3
DPTR FM NORMAL  -291

[CDD (BASE 65) ]
TOTAL THIS MO.     0
DPTR FM NORMAL     0    [PRESSURE DATA]
TOTAL FM JAN 1     0    HIGHEST SLP M ON M
DPTR FM NORMAL     0    LOWEST  SLP 29.34 ON 21

[REMARKS]
