000
CXUS55 KCYS 231000
CF6AIA
PRELIMINARY LOCAL CLIMATOLOGICAL DATA (WS FORM: F-6)

                                          STATION:   ALLIANCE NEBRASKA AIRPORT
                                          MONTH:     OCTOBER
                                          YEAR:      2019
                                          LATITUDE:   42  2 N
                                          LONGITUDE: 102 48 W

  TEMPERATURE IN F:       :PCPN:    SNOW:  WIND      :SUNSHINE: SKY     :PK WND
================================================================================
1   2   3   4   5  6A  6B    7    8   9   10  11  12  13   14  15   16   17  18
                                     12Z  AVG MX 2MIN
DY MAX MIN AVG DEP HDD CDD  WTR  SNW DPTH SPD SPD DIR MIN PSBL S-S WX    SPD DR
================================================================================

 1  44  38  41 -11  24   0    T    M    M 14.2 20  30   M    M   9 1      25  30
 2  53  28  41 -11  24   0    T    M    M  6.9 14 320   M    M   7 1      17 320
 3  64  22  43  -8  22   0 0.00    M    M 11.5 23 150   M    M   0 1      31 160
 4  55  43  49  -2  16   0 0.06    M    M 17.1 28 160   M    M   8 13     34 160
 5  61  33  47  -3  18   0    T    M    M 10.9 24 310   M    M   2        34 290
 6  61  29  45  -5  20   0    T    M    M 11.0 22 280   M    M   2        29 320
 7  73  23  48  -1  17   0 0.00    M    M  7.9 20 260   M    M   0        25 220
 8  81  23  52   3  13   0 0.00    M    M  8.1 29 260   M    M   0        36 250
 9  46  28  37 -11  28   0    T    M    M 14.2 24 360   M    M   6 16     30 350
10  28  17  23 -25  42   0    T    M    M 20.1 30 330   M    M   9 13     38 310
11  41   9  25 -23  40   0 0.00    M    M 14.7 36 310   M    M   1        46 300
12  55  15  35 -12  30   0 0.00    M    M  9.9 25 300   M    M   0        57  80
13  67  17  42  -5  23   0 0.00  0.0    M  6.1 12 310   M    M   0        16 320
14  75  21  48   2  17   0 0.00  0.0    M 10.9 30 270   M    M   0        35 260
15  55  22  39  -7  26   0 0.00    M    M 10.9 28 320   M    M   0        36 320
16  75  22  49   3  16   0 0.00    M    M  6.2 13 170   M    M   0        16 280
17  83  28  56  11   9   0 0.00    M    M  6.4 20 180   M    M   0        23 180
18  61  26  44  -1  21   0    T    M    M 11.5 25 340   M    M   1        32 360
19  61  19  40  -5  25   0 0.00    M    M  9.2 24 260   M    M   2        29 180
20  50  31  41  -3  24   0 0.16    M    M 21.2 33 310   M    M   5 1      48 310
21  49  29  39  -5  26   0 0.00    M    M 19.9 33 330   M    M   2        44 310
22  58  23  41  -2  24   0    T    M    M 11.8 33 310   M    M   7        44 310
================================================================================
SM 1296  546       505   0  0.22     0.0 260.6          M       61
================================================================================
AV 58.9 24.8                              11.8 FASTST   M    M   3    MAX(MPH)
                                 MISC ---->  # 36 310               # 57   80
================================================================================
NOTES:
# LAST OF SEVERAL OCCURRENCES

COLUMN 17 PEAK WIND IN M.P.H.

PRELIMINARY LOCAL CLIMATOLOGICAL DATA (WS FORM: F-6) , PAGE 2

                                          STATION:  ALLIANCE NEBRASKA AIRPORT
                                          MONTH:    OCTOBER
                                          YEAR:     2019
                                          LATITUDE:   42  2 N
                                          LONGITUDE: 102 48 W

[TEMPERATURE DATA]      [PRECIPITATION DATA]       SYMBOLS USED IN COLUMN 16

AVERAGE MONTHLY: 41.9   TOTAL FOR MONTH:   0.22    1 = FOG OR MIST
DPTR FM NORMAL:  -5.7   DPTR FM NORMAL:   -0.69    2 = FOG REDUCING VISIBILITY
HIGHEST:    83 ON 17    GRTST 24HR  0.16 ON 20-20      TO 1/4 MILE OR LESS
LOWEST:      9 ON 11                               3 = THUNDER
                        SNOW, ICE PELLETS, HAIL    4 = ICE PELLETS
                        TOTAL MONTH:   0.0 INCH    5 = HAIL
                        GRTST 24HR     0.0         6 = FREEZING RAIN OR DRIZZLE
                        GRTST DEPTH:  M  ON   M    7 = DUSTSTORM OR SANDSTORM:
                                                       VSBY 1/2 MILE OR LESS
                                                   8 = SMOKE OR HAZE
[NO. OF DAYS WITH]      [WEATHER - DAYS WITH]      9 = BLOWING SNOW
                                                   X = TORNADO
MAX 32 OR BELOW:   1    0.01 INCH OR MORE:   2
MAX 90 OR ABOVE:   0    0.10 INCH OR MORE:   1
MIN 32 OR BELOW:  19    0.50 INCH OR MORE:   0
MIN  0 OR BELOW:   0    1.00 INCH OR MORE:   0

[HDD (BASE 65) ]
TOTAL THIS MO.   505    CLEAR  (SCALE 0-3)  15
DPTR FM NORMAL   119    PTCLDY (SCALE 4-7)   5
TOTAL FM JUL 1   643    CLOUDY (SCALE 8-10)  2
DPTR FM NORMAL    12

[CDD (BASE 65) ]
TOTAL THIS MO.     0
DPTR FM NORMAL     0    [PRESSURE DATA]
TOTAL FM JAN 1   516    HIGHEST SLP  0.00 ON 19
DPTR FM NORMAL   -47    LOWEST  SLP 29.34 ON 18

[REMARKS]
