000
CXUS55 KCYS 291000
CF6AIA
PRELIMINARY LOCAL CLIMATOLOGICAL DATA (WS FORM: F-6)

                                          STATION:   ALLIANCE NEBRASKA AIRPORT
                                          MONTH:     MAY
                                          YEAR:      2020
                                          LATITUDE:   42  2 N
                                          LONGITUDE: 102 48 W

  TEMPERATURE IN F:       :PCPN:    SNOW:  WIND      :SUNSHINE: SKY     :PK WND
================================================================================
1   2   3   4   5  6A  6B    7    8   9   10  11  12  13   14  15   16   17  18
                                     12Z  AVG MX 2MIN
DY MAX MIN AVG DEP HDD CDD  WTR  SNW DPTH SPD SPD DIR MIN PSBL S-S WX    SPD DR
================================================================================

 1  77  41  59   9   6   0 0.34    M    M  9.7 23 340   M    M   3 1      28 350
 2  52  47  50   0  15   0 1.10    M    M  8.6 15 140   M    M  10 1      18 140
 3  73  44  59   9   6   0 0.06    M    M  9.7 26 210   M    M   4 1      32 200
 4  55  29  42  -8  23   0 0.19    M    M 14.0 31  20   M    M   7 13     38  20
 5  63  28  46  -5  19   0 0.00    M    M  9.6 22 350   M    M   2        28 350
 6  64  25  45  -6  20   0 0.00    M    M 10.8 30 160   M    M   1        36 170
 7  60  37  49  -3  16   0    T    M    M 20.2 36 310   M    M   2        42 340
 8  58  30  44  -8  21   0 0.00    M    M  8.2 17 230   M    M   3        29 180
 9  56  27  42 -10  23   0    T    M    M 16.2 35 330   M    M   5        43 340
10  56  23  40 -13  25   0 0.00    M    M 11.1 22  60   M    M   6        28  20
11  38  35  37 -16  28   0 0.00    M    M 16.1 22 150   M    M  10 18     27 140
12  46  34  40 -13  25   0 0.01    M    M 20.6 33 150   M    M  10 13     38 150
13  69  42  56   2   9   0    T    M    M  9.3 23 180   M    M   5 13     27 170
14  73  43  58   4   7   0    T    M    M  9.4 21  70   M    M   4        31 300
15  68  45  57   3   8   0 0.38    M    M 11.2 29 300   M    M   6 13     39 290
16  65  43  54  -1  11   0 0.09    M    M 12.7 30 320   M    M   6 13     39 300
17  66  40  53  -2  12   0 0.00    M    M  7.0 14 140   M    M   3        17 130
18  73  44  59   3   6   0 0.00    M    M 16.3 28 150   M    M   0        32 150
19  79  49  64   8   1   0 0.00    M    M 19.7 29 150   M    M   0        36 150
20  77  51  64   8   1   0 0.43    M    M 26.2 39 150   M    M   2 13     47 160
21  74  40  57   0   8   0    T    M    M  6.2 16 170   M    M   1 8      21 170
22  78  47  63   6   2   0 0.00    M    M  9.2 20 150   M    M   2 12     25 140
23  76  50  63   6   2   0 0.25    M    M 12.9 33 340   M    M   3 13     39 340
24  61  45  53  -5  12   0 0.04    M    M 11.7 25 340   M    M   7        30 340
25  65  36  51  -7  14   0 0.00    M    M  8.8 20 340   M    M   4        26 330
26  77  33  55  -3  10   0 0.00    M    M  8.0 18 350   M    M   0        25 330
27   M   M   M   M   M   M    M    M    M   M   M   M   M    M   M 1       M  M
28   M   M   M   M   M   M    M    M    M   M   M   M   M    M   M         M  M
================================================================================
SM 1699 1008       330   0  2.89    M    323.4          M      106
================================================================================
AV 65.4 38.8                              12.4 FASTST   M    M   4    MAX(MPH)
                                 MISC ---->  # 39 150               # 47  160
================================================================================
NOTES:
# LAST OF SEVERAL OCCURRENCES

COLUMN 17 PEAK WIND IN M.P.H.

PRELIMINARY LOCAL CLIMATOLOGICAL DATA (WS FORM: F-6) , PAGE 2

                                          STATION:  ALLIANCE NEBRASKA AIRPORT
                                          MONTH:    MAY
                                          YEAR:     2020
                                          LATITUDE:   42  2 N
                                          LONGITUDE: 102 48 W

[TEMPERATURE DATA]      [PRECIPITATION DATA]       SYMBOLS USED IN COLUMN 16

AVERAGE MONTHLY: 52.1   TOTAL FOR MONTH:   2.89    1 = FOG OR MIST
DPTR FM NORMAL:  -2.2   DPTR FM NORMAL:    0.62    2 = FOG REDUCING VISIBILITY
HIGHEST:    79 ON 19    GRTST 24HR  1.10 ON  2- 2      TO 1/4 MILE OR LESS
LOWEST:     23 ON 10                               3 = THUNDER
                        SNOW, ICE PELLETS, HAIL    4 = ICE PELLETS
                        TOTAL MONTH:    M          5 = HAIL
                        GRTST 24HR    M  ON   M    6 = FREEZING RAIN OR DRIZZLE
                        GRTST DEPTH:  M  ON   M    7 = DUSTSTORM OR SANDSTORM:
                                                       VSBY 1/2 MILE OR LESS
                                                   8 = SMOKE OR HAZE
[NO. OF DAYS WITH]      [WEATHER - DAYS WITH]      9 = BLOWING SNOW
                                                   X = TORNADO
MAX 32 OR BELOW:   0    0.01 INCH OR MORE:  10
MAX 90 OR ABOVE:   0    0.10 INCH OR MORE:   6
MIN 32 OR BELOW:   6    0.50 INCH OR MORE:   1
MIN  0 OR BELOW:   0    1.00 INCH OR MORE:   1

[HDD (BASE 65) ]
TOTAL THIS MO.   330    CLEAR  (SCALE 0-3)  13
DPTR FM NORMAL    22    PTCLDY (SCALE 4-7)  10
TOTAL FM JUL 1  7236    CLOUDY (SCALE 8-10)  3
DPTR FM NORMAL    39

[CDD (BASE 65) ]
TOTAL THIS MO.     0
DPTR FM NORMAL    -3    [PRESSURE DATA]
TOTAL FM JAN 1     0    HIGHEST SLP M ON M
DPTR FM NORMAL    -3    LOWEST  SLP 29.41 ON 20

[REMARKS]
