000
CXUS53 KGRB 040311
CF6AIG
PRELIMINARY LOCAL CLIMATOLOGICAL DATA (WS FORM: F-6)

                                          STATION:   ANTIGO AWOS
                                          MONTH:     SEPTEMBER
                                          YEAR:      2019
                                          LATITUDE:   45  9 N
                                          LONGITUDE:  89  8 W

  TEMPERATURE IN F:       :PCPN:    SNOW:  WIND      :SUNSHINE: SKY     :PK WND
================================================================================
1   2   3   4   5  6A  6B    7    8   9   10  11  12  13   14  15   16   17  18
                                     12Z  AVG MX 2MIN
DY MAX MIN AVG DEP HDD CDD  WTR  SNW DPTH SPD SPD DIR MIN PSBL S-S WX    SPD DR
================================================================================

 1  68  40  54  -8  11   0 0.00  0.0    0  0.9  8 200   M    M   5         M  M
 2  73  56  65   3   0   0 0.00  0.0    0  5.2 14 130   M    M   8        20 120
 3  73  55  64   3   1   0 1.24  0.0    0 12.5 21 130   M    M   9 1      29 280
 4  65  48  57  -4   8   0 0.00  0.0    0  5.4 10 350   M    M   6         M  M
 5  61  41  51 -10  14   0 0.34    M    0  4.7 17 170   M    M   6 1      25 170
 6  64  49  57  -3   8   0 0.02    M    0  7.6 16 350   M    M   7 1      27 350
 7  64  47  56  -4   9   0 0.00  0.0    0  6.8 14 340   M    M   3        20 310
 8  60  46  53  -7  12   0 0.00  0.0    0  5.0 12 120   M    M   6         M  M
 9  60  44  52  -7  13   0 0.81    M    0  8.6 16 130   M    M  10 1      22 130
10  76  56  66   7   0   1 0.09  0.0    0  9.1 14 250   M    M   8 12     21 220
11  60  51  56  -2   9   0 0.58  0.0    0  8.0 15  60   M    M  10 12     22  60
12  55  51  53  -5  12   0 0.63  0.0    0 12.8 21 110   M    M  10 1      29 100
13  63  51  57   0   8   0 0.04  0.0    0 13.8 20 250   M    M  10 1      31 250
14  68  48  58   1   7   0 0.56    M    0  6.9 13 250   M    M   7        17 270
15  63  53  58   2   7   0 0.00  0.0    0  2.3  6 130   M    M   8 12      M  M
16  79  51  65   9   0   0 0.01  0.0    0  2.3  7 210   M    M   5 12      M  M
17  78  58  68  12   0   3 0.00  0.0    0  6.2 13 150   M    M   1 1       M  M
18  76  56  66  11   0   1 0.06  0.0    0  9.0 17 170   M    M   4 1      23 170
19  72  60  66  11   0   1 0.34  0.0    0  3.2 13 220   M    M   7 12     22 220
20  77  56  67  13   0   2 0.00  0.0    0  4.1 10 140   M    M   8 12      M  M
21  70  64  67  13   0   2 0.12  0.0    0  9.8 14 210   M    M  10 12     18 200
22  69  57  63  10   2   0 0.13  0.0    0  6.6 10 210   M    M   9 1       M  M
23  68  48  58   5   7   0 0.00  0.0    0  6.3 14 310   M    M   6        22 290
24  76  43  60   8   5   0 0.29    M    0  7.0 17 240   M    M   3        28 240
25  67  49  58   6   7   0 0.04    M    0 10.5 16 270   M    M   6 1      29 290
26  62  43  53   1  12   0 0.00  0.0    0  8.5 16 260   M    M   3        25 260
27  60  49  55   4  10   0 0.04    M    0  6.4 13 200   M    M   7        23 190
28  59  42  51   0  14   0 0.00  0.0    0  4.7  9 360   M    M   2         M  M
29  54  45  50   0  15   0 0.00  0.0    0 11.7 17 100   M    M   9 1      24 110
30  74  51  63  13   2   0 0.17  0.0    0  8.7 16 150   M    M   9 12     21 150
================================================================================
SM 2014 1508       193  10  5.51     0.0 214.6          M      202
================================================================================
AV 67.1 50.3                               7.2 FASTST   M    M   7    MAX(MPH)
                                 MISC ---->  # 21 130               # 31  250
================================================================================
NOTES:
# LAST OF SEVERAL OCCURRENCES

COLUMN 17 PEAK WIND IN M.P.H.

PRELIMINARY LOCAL CLIMATOLOGICAL DATA (WS FORM: F-6) , PAGE 2

                                          STATION:  ANTIGO AWOS
                                          MONTH:    SEPTEMBER
                                          YEAR:     2019
                                          LATITUDE:   45  9 N
                                          LONGITUDE:  89  8 W

[TEMPERATURE DATA]      [PRECIPITATION DATA]       SYMBOLS USED IN COLUMN 16

AVERAGE MONTHLY: 58.7   TOTAL FOR MONTH:   5.51    1 = FOG OR MIST
DPTR FM NORMAL:   2.5   DPTR FM NORMAL:    1.72    2 = FOG REDUCING VISIBILITY
HIGHEST:    79 ON 16    GRTST 24HR  1.24 ON  3- 3      TO 1/4 MILE OR LESS
LOWEST:     40 ON  1                               3 = THUNDER
                        SNOW, ICE PELLETS, HAIL    4 = ICE PELLETS
                        TOTAL MONTH:   0.0 INCH    5 = HAIL
                        GRTST 24HR     0.0         6 = FREEZING RAIN OR DRIZZLE
                        GRTST DEPTH:   0           7 = DUSTSTORM OR SANDSTORM:
                                                       VSBY 1/2 MILE OR LESS
                                                   8 = SMOKE OR HAZE
[NO. OF DAYS WITH]      [WEATHER - DAYS WITH]      9 = BLOWING SNOW
                                                   X = TORNADO
MAX 32 OR BELOW:   0    0.01 INCH OR MORE:  18
MAX 90 OR ABOVE:   0    0.10 INCH OR MORE:  11
MIN 32 OR BELOW:   0    0.50 INCH OR MORE:   5
MIN  0 OR BELOW:   0    1.00 INCH OR MORE:   1

[HDD (BASE 65) ]
TOTAL THIS MO.   193    CLEAR  (SCALE 0-3)   5
DPTR FM NORMAL   -91    PTCLDY (SCALE 4-7)  14
TOTAL FM JUL 1   316    CLOUDY (SCALE 8-10) 11
DPTR FM NORMAL   -95

[CDD (BASE 65) ]
TOTAL THIS MO.    10
DPTR FM NORMAL   -10    [PRESSURE DATA]
TOTAL FM JAN 1   204    HIGHEST SLP M ON M
DPTR FM NORMAL   -54    LOWEST  SLP M ON M

[REMARKS]
#FINAL-09-19#
