000
CXUS53 KGRB 210819
CF6AIG
PRELIMINARY LOCAL CLIMATOLOGICAL DATA (WS FORM: F-6)

                                          STATION:   ANTIGO AWOS
                                          MONTH:     JANUARY
                                          YEAR:      2019
                                          LATITUDE:   45  9 N
                                          LONGITUDE:  89  8 W

  TEMPERATURE IN F:       :PCPN:    SNOW:  WIND      :SUNSHINE: SKY     :PK WND
================================================================================
1   2   3   4   5  6A  6B    7    8   9   10  11  12  13   14  15   16   17  18
                                     12Z  AVG MX 2MIN
DY MAX MIN AVG DEP HDD CDD  WTR  SNW DPTH SPD SPD DIR MIN PSBL S-S WX    SPD DR
================================================================================

 1  20   8  14   2  51   0 0.00  0.0    0  6.8 20 360   M    M   3        23 360
 2  22   6  14   2  51   0 0.00  0.0    0  9.4 16 260   M    M   9        23 260
 3  33  19  26  14  39   0 0.00  0.0    0 10.0 16 290   M    M   5        22 290
 4  42  25  34  22  31   0 0.00  0.0    0  4.6  8 300   M    M   0 1       M  M
 5  41  20  31  19  34   0 0.00  0.0    0  7.8 14 360   M    M   4 1      21 340
 6  32  19  26  15  39   0 0.00  0.0    0 10.7 22 120   M    M   5        28 120
 7  36  26  31  20  34   0 0.03    M    0 16.6 28 140   M    M  10 1      35 130
 8  33  14  24  13  41   0 0.00  0.0    0 15.2 24 300   M    M  10 1      33 300
 9  14   9  12   1  53   0 0.00  0.0    0 14.9 21 310   M    M   9        28 310
10  17  10  14   3  51   0 0.00  0.0    0  6.7 15 350   M    M   6         M  M
11  25  14  20   9  45   0 0.00  0.0    0  6.3  9 150   M    M  10         M  M
12  23  19  21  10  44   0 0.00  0.0    0  9.9 15  90   M    M  10 1      21  90
13  24  14  19   8  46   0 0.00  0.0    0  4.8  9  60   M    M   6         M  M
14  27  16  22  11  43   0 0.00  0.0    0  6.1  9 250   M    M  10 1       M  M
15  28  25  27  16  38   0 0.00  0.0    0 11.0 21 290   M    M  10 1      30 310
16  25   9  17   6  48   0 0.00  0.0    0  6.2 18 330   M    M   4        28 320
17  22   8  15   4  50   0 0.00  0.0    0  5.8 10 330   M    M   8 1       M  M
18  12  -1   6  -5  59   0 0.00  0.0    0  8.2 14  40   M    M   5         M  M
19  10  -3   4  -7  61   0 0.00  0.0    0  7.5 14  10   M    M   3        20  10
20   5  -7  -1 -12  66   0 0.00  0.0    0  8.4 16  40   M    M   1         M  M
================================================================================
SM  491  250       924   0  0.03     0.0 176.9          M      128
================================================================================
AV 24.6 12.5                               8.8 FASTST   M    M   6    MAX(MPH)
                                 MISC ---->  # 28 140               # 35  130
================================================================================
NOTES:
# LAST OF SEVERAL OCCURRENCES

COLUMN 17 PEAK WIND IN M.P.H.

PRELIMINARY LOCAL CLIMATOLOGICAL DATA (WS FORM: F-6) , PAGE 2

                                          STATION:  ANTIGO AWOS
                                          MONTH:    JANUARY
                                          YEAR:     2019
                                          LATITUDE:   45  9 N
                                          LONGITUDE:  89  8 W

[TEMPERATURE DATA]      [PRECIPITATION DATA]       SYMBOLS USED IN COLUMN 16

AVERAGE MONTHLY: 18.5   TOTAL FOR MONTH:   0.03    1 = FOG OR MIST
DPTR FM NORMAL:   7.3   DPTR FM NORMAL:   -0.47    2 = FOG REDUCING VISIBILITY
HIGHEST:    42 ON  4    GRTST 24HR  0.03 ON  7- 7      TO 1/4 MILE OR LESS
LOWEST:     -7 ON 20                               3 = THUNDER
                        SNOW, ICE PELLETS, HAIL    4 = ICE PELLETS
                        TOTAL MONTH:   0.0 INCH    5 = HAIL
                        GRTST 24HR     0.0         6 = FREEZING RAIN OR DRIZZLE
                        GRTST DEPTH:   0           7 = DUSTSTORM OR SANDSTORM:
                                                       VSBY 1/2 MILE OR LESS
                                                   8 = SMOKE OR HAZE
[NO. OF DAYS WITH]      [WEATHER - DAYS WITH]      9 = BLOWING SNOW
                                                   X = TORNADO
MAX 32 OR BELOW:  15    0.01 INCH OR MORE:   1
MAX 90 OR ABOVE:   0    0.10 INCH OR MORE:   0
MIN 32 OR BELOW:  20    0.50 INCH OR MORE:   0
MIN  0 OR BELOW:   3    1.00 INCH OR MORE:   0

[HDD (BASE 65) ]
TOTAL THIS MO.   924    CLEAR  (SCALE 0-3)   3
DPTR FM NORMAL  -152    PTCLDY (SCALE 4-7)   9
TOTAL FM JUL 1  4471    CLOUDY (SCALE 8-10)  8
DPTR FM NORMAL  -218

[CDD (BASE 65) ]
TOTAL THIS MO.     0
DPTR FM NORMAL     0    [PRESSURE DATA]
TOTAL FM JAN 1     0    HIGHEST SLP M ON M
DPTR FM NORMAL     0    LOWEST  SLP M ON M

[REMARKS]
