000
CXAK56 PAJK 231130
CF6AJN
PRELIMINARY LOCAL CLIMATOLOGICAL DATA (WS FORM: F-6)

                                          STATION:   JUNEAU
                                          MONTH:     SEPTEMBER
                                          YEAR:      2018
                                          LATITUDE:   58 22 N
                                          LONGITUDE: 134 35 W

  TEMPERATURE IN F:       :PCPN:    SNOW:  WIND      :SUNSHINE: SKY     :PK WND
================================================================================
1   2   3   4   5  6A  6B    7    8   9   10  11  12  13   14  15   16   17  18
                                     12Z  AVG MX 2MIN
DY MAX MIN AVG DEP HDD CDD  WTR  SNW DPTH SPD SPD DIR MIN PSBL S-S WX    SPD DR
================================================================================

 1  57  49  53   0  12   0 0.25  0.0    0  8.1 17 130   M    M  10 1      22 130
 2  64  46  55   2  10   0 0.00  0.0    0  3.6 12 240   M    M   6        14 240
 3  66  40  53   0  12   0 0.00  0.0    0  4.2 12 230   M    M   2 12     13 240
 4  65  39  52   0  13   0 0.00  0.0    0  3.1 12 230   M    M   3 12     13 230
 5  69  40  55   3  10   0 0.00  0.0    0  3.3 12 240   M    M   5 1      13 230
 6  67  44  56   4   9   0 0.00  0.0    0  3.5 12 240   M    M   3        25 210
 7  60  41  51  -1  14   0 0.06  0.0    0  1.7 17  90   M    M   7 1      24 100
 8  66  43  55   3  10   0    T  0.0    0  4.7 23  70   M    M   7 1      30  60
 9  68  47  58   7   7   0 0.00  0.0    0  9.6 25  80   M    M   7        35  90
10  72  41  57   6   8   0 0.00  0.0    0  3.4 10 240   M    M   4        12 250
11  72  39  56   5   9   0 0.00  0.0    0  3.4 14  60   M    M   3        20  60
12  66  39  53   2  12   0 0.00  0.0    0  3.0  9 250   M    M   5        13 250
13  57  38  48  -3  17   0 0.01  0.0    0  5.7 18 120   M    M   6        23 110
14  63  35  49  -1  16   0 0.00  0.0    0  4.6 20  90   M    M   2 1      26  80
15  60  33  47  -3  18   0 0.00  0.0    0  5.5 18  80   M    M   1        26  50
16  59  29  44  -6  21   0 0.00  0.0    0  3.1 14 240   M    M   1        16 240
17  58  29  44  -6  21   0 0.00  0.0    0  2.2 10 230   M    M   1        12 240
18  59  30  45  -5  20   0 0.00  0.0    0  3.1 12 250   M    M   0 1      14 240
19  59  30  45  -4  20   0 0.00  0.0    0  2.5 10 230   M    M   1 1      12 230
20  61  30  46  -3  19   0 0.00  0.0    0  2.1  9 250   M    M   3 1      11 260
21  60  30  45  -4  20   0 0.00  0.0    0  2.9 10 240   M    M   1 1      11 230
22  54  30  42  -7  23   0 0.10  0.0    0  7.1 20 110   M    M   7 1      23 110
================================================================================
SM 1382  822       321   0  0.42     0.0  90.4          M       85
================================================================================
AV 62.8 37.4                               4.1 FASTST   M    M   4    MAX(MPH)
                                 MISC ---->  # 25  80               # 35   90
================================================================================
NOTES:
# LAST OF SEVERAL OCCURRENCES

COLUMN 17 PEAK WIND IN M.P.H.

PRELIMINARY LOCAL CLIMATOLOGICAL DATA (WS FORM: F-6) , PAGE 2

                                          STATION:  JUNEAU
                                          MONTH:    SEPTEMBER
                                          YEAR:     2018
                                          LATITUDE:   58 22 N
                                          LONGITUDE: 134 35 W

[TEMPERATURE DATA]      [PRECIPITATION DATA]       SYMBOLS USED IN COLUMN 16

AVERAGE MONTHLY: 50.1   TOTAL FOR MONTH:   0.42    1 = FOG OR MIST
DPTR FM NORMAL:  -0.7   DPTR FM NORMAL:   -5.77    2 = FOG REDUCING VISIBILITY
HIGHEST:    72 ON 11,10 GRTST 24HR  0.52 ON 31- 1      TO 1/4 MILE OR LESS
LOWEST:     29 ON 17,16                            3 = THUNDER
                        SNOW, ICE PELLETS, HAIL    4 = ICE PELLETS
                        TOTAL MONTH:   0.0 INCH    5 = HAIL
                        GRTST 24HR     0.0         6 = FREEZING RAIN OR DRIZZLE
                        GRTST DEPTH:   0           7 = DUSTSTORM OR SANDSTORM:
                                                       VSBY 1/2 MILE OR LESS
                                                   8 = SMOKE OR HAZE
[NO. OF DAYS WITH]      [WEATHER - DAYS WITH]      9 = BLOWING SNOW
                                                   X = TORNADO
MAX 32 OR BELOW:   0    0.01 INCH OR MORE:   4
MAX 90 OR ABOVE:   0    0.10 INCH OR MORE:   2
MIN 32 OR BELOW:   7    0.50 INCH OR MORE:   0
MIN  0 OR BELOW:   0    1.00 INCH OR MORE:   0

[HDD (BASE 65) ]
TOTAL THIS MO.   321    CLEAR  (SCALE 0-3)  10
DPTR FM NORMAL    10    PTCLDY (SCALE 4-7)  11
TOTAL FM JUL 1   665    CLOUDY (SCALE 8-10)  1
DPTR FM NORMAL  -181

[CDD (BASE 65) ]
TOTAL THIS MO.     0
DPTR FM NORMAL     0    [PRESSURE DATA]
TOTAL FM JAN 1    16    HIGHEST SLP M ON M
DPTR FM NORMAL    14    LOWEST  SLP 29.65 ON  9

[REMARKS]
