000
CXAK56 PAJK 221135
CF6AJN
PRELIMINARY LOCAL CLIMATOLOGICAL DATA (WS FORM: F-6)

                                          STATION:   JUNEAU
                                          MONTH:     JUNE
                                          YEAR:      2018
                                          LATITUDE:   58 22 N
                                          LONGITUDE: 134 35 W

  TEMPERATURE IN F:       :PCPN:    SNOW:  WIND      :SUNSHINE: SKY     :PK WND
================================================================================
1   2   3   4   5  6A  6B    7    8   9   10  11  12  13   14  15   16   17  18
                                     12Z  AVG MX 2MIN
DY MAX MIN AVG DEP HDD CDD  WTR  SNW DPTH SPD SPD DIR MIN PSBL S-S WX    SPD DR
================================================================================

 1  64  39  52   0  13   0    T  0.0    0  9.3 25 120   M    M   7        32 120
 2  58  41  50  -3  15   0 0.07  0.0    0  8.8 21 120   M    M   7        25 120
 3  62  36  49  -4  16   0    T  0.0    0  6.1 16 240   M    M   6 1      19 230
 4  50  46  48  -5  17   0 0.64  0.0    0  9.0 15 120   M    M  10 1      19 110
 5  62  44  53   0  12   0    T  0.0    0  5.9 15 220   M    M   8 1      18 270
 6  61  45  53   0  12   0 0.01  0.0    0  7.4 24 110   M    M   9        37 120
 7  59  42  51  -3  14   0 0.06  0.0    0  8.7 23 140   M    M   9 1      27 120
 8  61  43  52  -2  13   0 0.04  0.0    0  9.5 30 120   M    M   9 1      36 120
 9  57  42  50  -4  15   0 0.44  0.0    0  4.8 16 250   M    M   9 1      19 250
10  52  44  48  -6  17   0 0.22  0.0    0  9.4 15 120   M    M  10 1      20 120
11  58  47  53  -1  12   0 0.13  0.0    0  4.5 12  80   M    M  10 1      15  80
12  64  47  56   2   9   0 0.00  0.0    0  7.7 16 240   M    M   7        20 240
13  67  48  58   4   7   0 0.16  0.0    0  5.5 18 260   M    M  10 1      23 260
14  52  48  50  -5  15   0 0.11  0.0    0  3.6  9 110   M    M  10 1      10 110
15  63  48  56   1   9   0 0.00  0.0    0  3.6  9 240   M    M  10        12 310
16  56  49  53  -2  12   0 0.15  0.0    0 10.1 20 110   M    M  10 1      24 100
17  61  53  57   2   8   0 0.05  0.0    0  8.8 18  80   M    M  10 1      21  80
18  74  54  64   9   1   0    T  0.0    0  5.8 16 240   M    M   5 1      17 230
19  81  50  66  11   0   1 0.00  0.0    0  5.4 14 240   M    M   5 1      18 220
20  85  55  70  15   0   5 0.00  0.0    0  5.2 17  80   M    M   7        22  80
21  73  57  65  10   0   0 0.00  0.0    0  8.1 18 120   M    M   7        24 150
================================================================================
SM 1320  978       217   6  2.08     0.0 147.2          M      175
================================================================================
AV 62.9 46.6                               7.0 FASTST   M    M   8    MAX(MPH)
                                 MISC ---->  # 30 120               # 37  120
================================================================================
NOTES:
# LAST OF SEVERAL OCCURRENCES

COLUMN 17 PEAK WIND IN M.P.H.

PRELIMINARY LOCAL CLIMATOLOGICAL DATA (WS FORM: F-6) , PAGE 2

                                          STATION:  JUNEAU
                                          MONTH:    JUNE
                                          YEAR:     2018
                                          LATITUDE:   58 22 N
                                          LONGITUDE: 134 35 W

[TEMPERATURE DATA]      [PRECIPITATION DATA]       SYMBOLS USED IN COLUMN 16

AVERAGE MONTHLY: 54.7   TOTAL FOR MONTH:   2.08    1 = FOG OR MIST
DPTR FM NORMAL:   0.7   DPTR FM NORMAL:   -0.14    2 = FOG REDUCING VISIBILITY
HIGHEST:    85 ON 20    GRTST 24HR  0.64 ON  4- 4      TO 1/4 MILE OR LESS
LOWEST:     36 ON  3                               3 = THUNDER
                        SNOW, ICE PELLETS, HAIL    4 = ICE PELLETS
                        TOTAL MONTH:   0.0 INCH    5 = HAIL
                        GRTST 24HR     0.0         6 = FREEZING RAIN OR DRIZZLE
                        GRTST DEPTH:   0           7 = DUSTSTORM OR SANDSTORM:
                                                       VSBY 1/2 MILE OR LESS
                                                   8 = SMOKE OR HAZE
[NO. OF DAYS WITH]      [WEATHER - DAYS WITH]      9 = BLOWING SNOW
                                                   X = TORNADO
MAX 32 OR BELOW:   0    0.01 INCH OR MORE:  12
MAX 90 OR ABOVE:   0    0.10 INCH OR MORE:   7
MIN 32 OR BELOW:   0    0.50 INCH OR MORE:   1
MIN  0 OR BELOW:   0    1.00 INCH OR MORE:   0

[HDD (BASE 65) ]
TOTAL THIS MO.   217    CLEAR  (SCALE 0-3)   0
DPTR FM NORMAL   -12    PTCLDY (SCALE 4-7)   9
TOTAL FM JUL 1  8564    CLOUDY (SCALE 8-10) 12
DPTR FM NORMAL   299

[CDD (BASE 65) ]
TOTAL THIS MO.     6
DPTR FM NORMAL     6    [PRESSURE DATA]
TOTAL FM JAN 1     6    HIGHEST SLP M ON M
DPTR FM NORMAL     6    LOWEST  SLP 29.49 ON  6

[REMARKS]
