000
CXAK56 PAFC 241320
CF6AKN
PRELIMINARY LOCAL CLIMATOLOGICAL DATA (WS FORM: F-6)

                                          STATION:   KING SALMON
                                          MONTH:     JANUARY
                                          YEAR:      2020
                                          LATITUDE:   58 41 N
                                          LONGITUDE: 156 39 W

  TEMPERATURE IN F:       :PCPN:    SNOW:  WIND      :SUNSHINE: SKY     :PK WND
================================================================================
1   2   3   4   5  6A  6B    7    8   9   10  11  12  13   14  15   16   17  18
                                     12Z  AVG MX 2MIN
DY MAX MIN AVG DEP HDD CDD  WTR  SNW DPTH SPD SPD DIR MIN PSBL S-S WX    SPD DR
================================================================================

 1  -6 -35 -20 -37  85   0    T    M    M  3.0  9 140   M    M   6 18     10 150
 2 -10 -41 -25 -42  90   0 0.00    M    M  4.7 17  10   M    M   1 189    24  10
 3  -6 -14 -10 -27  75   0 0.00    M    M 14.5 21 360   M    M   1 189    27 360
 4  -7 -34 -20 -37  85   0    T    M    M  2.6  9  60   M    M   2 8      12  60
 5  -1 -24 -12 -28  77   0    T    M    M  6.8 13  10   M    M   6 1      17  10
 6 -15 -33 -24 -40  89   0 0.00    M    M  2.6  9 160   M    M   2 18      9 160
 7 -12 -29 -20 -36  85   0 0.00    M    M  7.7 20 350   M    M   6 18     24 350
 8   0 -21 -10 -26  75   0 0.00    M    M 10.5 21 360   M    M   3        24 360
 9  17   0   9  -7  56   0    T    M    M  9.8 18 340   M    M  10 18     22 350
10  28   0  14  -2  51   0 0.12    M    M  6.4 17  90   M    M  10 16     22 100
11  27  18  23   7  42   0 0.11    M    M  7.3 21 100   M    M   8 12     27 100
12  36  22  29  13  36   0 0.09    M    M 14.2 33 170   M    M   6 18     41 160
13  28  15  22   6  43   0    T    M    M  4.4 12 240   M    M   8 12     15 240
14  26   2  14  -2  51   0    T    M    M  4.3 16 360   M    M   6 1      21  10
15  11 -10   1 -15  64   0 0.00    M    M  5.9 16  10   M    M   2 18     20  20
16   9 -14  -2 -18  67   0 0.00    M    M  6.0 13 350   M    M   0        16 360
17  24 -19   3 -13  62   0 0.00    M    M  6.8 15  40   M    M   2        19  50
18  29  20  25   9  40   0    T    M    M  9.1 18  80   M    M   8        24  70
19  27  10  19   3  46   0    T    M    M  5.3 10 350   M    M  10        13 350
20  10 -10   0 -16  65   0 0.00    M    M  5.7 12 360   M    M   6 1      14 360
21  -1 -19 -10 -26  75   0 0.00    M    M  1.0  7 170   M    M   5 18      7 170
22   8 -12  -2 -18  67   0    T    M    M  2.8  9 280   M    M   6 128    11 150
23   M   M   M   M   M   M    M    M    M   M   M   M   M    M   M 128     M  M
================================================================================
SM  222 -228      1426   0  0.32    M    141.4          M      114
================================================================================
AV 10.1-10.4                               6.4 FASTST   M    M   5    MAX(MPH)
                                 MISC ---->  # 33 170               # 41  160
================================================================================
NOTES:
# LAST OF SEVERAL OCCURRENCES

COLUMN 17 PEAK WIND IN M.P.H.

PRELIMINARY LOCAL CLIMATOLOGICAL DATA (WS FORM: F-6) , PAGE 2

                                          STATION:  KING SALMON
                                          MONTH:    JANUARY
                                          YEAR:     2020
                                          LATITUDE:   58 41 N
                                          LONGITUDE: 156 39 W

[TEMPERATURE DATA]      [PRECIPITATION DATA]       SYMBOLS USED IN COLUMN 16

AVERAGE MONTHLY: -0.1   TOTAL FOR MONTH:   0.32    1 = FOG OR MIST
DPTR FM NORMAL: -16.3   DPTR FM NORMAL:   -0.43    2 = FOG REDUCING VISIBILITY
HIGHEST:    36 ON 12    GRTST 24HR  0.20 ON 31- 1      TO 1/4 MILE OR LESS
LOWEST:    -41 ON  2                               3 = THUNDER
                        SNOW, ICE PELLETS, HAIL    4 = ICE PELLETS
                        TOTAL MONTH:    M          5 = HAIL
                        GRTST 24HR    M  ON   M    6 = FREEZING RAIN OR DRIZZLE
                        GRTST DEPTH:  M  ON   M    7 = DUSTSTORM OR SANDSTORM:
                                                       VSBY 1/2 MILE OR LESS
                                                   8 = SMOKE OR HAZE
[NO. OF DAYS WITH]      [WEATHER - DAYS WITH]      9 = BLOWING SNOW
                                                   X = TORNADO
MAX 32 OR BELOW:  21    0.01 INCH OR MORE:   3
MAX 90 OR ABOVE:   0    0.10 INCH OR MORE:   2
MIN 32 OR BELOW:  22    0.50 INCH OR MORE:   0
MIN  0 OR BELOW:  16    1.00 INCH OR MORE:   0

[HDD (BASE 65) ]
TOTAL THIS MO.  1426    CLEAR  (SCALE 0-3)   8
DPTR FM NORMAL   303    PTCLDY (SCALE 4-7)   9
TOTAL FM JUL 1  5263    CLOUDY (SCALE 8-10)  5
DPTR FM NORMAL  -675

[CDD (BASE 65) ]
TOTAL THIS MO.     0
DPTR FM NORMAL     0    [PRESSURE DATA]
TOTAL FM JAN 1     0    HIGHEST SLP M ON M
DPTR FM NORMAL     0    LOWEST  SLP 29.33 ON  1

[REMARKS]
