000
CXAK56 PAFC 201328 RRA
CF6AKN

PRELIMINARY LOCAL CLIMATOLOGICAL DATA (WS FORM: F-6)

                                          STATION:   KING SALMON
                                          MONTH:     OCTOBER
                                          YEAR:      2019
                                          LATITUDE:   58 41 N
                                          LONGITUDE: 156 39 W

  TEMPERATURE IN F:       :PCPN:    SNOW:  WIND      :SUNSHINE: SKY     :PK WND
================================================================================
1   2   3   4   5  6A  6B    7    8   9   10  11  12  13   14  15   16   17  18
                                     12Z  AVG MX 2MIN
DY MAX MIN AVG DEP HDD CDD  WTR  SNW DPTH SPD SPD DIR MIN PSBL S-S WX    SPD DR
================================================================================

 1  54  34  44   3  21   0    T    M    M 13.8 30 330   M    M   2        44 340
 2  53  23  38  -2  27   0 0.02    M    M  4.1  8 190   M    M   5 1      13 150
 3  55  39  47   7  18   0 0.02    M    M  4.9 12 220   M    M   9 12     15 230
 4  52  43  48   9  17   0 0.24    M    M 13.6 25 240   M    M   9 1      34 240
 5  47  39  43   4  22   0 0.27    M    M  6.5 16 290   M    M   9 1      24 280
 6  51  25  38   0  27   0 0.00    M    M  8.2 22 280   M    M   1        27 280
 7  49  19  34  -4  31   0 0.00    M    M  2.4 13 180   M    M   3        16 180
 8  52  41  47  10  18   0 0.07    M    M  9.9 16 170   M    M   7 1      22 190
 9  51  37  44   7  21   0 0.17    M    M  5.8 16 170   M    M   6 1      21 160
10  47  29  38   2  27   0    T    M    M  5.6 16 320   M    M   6        23 320
11  47  30  39   3  26   0 0.00    M    M  8.1 14 330   M    M   3        20 320
12  42  18  30  -5  35   0 0.00    M    M  7.2 14 360   M    M   0        18  10
13  49  23  36   1  29   0    T    M    M  9.3 20  90   M    M   1        26  60
14  51  33  42   8  23   0    T    M    M 10.9 22 100   M    M   1        28 100
15  41  23  32  -2  33   0    T    M    M  4.2  8 290   M    M   2        10 290
16  47  32  40   7  25   0 0.05    M    M  7.3 16  50   M    M   7 1      20  70
17  41  32  37   4  28   0 0.23    M    M  4.0 10 350   M    M   9 1      14 160
18  42  26  34   2  31   0 0.00  0.0    M  2.6  9 310   M    M   6        13 310
19  40  16  28  -4  37   0 0.00  0.0    M  2.3  7  80   M    M   3         8  90
================================================================================
SM  911  562       496   0  1.07     0.0 130.7          M       89
================================================================================
AV 48.0 29.6                               6.9 FASTST   M    M   5    MAX(MPH)
                                 MISC ---->  # 30 330               # 44  340
================================================================================
NOTES:
# LAST OF SEVERAL OCCURRENCES

COLUMN 17 PEAK WIND IN M.P.H.

PRELIMINARY LOCAL CLIMATOLOGICAL DATA (WS FORM: F-6) , PAGE 2

                                          STATION:  KING SALMON
                                          MONTH:    OCTOBER
                                          YEAR:     2019
                                          LATITUDE:   58 41 N
                                          LONGITUDE: 156 39 W

[TEMPERATURE DATA]      [PRECIPITATION DATA]       SYMBOLS USED IN COLUMN 16

AVERAGE MONTHLY: 38.8   TOTAL FOR MONTH:   1.07    1 = FOG OR MIST
DPTR FM NORMAL:   2.5   DPTR FM NORMAL:   -0.36    2 = FOG REDUCING VISIBILITY
HIGHEST:    55 ON  3    GRTST 24HR  0.27 ON  5- 5      TO 1/4 MILE OR LESS
LOWEST:     16 ON 19                               3 = THUNDER
                        SNOW, ICE PELLETS, HAIL    4 = ICE PELLETS
                        TOTAL MONTH:   0.0 INCH    5 = HAIL
                        GRTST 24HR     0.0         6 = FREEZING RAIN OR DRIZZLE
                        GRTST DEPTH:  M  ON   M    7 = DUSTSTORM OR SANDSTORM:
                                                       VSBY 1/2 MILE OR LESS
                                                   8 = SMOKE OR HAZE
[NO. OF DAYS WITH]      [WEATHER - DAYS WITH]      9 = BLOWING SNOW
                                                   X = TORNADO
MAX 32 OR BELOW:   0    0.01 INCH OR MORE:   8
MAX 90 OR ABOVE:   0    0.10 INCH OR MORE:   4
MIN 32 OR BELOW:  12    0.50 INCH OR MORE:   0
MIN  0 OR BELOW:   0    1.00 INCH OR MORE:   0

[HDD (BASE 65) ]
TOTAL THIS MO.   496    CLEAR  (SCALE 0-3)   8
DPTR FM NORMAL   -50    PTCLDY (SCALE 4-7)   7
TOTAL FM JUL 1  1267    CLOUDY (SCALE 8-10)  4
DPTR FM NORMAL  -417

[CDD (BASE 65) ]
TOTAL THIS MO.     0
DPTR FM NORMAL     0    [PRESSURE DATA]
TOTAL FM JAN 1    32    HIGHEST SLP M ON M
DPTR FM NORMAL    31    LOWEST  SLP 28.90 ON 16

[REMARKS]
