000
CXAK56 PAFC 181339
CF6AKN

PRELIMINARY LOCAL CLIMATOLOGICAL DATA (WS FORM: F-6)

                                          STATION:   KING SALMON
                                          MONTH:     JULY
                                          YEAR:      2018
                                          LATITUDE:   58 41 N
                                          LONGITUDE: 156 39 W

  TEMPERATURE IN F:       :PCPN:    SNOW:  WIND      :SUNSHINE: SKY     :PK WND
================================================================================
1   2   3   4   5  6A  6B    7    8   9   10  11  12  13   14  15   16   17  18
                                     12Z  AVG MX 2MIN
DY MAX MIN AVG DEP HDD CDD  WTR  SNW DPTH SPD SPD DIR MIN PSBL S-S WX    SPD DR
================================================================================

 1  64  47  56   2   9   0 0.00  0.0    0  9.1 13 190   M    M   8 12      M  M
 2  74  46  60   5   5   0 0.00  0.0    0  4.8  8 270   M    M   5 12      M  M
 3  82  43  63   8   2   0    T  0.0    0  5.9 18 210   M    M   1 1      25 220
 4  60  53  57   2   8   0 0.02  0.0    0  9.2 15 200   M    M  10 1      19 260
 5  71  52  62   7   3   0    T  0.0    0  9.6 15 270   M    M   9 1      23 280
 6  69  47  58   3   7   0 0.00  0.0    0  7.6 13 190   M    M   7        17 210
 7  73  41  57   2   8   0 0.14  0.0    0 11.8 31 180   M    M   6 12     40 190
 8  58  49  54  -1  11   0 0.49  0.0    0 13.1 29 160   M    M  10 18     37 170
 9  54  49  52  -3  13   0 0.64  0.0    0 11.9 18 160   M    M  10 1      25 160
10  57  47  52  -4  13   0 0.06  0.0    0 11.1 21 240   M    M  10 1      28 240
11  54  45  50  -6  15   0 0.10  0.0    0 11.7 18 250   M    M   9 18     24 230
12  63  41  52  -4  13   0 0.00  0.0    0  8.4 22 180   M    M   5 1      33 160
13  56  47  52  -4  13   0 0.44  0.0    0 10.0 25 180   M    M   9 1      34 170
14  54  46  50  -6  15   0 0.13  0.0    0  6.3  9 180   M    M   9 1       M  M
15  66  44  55  -1  10   0    T  0.0    0  6.3 16 260   M    M   9        23 260
16  60  49  55  -1  10   0 0.01  0.0    0 10.4 15 250   M    M  10 1       M  M
17  57  41  49  -7  16   0 0.00  0.0    0  6.0  9 180   M    M   9 1       M  M
================================================================================
SM 1072  787       171   0  2.03     0.0 153.2          M      136
================================================================================
AV 63.1 46.3                               9.0 FASTST   M    M   8    MAX(MPH)
                                 MISC ---->  # 31 180               # 40  190
================================================================================
NOTES:
# LAST OF SEVERAL OCCURRENCES

COLUMN 17 PEAK WIND IN M.P.H.

PRELIMINARY LOCAL CLIMATOLOGICAL DATA (WS FORM: F-6) , PAGE 2

                                          STATION:  KING SALMON
                                          MONTH:    JULY
                                          YEAR:     2018
                                          LATITUDE:   58 41 N
                                          LONGITUDE: 156 39 W

[TEMPERATURE DATA]      [PRECIPITATION DATA]       SYMBOLS USED IN COLUMN 16

AVERAGE MONTHLY: 54.7   TOTAL FOR MONTH:   2.03    1 = FOG OR MIST
DPTR FM NORMAL:  -0.7   DPTR FM NORMAL:    0.89    2 = FOG REDUCING VISIBILITY
HIGHEST:    82 ON  3    GRTST 24HR  0.64 ON  9- 9      TO 1/4 MILE OR LESS
LOWEST:     41 ON 17,12                            3 = THUNDER
                        SNOW, ICE PELLETS, HAIL    4 = ICE PELLETS
                        TOTAL MONTH:   0.0 INCH    5 = HAIL
                        GRTST 24HR     0.0         6 = FREEZING RAIN OR DRIZZLE
                        GRTST DEPTH:   0           7 = DUSTSTORM OR SANDSTORM:
                                                       VSBY 1/2 MILE OR LESS
                                                   8 = SMOKE OR HAZE
[NO. OF DAYS WITH]      [WEATHER - DAYS WITH]      9 = BLOWING SNOW
                                                   X = TORNADO
MAX 32 OR BELOW:   0    0.01 INCH OR MORE:   9
MAX 90 OR ABOVE:   0    0.10 INCH OR MORE:   6
MIN 32 OR BELOW:   0    0.50 INCH OR MORE:   1
MIN  0 OR BELOW:   0    1.00 INCH OR MORE:   0

[HDD (BASE 65) ]
TOTAL THIS MO.   171    CLEAR  (SCALE 0-3)   1
DPTR FM NORMAL     7    PTCLDY (SCALE 4-7)   5
TOTAL FM JUL 1   171    CLOUDY (SCALE 8-10) 11
DPTR FM NORMAL     7

[CDD (BASE 65) ]
TOTAL THIS MO.     0
DPTR FM NORMAL     0    [PRESSURE DATA]
TOTAL FM JAN 1     0    HIGHEST SLP M ON M
DPTR FM NORMAL     0    LOWEST  SLP 29.35 ON  8

[REMARKS]
