000
CXUS54 KCRP 201300
CF6ALI
PRELIMINARY LOCAL CLIMATOLOGICAL DATA (WS FORM: F-6)

                                          STATION:   ALICE
                                          MONTH:     OCTOBER
                                          YEAR:      2020
                                          LATITUDE:   27 44 N
                                          LONGITUDE:  98  1 W

  TEMPERATURE IN F:       :PCPN:    SNOW:  WIND      :SUNSHINE: SKY     :PK WND
================================================================================
1   2   3   4   5  6A  6B    7    8   9   10  11  12  13   14  15   16   17  18
                                     12Z  AVG MX 2MIN
DY MAX MIN AVG DEP HDD CDD  WTR  SNW DPTH SPD SPD DIR MIN PSBL S-S WX    SPD DR
================================================================================

 1  90  57  74  -3   0   9 0.00  0.0    0  4.5 13 110   M    M   0        20 120
 2  89  58  74  -3   0   9 0.00  0.0    0  6.3 16 110   M    M   0        20 110
 3  90  57  74  -3   0   9 0.00  0.0    0  5.8 17 140   M    M   0        25 140
 4  91  57  74  -3   0   9 0.00  0.0    0  4.9 12 110   M    M   1 1      15  70
 5  92  61  77   0   0  12 0.00  0.0    0  4.4 14 140   M    M   0 1      19 140
 6  92  60  76   0   0  11 0.00  0.0    0  3.1 16 130   M    M   3 12     21 130
 7  93  61  77   1   0  12 0.00  0.0    0  6.6 16  80   M    M   0 1      21  70
 8  94  70  82   6   0  17    T  0.0    0  7.9 17  10   M    M   5        22  20
 9  95  71  83   7   0  18 0.00  0.0    0  7.9 18 340   M    M   3        24 340
10 100  65  83   7   0  18 0.00  0.0    0  5.2 15 150   M    M   0 12     19 160
11  97  68  83   7   0  18 0.00  0.0    0  9.3 18 130   M    M   2 12     23 140
12  96  71  84   9   0  19 0.00  0.0    0  6.4 16 100   M    M   5 12     23  90
13  95  70  83   8   0  18 0.00  0.0    0  5.5 16 140   M    M   4 12     21 140
14  95  66  81   6   0  16 0.00  0.0    0  6.7 16 150   M    M   3 12     20 180
15  97  74  86  11   0  21 0.00  0.0    0  9.0 18 130   M    M   6 1      23 130
16  80  58  69  -6   0   4 1.93  0.0    0 10.9 21  10   M    M  10 13     25  30
17  84  60  72  -2   0   7 0.00  0.0    0  6.1 13 140   M    M   6 128    18 150
18  92  67  80   6   0  15 0.00  0.0    0  9.2 18 130   M    M   1 12     23 130
19  93  73  83   9   0  18 0.00  0.0    0  8.5 20 140   M    M   4 1      24 160
================================================================================
SM 1755 1224         0 260  1.93     0.0 128.2          M       53
================================================================================
AV 92.4 64.4                               6.7 FASTST   M    M   3    MAX(MPH)
                                 MISC ---->  # 21  10               # 25  140
================================================================================
NOTES:
# LAST OF SEVERAL OCCURRENCES

COLUMN 17 PEAK WIND IN M.P.H.

PRELIMINARY LOCAL CLIMATOLOGICAL DATA (WS FORM: F-6) , PAGE 2

                                          STATION:  ALICE
                                          MONTH:    OCTOBER
                                          YEAR:     2020
                                          LATITUDE:   27 44 N
                                          LONGITUDE:  98  1 W

[TEMPERATURE DATA]      [PRECIPITATION DATA]       SYMBOLS USED IN COLUMN 16

AVERAGE MONTHLY: 78.4   TOTAL FOR MONTH:   1.93    1 = FOG OR MIST
DPTR FM NORMAL:   2.7   DPTR FM NORMAL:   -0.09    2 = FOG REDUCING VISIBILITY
HIGHEST:   100 ON 10    GRTST 24HR  1.93 ON 16-16      TO 1/4 MILE OR LESS
LOWEST:     57 ON  4, 3                            3 = THUNDER
                        SNOW, ICE PELLETS, HAIL    4 = ICE PELLETS
                        TOTAL MONTH:   0.0 INCH    5 = HAIL
                        GRTST 24HR     0.0         6 = FREEZING RAIN OR DRIZZLE
                        GRTST DEPTH:   0           7 = DUSTSTORM OR SANDSTORM:
                                                       VSBY 1/2 MILE OR LESS
                                                   8 = SMOKE OR HAZE
[NO. OF DAYS WITH]      [WEATHER - DAYS WITH]      9 = BLOWING SNOW
                                                   X = TORNADO
MAX 32 OR BELOW:   0    0.01 INCH OR MORE:   1
MAX 90 OR ABOVE:  16    0.10 INCH OR MORE:   1
MIN 32 OR BELOW:   0    0.50 INCH OR MORE:   1
MIN  0 OR BELOW:   0    1.00 INCH OR MORE:   1

[HDD (BASE 65) ]
TOTAL THIS MO.     0    CLEAR  (SCALE 0-3)  11
DPTR FM NORMAL     0    PTCLDY (SCALE 4-7)   7
TOTAL FM JUL 1     0    CLOUDY (SCALE 8-10)  1
DPTR FM NORMAL     0

[CDD (BASE 65) ]
TOTAL THIS MO.   260
DPTR FM NORMAL    55    [PRESSURE DATA]
TOTAL FM JAN 1  3970    HIGHEST SLP M ON M
DPTR FM NORMAL   518    LOWEST  SLP 29.71 ON  9

[REMARKS]
