000
CXUS54 KCRP 191300
CF6ALI
PRELIMINARY LOCAL CLIMATOLOGICAL DATA (WS FORM: F-6)

                                          STATION:   ALICE
                                          MONTH:     OCTOBER
                                          YEAR:      2018
                                          LATITUDE:   27 44 N
                                          LONGITUDE:  98  1 W

  TEMPERATURE IN F:       :PCPN:    SNOW:  WIND      :SUNSHINE: SKY     :PK WND
================================================================================
1   2   3   4   5  6A  6B    7    8   9   10  11  12  13   14  15   16   17  18
                                     12Z  AVG MX 2MIN
DY MAX MIN AVG DEP HDD CDD  WTR  SNW DPTH SPD SPD DIR MIN PSBL S-S WX    SPD DR
================================================================================

 1  88  73  81   4   0  16 0.00  0.0    0  6.8 16 120   M    M   5        20 120
 2  91  74  83   6   0  18 0.00  0.0    0  5.9 14 120   M    M   4 12     20 120
 3  91  72  82   5   0  17 0.00  0.0    0  4.9 15 160   M    M   6 12     20 110
 4  91  70  81   4   0  16    T  0.0    0  5.0 17 130   M    M   4 12     22 130
 5  92  71  82   5   0  17 0.00  0.0    0  5.7 17 130   M    M   4 12     22 140
 6  91  71  81   5   0  16 0.00  0.0    0  7.8 18 130   M    M   3 12     24 130
 7  90  72  81   5   0  16 0.14  0.0    0  8.9 33 160   M    M   3 138    40 160
 8  90  73  82   6   0  17 0.07  0.0    0  9.4 26 140   M    M   3 138    30 140
 9  93  71  82   6   0  17 1.55  0.0    0  7.5 18  80   M    M   5 13     26  30
10  87  69  78   2   0  13 0.00  0.0    0  7.8 14  50   M    M   5 1      19  30
11  84  68  76   0   0  11    T  0.0    0 10.3 17  90   M    M   4        23 120
12  89  67  78   3   0  13 0.00  0.0    0  8.1 17 140   M    M   4        22 120
13  93  76  85  10   0  20 0.00  0.0    0 10.0 21 180   M    M   5 1      28 180
14  90  77  84   9   0  19 0.00  0.0    0 10.2 18 130   M    M   5 1      24 130
15  79  49  64 -11   1   0 4.49    M    0 12.8 29  20   M    M   9 123    37  20
16  56  48  52 -23  13   0 0.05    M    0 13.1 21 320   M    M  10 1      27 320
17  60  53  57 -17   8   0 0.04  0.0    0 11.3 18 330   M    M  10 1      22 320
18  62  55  59 -15   6   0 0.05  0.0    0 10.8 17 350   M    M  10 1      21 360
================================================================================
SM 1517 1209        28 226  6.39     0.0 156.3          M       99
================================================================================
AV 84.3 67.2                               8.7 FASTST   M    M   6    MAX(MPH)
                                 MISC ---->  # 33 160               # 40  160
================================================================================
NOTES:
# LAST OF SEVERAL OCCURRENCES

COLUMN 17 PEAK WIND IN M.P.H.

PRELIMINARY LOCAL CLIMATOLOGICAL DATA (WS FORM: F-6) , PAGE 2

                                          STATION:  ALICE
                                          MONTH:    OCTOBER
                                          YEAR:     2018
                                          LATITUDE:   27 44 N
                                          LONGITUDE:  98  1 W

[TEMPERATURE DATA]      [PRECIPITATION DATA]       SYMBOLS USED IN COLUMN 16

AVERAGE MONTHLY: 75.7   TOTAL FOR MONTH:   6.39    1 = FOG OR MIST
DPTR FM NORMAL:  -0.1   DPTR FM NORMAL:    4.49    2 = FOG REDUCING VISIBILITY
HIGHEST:    93 ON 13, 9 GRTST 24HR  4.49 ON 15-15      TO 1/4 MILE OR LESS
LOWEST:     48 ON 16                               3 = THUNDER
                        SNOW, ICE PELLETS, HAIL    4 = ICE PELLETS
                        TOTAL MONTH:   0.0 INCH    5 = HAIL
                        GRTST 24HR     0.0         6 = FREEZING RAIN OR DRIZZLE
                        GRTST DEPTH:   0           7 = DUSTSTORM OR SANDSTORM:
                                                       VSBY 1/2 MILE OR LESS
                                                   8 = SMOKE OR HAZE
[NO. OF DAYS WITH]      [WEATHER - DAYS WITH]      9 = BLOWING SNOW
                                                   X = TORNADO
MAX 32 OR BELOW:   0    0.01 INCH OR MORE:   7
MAX 90 OR ABOVE:  10    0.10 INCH OR MORE:   3
MIN 32 OR BELOW:   0    0.50 INCH OR MORE:   2
MIN  0 OR BELOW:   0    1.00 INCH OR MORE:   2

[HDD (BASE 65) ]
TOTAL THIS MO.    28    CLEAR  (SCALE 0-3)   2
DPTR FM NORMAL    28    PTCLDY (SCALE 4-7)  12
TOTAL FM JUL 1    28    CLOUDY (SCALE 8-10)  4
DPTR FM NORMAL    28

[CDD (BASE 65) ]
TOTAL THIS MO.   226
DPTR FM NORMAL    30    [PRESSURE DATA]
TOTAL FM JAN 1  3720    HIGHEST SLP M ON M
DPTR FM NORMAL   277    LOWEST  SLP 29.60 ON  9

[REMARKS]
