000
CXUS53 KDMX 160920
CF6ALO
PRELIMINARY LOCAL CLIMATOLOGICAL DATA (WS FORM: F-6)

                                          STATION:   WATERLOO IA
                                          MONTH:     JANUARY
                                          YEAR:      2019
                                          LATITUDE:   42 32 N
                                          LONGITUDE:  92 24 W

  TEMPERATURE IN F:       :PCPN:    SNOW:  WIND      :SUNSHINE: SKY     :PK WND
================================================================================
1   2   3   4   5  6A  6B    7    8   9   10  11  12  13   14  15   16   17  18
                                     12Z  AVG MX 2MIN
DY MAX MIN AVG DEP HDD CDD  WTR  SNW DPTH SPD SPD DIR MIN PSBL S-S WX    SPD DR
================================================================================

 1  27  14  21   2  44   0    T    T    1  9.6 20 340   M    M  10 18     25 320
 2  29  14  22   3  43   0 0.00  0.0    1 10.8 22 210   M    M   7 1      29 220
 3  42  19  31  12  34   0 0.00  0.0    1  8.5 17 220   M    M   0        22 230
 4  48  26  37  19  28   0 0.00  0.0    T  4.7 15 240   M    M   0 1      19 250
 5  54  25  40  22  25   0 0.00  0.0    0  4.6 13 300   M    M   0 1      18 290
 6  39  27  33  15  32   0 0.11  0.0    0 15.8 35 120   M    M   4 1      46 130
 7  48  31  40  22  25   0 0.08  0.0    0 11.5 25 160   M    M   7 1      37 160
 8  43  20  32  14  33   0 0.00  0.0    0 17.1 35 310   M    M   3 1      54 290
 9  22  11  17  -1  48   0 0.00  0.0    0 17.3 31 310   M    M   1        45 300
10  29  13  21   3  44   0 0.00  0.0    0  7.1 16 150   M    M   0        21 150
11  32  18  25   7  40   0 0.00  0.0    0  9.4 15 150   M    M   8        21 140
12  31  17  24   6  41   0 0.17  2.7    T  8.5 14  70   M    M  10 18     17  60
13  35  15  25   7  40   0 0.00  0.0    3  3.7  9  10   M    M   2 1      11  10
14  30  13  22   4  43   0 0.00  0.0    2  6.7 16 230   M    M   7 1      22 240
15  34  29  32  14  33   0 0.00  0.0    2 10.6 22 340   M    M  10 1      26 320
================================================================================
SM  543  292       553   0  0.36     2.7 145.9          M       69
================================================================================
AV 36.2 19.5                               9.7 FASTST   M    M   5    MAX(MPH)
                                 MISC ---->  # 35 120               # 54  290
================================================================================
NOTES:
# LAST OF SEVERAL OCCURRENCES

COLUMN 17 PEAK WIND IN M.P.H.

PRELIMINARY LOCAL CLIMATOLOGICAL DATA (WS FORM: F-6) , PAGE 2

                                          STATION:  WATERLOO IA
                                          MONTH:    JANUARY
                                          YEAR:     2019
                                          LATITUDE:   42 32 N
                                          LONGITUDE:  92 24 W

[TEMPERATURE DATA]      [PRECIPITATION DATA]       SYMBOLS USED IN COLUMN 16

AVERAGE MONTHLY: 27.8   TOTAL FOR MONTH:   0.36    1 = FOG OR MIST
DPTR FM NORMAL:   9.6   DPTR FM NORMAL:   -0.04    2 = FOG REDUCING VISIBILITY
HIGHEST:    54 ON  5    GRTST 24HR  0.17 ON 12-12      TO 1/4 MILE OR LESS
LOWEST:     11 ON  9                               3 = THUNDER
                        SNOW, ICE PELLETS, HAIL    4 = ICE PELLETS
                        TOTAL MONTH:   2.7 INCHES  5 = HAIL
                        GRTST 24HR   2.7 ON 12-12  6 = FREEZING RAIN OR DRIZZLE
                        GRTST DEPTH:   3 ON 13     7 = DUSTSTORM OR SANDSTORM:
                                                       VSBY 1/2 MILE OR LESS
                                                   8 = SMOKE OR HAZE
[NO. OF DAYS WITH]      [WEATHER - DAYS WITH]      9 = BLOWING SNOW
                                                   X = TORNADO
MAX 32 OR BELOW:   7    0.01 INCH OR MORE:   3
MAX 90 OR ABOVE:   0    0.10 INCH OR MORE:   2
MIN 32 OR BELOW:  15    0.50 INCH OR MORE:   0
MIN  0 OR BELOW:   0    1.00 INCH OR MORE:   0

[HDD (BASE 65) ]
TOTAL THIS MO.   553    CLEAR  (SCALE 0-3)   6
DPTR FM NORMAL  -148    PTCLDY (SCALE 4-7)   6
TOTAL FM JUL 1  3395    CLOUDY (SCALE 8-10)  3
DPTR FM NORMAL  -117

[CDD (BASE 65) ]
TOTAL THIS MO.     0
DPTR FM NORMAL     0    [PRESSURE DATA]
TOTAL FM JAN 1     0    HIGHEST SLP M ON M
DPTR FM NORMAL     0    LOWEST  SLP 29.52 ON  7

[REMARKS]
