000
CXUS56 KPDT 211832
CF6ALW
PRELIMINARY LOCAL CLIMATOLOGICAL DATA (WS FORM: F-6)

                                          STATION:   WALLA WALLA WA
                                          MONTH:     FEBRUARY
                                          YEAR:      2020
                                          LATITUDE:   46  5 N
                                          LONGITUDE: 118 17 W

  TEMPERATURE IN F:       :PCPN:    SNOW:  WIND      :SUNSHINE: SKY     :PK WND
================================================================================
1   2   3   4   5  6A  6B    7    8   9   10  11  12  13   14  15   16   17  18
                                     12Z  AVG MX 2MIN
DY MAX MIN AVG DEP HDD CDD  WTR  SNW DPTH SPD SPD DIR MIN PSBL S-S WX    SPD DR
================================================================================

 1  63  38  51  14  14   0 0.12    M    M 19.0 33 200   M    M   6        43 220
 2  41  27  34  -4  31   0    T    M    M  5.6 10 170   M    M   2        14 180
 3  39  27  33  -5  32   0 0.00    M    M  7.8 15 200   M    M   4        18 180
 4  38  30  34  -4  31   0 0.11    M    M 11.3 22 240   M    M   9 1      25 240
 5  49  34  42   4  23   0 0.69    M    M 12.4 17 160   M    M  10        22 170
 6  50  45  48  10  17   0 0.91    M    M  7.4 18 200   M    M  10 18     22 210
 7  53  44  49  11  16   0 0.31    M    M 10.1 22 230   M    M   8 1      29 230
 8  46  35  41   3  24   0    T    M    M 13.9 29 180   M    M   9        38 210
 9  43  29  36  -2  29   0 0.00    M    M  9.1 15 180   M    M   2        17 180
10  46  31  39   1  26   0 0.00    M    M  5.5 12 160   M    M   0        13 160
11  54  32  43   5  22   0 0.00    M    M 13.7 29 210   M    M   2 8      35 220
12  50  34  42   4  23   0 0.00    M    M  7.8 16 170   M    M   0        19 180
13  53  31  42   3  23   0    T    M    M  9.3 26 210   M    M   5        32 210
14  50  37  44   5  21   0 0.00    M    M 15.2 26 240   M    M   5        32 190
15  46  37  42   3  23   0 0.73    M    M 13.1 22 200   M    M   9 1      27 200
16  48  37  43   4  22   0    T    M    M 13.4 23 200   M    M   6        30 230
17  46  31  39   0  26   0    T    M    M  8.3 16 220   M    M   5        21 210
18  46  27  37  -2  28   0 0.00    M    M  4.6 12  70   M    M   0        13  70
19  47  25  36  -4  29   0 0.00    M    M  3.3  8 140   M    M   0        12 330
20  47  25  36  -4  29   0 0.00    M    M  4.2  8  70   M    M   0        10 140
================================================================================
SM  955  656       489   0  2.87    M    195.0          M       92
================================================================================
AV 47.8 32.8                               9.8 FASTST   M    M   5    MAX(MPH)
                                 MISC ---->  # 33 200               # 43  220
================================================================================
NOTES:
# LAST OF SEVERAL OCCURRENCES

COLUMN 17 PEAK WIND IN M.P.H.

PRELIMINARY LOCAL CLIMATOLOGICAL DATA (WS FORM: F-6) , PAGE 2

                                          STATION:  WALLA WALLA WA
                                          MONTH:    FEBRUARY
                                          YEAR:     2020
                                          LATITUDE:   46  5 N
                                          LONGITUDE: 118 17 W

[TEMPERATURE DATA]      [PRECIPITATION DATA]       SYMBOLS USED IN COLUMN 16

AVERAGE MONTHLY: 40.3   TOTAL FOR MONTH:   2.87    1 = FOG OR MIST
DPTR FM NORMAL:   1.8   DPTR FM NORMAL:    1.65    2 = FOG REDUCING VISIBILITY
HIGHEST:    63 ON  1    GRTST 24HR  0.91 ON  6- 6      TO 1/4 MILE OR LESS
LOWEST:     25 ON 20,19                            3 = THUNDER
                        SNOW, ICE PELLETS, HAIL    4 = ICE PELLETS
                        TOTAL MONTH:    M          5 = HAIL
                        GRTST 24HR    M  ON   M    6 = FREEZING RAIN OR DRIZZLE
                        GRTST DEPTH:  M  ON   M    7 = DUSTSTORM OR SANDSTORM:
                                                       VSBY 1/2 MILE OR LESS
                                                   8 = SMOKE OR HAZE
[NO. OF DAYS WITH]      [WEATHER - DAYS WITH]      9 = BLOWING SNOW
                                                   X = TORNADO
MAX 32 OR BELOW:   0    0.01 INCH OR MORE:   6
MAX 90 OR ABOVE:   0    0.10 INCH OR MORE:   6
MIN 32 OR BELOW:  11    0.50 INCH OR MORE:   3
MIN  0 OR BELOW:   0    1.00 INCH OR MORE:   0

[HDD (BASE 65) ]
TOTAL THIS MO.   489    CLEAR  (SCALE 0-3)   8
DPTR FM NORMAL   -43    PTCLDY (SCALE 4-7)   7
TOTAL FM JUL 1  3493    CLOUDY (SCALE 8-10)  5
DPTR FM NORMAL   -91

[CDD (BASE 65) ]
TOTAL THIS MO.     0
DPTR FM NORMAL     0    [PRESSURE DATA]
TOTAL FM JAN 1     0    HIGHEST SLP M ON M
DPTR FM NORMAL     0    LOWEST  SLP 29.72 ON  7

[REMARKS]
