000
CXUS56 KPDT 191810
CF6ALW
PRELIMINARY LOCAL CLIMATOLOGICAL DATA (WS FORM: F-6)

                                          STATION:   WALLA WALLA WA
                                          MONTH:     OCTOBER
                                          YEAR:      2020
                                          LATITUDE:   46  5 N
                                          LONGITUDE: 118 17 W

  TEMPERATURE IN F:       :PCPN:    SNOW:  WIND      :SUNSHINE: SKY     :PK WND
================================================================================
1   2   3   4   5  6A  6B    7    8   9   10  11  12  13   14  15   16   17  18
                                     12Z  AVG MX 2MIN
DY MAX MIN AVG DEP HDD CDD  WTR  SNW DPTH SPD SPD DIR MIN PSBL S-S WX    SPD DR
================================================================================

 1  79  52  66   7   0   1 0.00    M    M  4.2  8  90   M    M   0        10 250
 2  79  51  65   6   0   0 0.00    M    M  3.9 10  60   M    M   0        11  60
 3  79  51  65   6   0   0 0.00    M    M  4.5  9  90   M    M   0 8      12 220
 4  81  54  68  10   0   3 0.00    M    M  9.4 21 220   M    M   0        25 220
 5  79  51  65   7   0   0 0.00    M    M  5.2 10 220   M    M   0        13 210
 6  86  54  70  13   0   5 0.00    M    M  4.6 10  80   M    M   0        12  70
 7  79  54  67  10   0   2 0.00    M    M  4.4  9 170   M    M   0        12 140
 8  80  60  70  14   0   5 0.00    M    M 10.4 21 200   M    M   0 8      28 200
 9  79  54  67  11   0   2 0.00    M    M  6.6 15 210   M    M   0        19 220
10  64  49  57   1   8   0 0.74    M    M 13.0 23 190   M    M   5 1      34 190
11  64  48  56   1   9   0 0.16    M    M 15.0 31 200   M    M   8        40 190
12  66  45  56   1   9   0 0.00    M    M 16.8 36 210   M    M   2        46 200
13  64  46  55   1  10   0 0.11    M    M 13.5 37 230   M    M   5        46 220
14  62  46  54   0  11   0    T    M    M 12.8 23 220   M    M   3        30 220
15  59  43  51  -3  14   0 0.00    M    M  6.2 12 160   M    M   0        14 230
16  70  47  59   6   6   0    T    M    M 15.0 26 210   M    M   3        33 200
17  65  54  60   7   5   0    T    M    M 11.3 20 230   M    M   7        22 230
18  66  52  59   7   6   0    T    M    M 14.4 26 230   M    M   8        32 230
================================================================================
SM 1301  911        78  18  1.01    M    171.2          M       41
================================================================================
AV 72.3 50.6                               9.5 FASTST   M    M   2    MAX(MPH)
                                 MISC ---->    37 230               # 46 200
================================================================================
NOTES:
# LAST OF SEVERAL OCCURRENCES

COLUMN 17 PEAK WIND IN M.P.H.

PRELIMINARY LOCAL CLIMATOLOGICAL DATA (WS FORM: F-6) , PAGE 2

                                          STATION:   WALLA WALLA WA
                                          MONTH:     OCTOBER
                                          YEAR:      2020
                                          LATITUDE:   46  5 N
                                          LONGITUDE: 118 17 W

[TEMPERATURE DATA]      [PRECIPITATION DATA]       SYMBOLS USED IN COLUMN 16

AVERAGE MONTHLY: 61.4   TOTAL FOR MONTH:   1.01    1 = FOG OR MIST
DPTR FM NORMAL:   5.6   DPTR FM NORMAL:    0.27    2 = FOG REDUCING VISIBILITY
HIGHEST:    86 ON  6    GRTST 24HR  0.80 ON 10-11      TO 1/4 MILE OR LESS
LOWEST:     43 ON 15                               3 = THUNDER
                        SNOW, ICE PELLETS, HAIL    4 = ICE PELLETS
                        TOTAL MONTH:  M            5 = HAIL
                        GRTST 24HR    M  ON   M    6 = FREEZING RAIN OR DRIZZLE
                        GRTST DEPTH:  M  ON   M    7 = DUSTSTORM OR SANDSTORM:
                                                       VSBY 1/2 MILE OR LESS
                                                   8 = SMOKE OR HAZE
[NO. OF DAYS WITH]      [WEATHER - DAYS WITH]      9 = BLOWING SNOW
                                                   X = TORNADO
MAX 32 OR BELOW:   0    0.01 INCH OR MORE:   3
MAX 90 OR ABOVE:   0    0.10 INCH OR MORE:   3
MIN 32 OR BELOW:   0    0.50 INCH OR MORE:   1
MIN  0 OR BELOW:   0    1.00 INCH OR MORE:   0

[HDD (BASE 65) ]
TOTAL THIS MO.    78    CLEAR  (SCALE 0-3)  13
DPTR FM NORMAL   -91    PTCLDY (SCALE 4-7)   5
TOTAL FM JUL 1   109    CLOUDY (SCALE 8-10)  0
DPTR FM NORMAL  -158

[CDD (BASE 65) ]
TOTAL THIS MO.    18
DPTR FM NORMAL    15    [PRESSURE DATA]
TOTAL FM JAN 1   904    HIGHEST SLP M ON M
DPTR FM NORMAL    56    LOWEST  SLP 29.58 ON 10

[REMARKS]
