000
CXUS56 KPDT 171832
CF6ALW
PRELIMINARY LOCAL CLIMATOLOGICAL DATA (WS FORM: F-6)

                                          STATION:   WALLA WALLA WA
                                          MONTH:     JUNE
                                          YEAR:      2018
                                          LATITUDE:   46  5 N
                                          LONGITUDE: 118 17 W

  TEMPERATURE IN F:       :PCPN:    SNOW:  WIND      :SUNSHINE: SKY     :PK WND
================================================================================
1   2   3   4   5  6A  6B    7    8   9   10  11  12  13   14  15   16   17  18
                                     12Z  AVG MX 2MIN
DY MAX MIN AVG DEP HDD CDD  WTR  SNW DPTH SPD SPD DIR MIN PSBL S-S WX    SPD DR
================================================================================

 1  73  52  63   0   2   0 0.00  0.0    0 10.4 21 220   M    M   4        28 210
 2  84  48  66   3   0   1 0.00  0.0    0  4.9 12  30   M    M   0        16  20
 3  88  57  73   9   0   8 0.00  0.0    0  6.0 16 230   M    M   1 3      29 220
 4  74  55  65   1   0   0 0.00  0.0    0 10.3 20 250   M    M   2        24 230
 5  76  50  63  -1   2   0 0.00  0.0    0  6.9 16 180   M    M   0        20 190
 6  83  51  67   3   0   2 0.00  0.0    0  5.1 13 340   M    M   0        17 330
 7  83  61  72   8   0   7 0.00  0.0    0  7.3 15 230   M    M   1        19 190
 8  85  56  71   7   0   6 0.00  0.0    0  9.0 22 210   M    M   1        26 220
 9  61  52  57  -8   8   0 0.20  0.0    0 11.2 20 200   M    M   9 1      25 200
10  68  48  58  -7   7   0 0.00  0.0    0 12.3 22 190   M    M   6 8      34 200
11  70  49  60  -5   5   0 0.00  0.0    0  9.2 13 200   M    M   4        20  99
12  81  44  63  -2   2   0 0.00  0.0    0  6.7 15  40   M    M   0        19  40
13  80  57  69   3   0   4 0.00  0.0    0 11.1 26 220   M    M   4        35 220
14  74  52  63  -3   2   0 0.00  0.0    0  8.9 18 190   M    M   3        23 190
15  78  52  65  -1   0   0 0.00  0.0    0  7.3 15 160   M    M   0        18 150
16  74  55  65  -1   0   0 0.00  0.0    0 10.2 22  10   M    M   3        26  10
================================================================================
SM 1232  839        28  28  0.20     0.0 136.8          M       38
================================================================================
AV 77.0 52.4                               8.6 FASTST   M    M   2    MAX(MPH)
                                 MISC ---->  # 26 220               # 35  220
================================================================================
NOTES:
# LAST OF SEVERAL OCCURRENCES

COLUMN 17 PEAK WIND IN M.P.H.

PRELIMINARY LOCAL CLIMATOLOGICAL DATA (WS FORM: F-6) , PAGE 2

                                          STATION:  WALLA WALLA WA
                                          MONTH:    JUNE
                                          YEAR:     2018
                                          LATITUDE:   46  5 N
                                          LONGITUDE: 118 17 W

[TEMPERATURE DATA]      [PRECIPITATION DATA]       SYMBOLS USED IN COLUMN 16

AVERAGE MONTHLY: 64.7   TOTAL FOR MONTH:   0.20    1 = FOG OR MIST
DPTR FM NORMAL:   0.1   DPTR FM NORMAL:   -0.66    2 = FOG REDUCING VISIBILITY
HIGHEST:    88 ON  3    GRTST 24HR  0.20 ON  9- 9      TO 1/4 MILE OR LESS
LOWEST:     44 ON 12                               3 = THUNDER
                        SNOW, ICE PELLETS, HAIL    4 = ICE PELLETS
                        TOTAL MONTH:   0.0 INCH    5 = HAIL
                        GRTST 24HR     0.0         6 = FREEZING RAIN OR DRIZZLE
                        GRTST DEPTH:   0           7 = DUSTSTORM OR SANDSTORM:
                                                       VSBY 1/2 MILE OR LESS
                                                   8 = SMOKE OR HAZE
[NO. OF DAYS WITH]      [WEATHER - DAYS WITH]      9 = BLOWING SNOW
                                                   X = TORNADO
MAX 32 OR BELOW:   0    0.01 INCH OR MORE:   1
MAX 90 OR ABOVE:   0    0.10 INCH OR MORE:   1
MIN 32 OR BELOW:   0    0.50 INCH OR MORE:   0
MIN  0 OR BELOW:   0    1.00 INCH OR MORE:   0

[HDD (BASE 65) ]
TOTAL THIS MO.    28    CLEAR  (SCALE 0-3)  10
DPTR FM NORMAL   -16    PTCLDY (SCALE 4-7)   5
TOTAL FM JUL 1  4460    CLOUDY (SCALE 8-10)  1
DPTR FM NORMAL  -533

[CDD (BASE 65) ]
TOTAL THIS MO.    28
DPTR FM NORMAL   -11    [PRESSURE DATA]
TOTAL FM JAN 1   110    HIGHEST SLP M ON M
DPTR FM NORMAL    36    LOWEST  SLP 29.74 ON 15

[REMARKS]
