000
CXUS56 KPDT 200532
CF6ALW
PRELIMINARY LOCAL CLIMATOLOGICAL DATA (WS FORM: F-6)

                                          STATION:   WALLA WALLA WA
                                          MONTH:     SEPTEMBER
                                          YEAR:      2018
                                          LATITUDE:   46  5 N
                                          LONGITUDE: 118 17 W

  TEMPERATURE IN F:       :PCPN:    SNOW:  WIND      :SUNSHINE: SKY     :PK WND
================================================================================
1   2   3   4   5  6A  6B    7    8   9   10  11  12  13   14  15   16   17  18
                                     12Z  AVG MX 2MIN
DY MAX MIN AVG DEP HDD CDD  WTR  SNW DPTH SPD SPD DIR MIN PSBL S-S WX    SPD DR
================================================================================

 1  80  56  68  -2   0   3 0.00  0.0    0  8.5 15 260   M    M   0        20 220
 2  83  52  68  -2   0   3 0.00  0.0    0  6.2 12 250   M    M   0        14 240
 3  82  56  69  -1   0   4 0.00  0.0    0  6.6 12 290   M    M   0        15 280
 4  85  55  70   1   0   5 0.00  0.0    0  5.7 13 360   M    M   0        18 360
 5  84  54  69   0   0   4 0.00  0.0    0  5.9 13 170   M    M   0        15 180
 6  85  58  72   3   0   7 0.00  0.0    0  5.0  9 220   M    M   0         M  M
 7  93   M   M   M   M   M 0.00  0.0    0  7.2 15 230   M    M   0        16 270
 8  79  61  70   2   0   5 0.00  0.0    0 10.3 18 220   M    M   0        25 230
 9  81  57  69   1   0   4 0.00  0.0    0  7.1 14 180   M    M   0        17 180
10  79  57  68   1   0   3 0.00  0.0    0 12.6 24 220   M    M   2        31 220
11  72  55  64  -3   1   0 0.00  0.0    0 10.9 21 210   M    M   3        25 200
12  73  50  62  -5   3   0 0.00  0.0    0  9.0 17 230   M    M   1        23 220
13  73  54  64  -2   1   0    T  0.0    0  8.1 20 220   M    M   3        24 210
14  73  49  61  -5   4   0 0.00  0.0    0  5.1 10 180   M    M   2        12 180
15  71  49  60  -6   5   0 0.00  0.0    0  5.3 14 180   M    M   0        16 180
16  74  49  62  -3   3   0    T  0.0    0  9.4 24 260   M    M   6        27 260
17  72  48  60  -5   5   0 0.00  0.0    0  5.9 13 350   M    M   1        17  10
18  73  47  60  -4   5   0 0.00  0.0    0  5.5 10 300   M    M   0        13 300
================================================================================
SM 1412  907        27  38    T      0.0 134.3          M       18
================================================================================
AV 78.4 53.4                               7.5 FASTST   M    M   1    MAX(MPH)
                                 MISC ---->  # 24 220               # 31  220
================================================================================
NOTES:
# LAST OF SEVERAL OCCURRENCES

COLUMN 17 PEAK WIND IN M.P.H.

PRELIMINARY LOCAL CLIMATOLOGICAL DATA (WS FORM: F-6) , PAGE 2

                                          STATION:  WALLA WALLA WA
                                          MONTH:    SEPTEMBER
                                          YEAR:     2018
                                          LATITUDE:   46  5 N
                                          LONGITUDE: 118 17 W

[TEMPERATURE DATA]      [PRECIPITATION DATA]       SYMBOLS USED IN COLUMN 16

AVERAGE MONTHLY: 65.9   TOTAL FOR MONTH:      T    1 = FOG OR MIST
DPTR FM NORMAL:  -1.5   DPTR FM NORMAL:   -0.40    2 = FOG REDUCING VISIBILITY
HIGHEST:    93 ON  7    GRTST 24HR    T  ON 16-16      TO 1/4 MILE OR LESS
LOWEST:     47 ON 18                               3 = THUNDER
                        SNOW, ICE PELLETS, HAIL    4 = ICE PELLETS
                        TOTAL MONTH:   0.0 INCH    5 = HAIL
                        GRTST 24HR     0.0         6 = FREEZING RAIN OR DRIZZLE
                        GRTST DEPTH:   0           7 = DUSTSTORM OR SANDSTORM:
                                                       VSBY 1/2 MILE OR LESS
                                                   8 = SMOKE OR HAZE
[NO. OF DAYS WITH]      [WEATHER - DAYS WITH]      9 = BLOWING SNOW
                                                   X = TORNADO
MAX 32 OR BELOW:   0    0.01 INCH OR MORE:   0
MAX 90 OR ABOVE:   1    0.10 INCH OR MORE:   0
MIN 32 OR BELOW:   0    0.50 INCH OR MORE:   0
MIN  0 OR BELOW:   0    1.00 INCH OR MORE:   0

[HDD (BASE 65) ]
TOTAL THIS MO.    27    CLEAR  (SCALE 0-3)  17
DPTR FM NORMAL    -4    PTCLDY (SCALE 4-7)   1
TOTAL FM JUL 1    30    CLOUDY (SCALE 8-10)  0
DPTR FM NORMAL   -14

[CDD (BASE 65) ]
TOTAL THIS MO.    38
DPTR FM NORMAL   -36    [PRESSURE DATA]
TOTAL FM JAN 1  1019    HIGHEST SLP 30.06 ON 16
DPTR FM NORMAL   193    LOWEST  SLP 29.78 ON 15

[REMARKS]
