000
CXAK56 PAFC 221320
CF6ANC
PRELIMINARY LOCAL CLIMATOLOGICAL DATA (WS FORM: F-6)

                                          STATION:   ANCHORAGE AK
                                          MONTH:     SEPTEMBER
                                          YEAR:      2018
                                          LATITUDE:   61 10 N
                                          LONGITUDE: 150  2 W

  TEMPERATURE IN F:       :PCPN:    SNOW:  WIND      :SUNSHINE: SKY     :PK WND
================================================================================
1   2   3   4   5  6A  6B    7    8   9   10  11  12  13   14  15   16   17  18
                                     12Z  AVG MX 2MIN
DY MAX MIN AVG DEP HDD CDD  WTR  SNW DPTH SPD SPD DIR MIN PSBL S-S WX    SPD DR
================================================================================

 1  63  48  56   3   9   0 0.00  0.0    0  3.4 10 220   M    M   4        13 230
 2  68  44  56   3   9   0 0.00  0.0    0  3.9  9 300   M    M   2 1      17 180
 3  68  43  56   3   9   0 0.00  0.0    0  3.4 14 180   M    M   2 1      18 180
 4  65  45  55   3  10   0 0.00  0.0    0  3.6  9 310   M    M   4        13 190
 5  65  45  55   3  10   0 0.00  0.0    0  4.9 10 220   M    M   4        16 170
 6  65  52  59   7   6   0    T  0.0    0  4.5 10 360   M    M   9        16 170
 7  69  49  59   7   6   0 0.00  0.0    0  6.2 17  30   M    M   7 8      24  20
 8  70  47  59   8   6   0 0.00  0.0    0  5.1 17 350   M    M   1        21 340
 9  63  41  52   1  13   0 0.00  0.0    0  2.8  9 230   M    M   4 1      14 240
10  67  43  55   4  10   0 0.00  0.0    0  3.6  9 250   M    M   2 1      12  30
11  67  44  56   6   9   0 0.00  0.0    0  3.8  9 160   M    M   5 1      14 170
12  68  45  57   7   8   0 0.00  0.0    0  3.3  9 250   M    M   6 8      12 300
13  70  44  57   7   8   0 0.00  0.0    0  4.6 12 170   M    M   5 1      17 330
14  70  45  58   9   7   0 0.00  0.0    0  3.8 17 160   M    M   4 1      27 180
15  64  50  57   8   8   0 0.00  0.0    0  9.6 17 180   M    M   7        30 190
16  62  52  57   8   8   0    T  0.0    0  2.3  8 340   M    M  10        13  10
17  63  51  57   9   8   0 0.00  0.0    0  4.3 13 160   M    M   8        17 180
18  60  49  55   7  10   0 0.00  0.0    0  4.4  8 230   M    M   7 1      14 260
19  61  51  56   8   9   0 0.00  0.0    0  3.2  9 290   M    M   8 1      12 330
20  61  48  55   8  10   0    T  0.0    0  3.4 10 260   M    M   8 1      13 340
21  59  47  53   6  12   0 0.27  0.0    0  3.6  8  50   M    M   8 8      14 180
================================================================================
SM 1368  983       185   0  0.27     0.0  87.7          M      115
================================================================================
AV 65.1 46.8                               4.2 FASTST   M    M   5    MAX(MPH)
                                 MISC ---->  # 17  30               # 30  190
================================================================================
NOTES:
# LAST OF SEVERAL OCCURRENCES

COLUMN 17 PEAK WIND IN M.P.H.

PRELIMINARY LOCAL CLIMATOLOGICAL DATA (WS FORM: F-6) , PAGE 2

                                          STATION:  ANCHORAGE AK
                                          MONTH:    SEPTEMBER
                                          YEAR:     2018
                                          LATITUDE:   61 10 N
                                          LONGITUDE: 150  2 W

[TEMPERATURE DATA]      [PRECIPITATION DATA]       SYMBOLS USED IN COLUMN 16

AVERAGE MONTHLY: 56.0   TOTAL FOR MONTH:   0.27    1 = FOG OR MIST
DPTR FM NORMAL:   5.7   DPTR FM NORMAL:   -1.84    2 = FOG REDUCING VISIBILITY
HIGHEST:    70 ON 14,13 GRTST 24HR  0.27 ON 21-21      TO 1/4 MILE OR LESS
LOWEST:     41 ON  9                               3 = THUNDER
                        SNOW, ICE PELLETS, HAIL    4 = ICE PELLETS
                        TOTAL MONTH:   0.0 INCH    5 = HAIL
                        GRTST 24HR     0.0         6 = FREEZING RAIN OR DRIZZLE
                        GRTST DEPTH:   0           7 = DUSTSTORM OR SANDSTORM:
                                                       VSBY 1/2 MILE OR LESS
                                                   8 = SMOKE OR HAZE
[NO. OF DAYS WITH]      [WEATHER - DAYS WITH]      9 = BLOWING SNOW
                                                   X = TORNADO
MAX 32 OR BELOW:   0    0.01 INCH OR MORE:   1
MAX 90 OR ABOVE:   0    0.10 INCH OR MORE:   1
MIN 32 OR BELOW:   0    0.50 INCH OR MORE:   0
MIN  0 OR BELOW:   0    1.00 INCH OR MORE:   0

[HDD (BASE 65) ]
TOTAL THIS MO.   185    CLEAR  (SCALE 0-3)   4
DPTR FM NORMAL  -125    PTCLDY (SCALE 4-7)  13
TOTAL FM JUL 1   503    CLOUDY (SCALE 8-10)  4
DPTR FM NORMAL  -257

[CDD (BASE 65) ]
TOTAL THIS MO.     0
DPTR FM NORMAL     0    [PRESSURE DATA]
TOTAL FM JAN 1    12    HIGHEST SLP M ON M
DPTR FM NORMAL    10    LOWEST  SLP 29.67 ON 21

[REMARKS]
