000
CXAK56 PAFC 191320
CF6ANC
PRELIMINARY LOCAL CLIMATOLOGICAL DATA (WS FORM: F-6)

                                          STATION:   ANCHORAGE AK
                                          MONTH:     JUNE
                                          YEAR:      2018
                                          LATITUDE:   61 10 N
                                          LONGITUDE: 150  2 W

  TEMPERATURE IN F:       :PCPN:    SNOW:  WIND      :SUNSHINE: SKY     :PK WND
================================================================================
1   2   3   4   5  6A  6B    7    8   9   10  11  12  13   14  15   16   17  18
                                     12Z  AVG MX 2MIN
DY MAX MIN AVG DEP HDD CDD  WTR  SNW DPTH SPD SPD DIR MIN PSBL S-S WX    SPD DR
================================================================================

 1  67  44  56   4   9   0 0.00  0.0    0  5.7 12 260   M    M   4         M  M
 2  72  46  59   6   6   0 0.00  0.0    0  9.1 22 150   M    M   3        34 170
 3  61  48  55   2  10   0 0.00  0.0    0 10.0 16 170   M    M   3        36 170
 4  57  43  50  -3  15   0    T  0.0    0  5.8  9 260   M    M   6         M  M
 5  64  51  58   5   7   0 0.01  0.0    0  7.3 22 150   M    M   7        40 140
 6  58  46  52  -2  13   0 0.14  0.0    0  4.8 10 320   M    M   8 1      13 330
 7  63  43  53  -1  12   0 0.00  0.0    0  6.1 14 260   M    M   7        18 270
 8  66  46  56   2   9   0 0.00  0.0    0  6.4 15 150   M    M   6        33 180
 9  66  50  58   4   7   0 0.00  0.0    0  4.8  9 260   M    M   6        21 250
10  69  47  58   4   7   0 0.01  0.0    0  5.6 15 140   M    M   7        21 150
11  62  49  56   2   9   0 0.35  0.0    0  8.9 21 340   M    M   7 1      28 340
12  61  48  55   0  10   0 0.00  0.0    0  8.5 13 180   M    M   7        30 160
13  65  43  54  -1  11   0 0.00  0.0    0  4.8 12 250   M    M   6         M  M
14  71  49  60   5   5   0 0.00  0.0    0  8.2 15 150   M    M   5        37 160
15  61  50  56   1   9   0 0.32  0.0    0 13.7 26 140   M    M   8 1      37 140
16  61  50  56   0   9   0    T  0.0    0 15.7 26 150   M    M   9        39 160
17  63  54  59   3   6   0 0.11  0.0    0 16.3 21 150   M    M  10        35 160
18  63  51  57   1   8   0 0.12  0.0    0 12.3 28 150   M    M   9 1      39 150
================================================================================
SM 1150  858       162   0  1.06     0.0 154.0          M      118
================================================================================
AV 63.9 47.7                               8.6 FASTST   M    M   7    MAX(MPH)
                                 MISC ---->  # 28 150               # 40  140
================================================================================
NOTES:
# LAST OF SEVERAL OCCURRENCES

COLUMN 17 PEAK WIND IN M.P.H.

PRELIMINARY LOCAL CLIMATOLOGICAL DATA (WS FORM: F-6) , PAGE 2

                                          STATION:  ANCHORAGE AK
                                          MONTH:    JUNE
                                          YEAR:     2018
                                          LATITUDE:   61 10 N
                                          LONGITUDE: 150  2 W

[TEMPERATURE DATA]      [PRECIPITATION DATA]       SYMBOLS USED IN COLUMN 16

AVERAGE MONTHLY: 55.8   TOTAL FOR MONTH:   1.06    1 = FOG OR MIST
DPTR FM NORMAL:   1.6   DPTR FM NORMAL:    0.52    2 = FOG REDUCING VISIBILITY
HIGHEST:    72 ON  2    GRTST 24HR  0.35 ON 11-11      TO 1/4 MILE OR LESS
LOWEST:     43 ON 13, 7                            3 = THUNDER
                        SNOW, ICE PELLETS, HAIL    4 = ICE PELLETS
                        TOTAL MONTH:   0.0 INCH    5 = HAIL
                        GRTST 24HR     0.0         6 = FREEZING RAIN OR DRIZZLE
                        GRTST DEPTH:   0           7 = DUSTSTORM OR SANDSTORM:
                                                       VSBY 1/2 MILE OR LESS
                                                   8 = SMOKE OR HAZE
[NO. OF DAYS WITH]      [WEATHER - DAYS WITH]      9 = BLOWING SNOW
                                                   X = TORNADO
MAX 32 OR BELOW:   0    0.01 INCH OR MORE:   7
MAX 90 OR ABOVE:   0    0.10 INCH OR MORE:   5
MIN 32 OR BELOW:   0    0.50 INCH OR MORE:   0
MIN  0 OR BELOW:   0    1.00 INCH OR MORE:   0

[HDD (BASE 65) ]
TOTAL THIS MO.   162    CLEAR  (SCALE 0-3)   1
DPTR FM NORMAL   -33    PTCLDY (SCALE 4-7)  13
TOTAL FM JUL 1  9293    CLOUDY (SCALE 8-10)  4
DPTR FM NORMAL  -802

[CDD (BASE 65) ]
TOTAL THIS MO.     0
DPTR FM NORMAL     0    [PRESSURE DATA]
TOTAL FM JAN 1     0    HIGHEST SLP M ON M
DPTR FM NORMAL     0    LOWEST  SLP 29.54 ON  6

[REMARKS]
