362
CXUS51 KCTP 190830
CF6AOO

PRELIMINARY LOCAL CLIMATOLOGICAL DATA (WS FORM: F-6)

                                          STATION:   ALTOONA
                                          MONTH:     OCTOBER
                                          YEAR:      2019
                                          LATITUDE:   40 17 N
                                          LONGITUDE:  78 19 W

  TEMPERATURE IN F:       :PCPN:    SNOW:  WIND      :SUNSHINE: SKY     :PK WND
================================================================================
1   2   3   4   5  6A  6B    7    8   9   10  11  12  13   14  15   16   17  18
                                     12Z  AVG MX 2MIN
DY MAX MIN AVG DEP HDD CDD  WTR  SNW DPTH SPD SPD DIR MIN PSBL S-S WX    SPD DR
================================================================================

 1  90  65  78  22   0  13 0.00    M    M  6.5 18 260   M    M   4 1      23 260
 2  89  66  78  23   0  13 0.01    M    M  8.2 18 270   M    M   4 1      25 320
 3  77  60  69  14   0   4 0.47    M    M  3.8 14  10   M    M   8 1      18  10
 4  67  43  55   0  10   0 0.00    M    M  8.6 17 320   M    M   8        23 340
 5  57  37  47  -7  18   0 0.00    M    M  6.9 16 170   M    M   6        25 180
 6  66  56  61   7   4   0 0.21    M    M  6.5 13 190   M    M  10 13     21 170
 7  65  51  58   4   7   0 0.47    M    M  5.8 22 310   M    M   9 1      29 310
 8  65  48  57   4   8   0 0.00    M    M  3.4 13  90   M    M   2 12     18  20
 9  67  42  55   2  10   0 0.00    M    M  3.3 10  90   M    M   1 12     14  70
10  71  38  55   2  10   0 0.00    M    M  2.7  7 100   M    M   0         9  30
11  70  43  57   5   8   0 0.00    M    M  2.1  9 250   M    M   3 12     11  10
12  63  41  52   0  13   0 0.01    M    M  5.3 18 270   M    M   4        24 260
13  63  33  48  -4  17   0 0.00    M    M  3.4 13 160   M    M   0        17 160
14  66  38  52   0  13   0 0.00    M    M  8.0 22 270   M    M   0        29 270
15  66  35  51   0  14   0 0.00    M    M  4.5 18 190   M    M   0 1      24 180
16  57  46  52   1  13   0 0.27    M    M 11.1 32 280   M    M   7 1      46 270
17  49  43  46  -5  19   0    T    M    M 19.8 33 300   M    M  10        46 280
18  55  34  45  -5  20   0 0.00    M    M  8.5 21 290   M    M   3        27 290
================================================================================
SM 1203  819       184  30  1.44    M    118.4          M       79
================================================================================
AV 66.8 45.5                               6.6 FASTST   M    M   4    MAX(MPH)
                                 MISC ---->    33 300               # 46 270
================================================================================
NOTES:
# LAST OF SEVERAL OCCURRENCES

COLUMN 17 PEAK WIND IN M.P.H.

PRELIMINARY LOCAL CLIMATOLOGICAL DATA (WS FORM: F-6) , PAGE 2

                                          STATION:   ALTOONA
                                          MONTH:     OCTOBER
                                          YEAR:      2019
                                          LATITUDE:   40 17 N
                                          LONGITUDE:  78 19 W

[TEMPERATURE DATA]      [PRECIPITATION DATA]       SYMBOLS USED IN COLUMN 16

AVERAGE MONTHLY: 56.2   TOTAL FOR MONTH:   1.44    1 = FOG OR MIST
DPTR FM NORMAL:   3.2   DPTR FM NORMAL:   -0.04    2 = FOG REDUCING VISIBILITY
HIGHEST:    90 ON  1    GRTST 24HR  0.48 ON  2- 3      TO 1/4 MILE OR LESS
LOWEST:     33 ON 13                               3 = THUNDER
                        SNOW, ICE PELLETS, HAIL    4 = ICE PELLETS
                        TOTAL MONTH:  M            5 = HAIL
                        GRTST 24HR    M  ON   M    6 = FREEZING RAIN OR DRIZZLE
                        GRTST DEPTH:  M  ON   M    7 = DUSTSTORM OR SANDSTORM:
                                                       VSBY 1/2 MILE OR LESS
                                                   8 = SMOKE OR HAZE
[NO. OF DAYS WITH]      [WEATHER - DAYS WITH]      9 = BLOWING SNOW
                                                   X = TORNADO
MAX 32 OR BELOW:   0    0.01 INCH OR MORE:   6
MAX 90 OR ABOVE:   1    0.10 INCH OR MORE:   4
MIN 32 OR BELOW:   0    0.50 INCH OR MORE:   0
MIN  0 OR BELOW:   0    1.00 INCH OR MORE:   0

[HDD (BASE 65) ]
TOTAL THIS MO.   184    CLEAR  (SCALE 0-3)   6
DPTR FM NORMAL   -37    PTCLDY (SCALE 4-7)   8
TOTAL FM JUL 1   226    CLOUDY (SCALE 8-10)  4
DPTR FM NORMAL  -175

[CDD (BASE 65) ]
TOTAL THIS MO.    30
DPTR FM NORMAL    30    [PRESSURE DATA]
TOTAL FM JAN 1   763    HIGHEST SLP M ON M
DPTR FM NORMAL   237    LOWEST  SLP 29.54 ON 17

[REMARKS]
NEW PROGRAM, MANUAL COPY
