000
CXUS52 KMFL 261000
CF6APF
PRELIMINARY LOCAL CLIMATOLOGICAL DATA (WS FORM: F-6)

                                          STATION:   NAPLES
                                          MONTH:     MAY
                                          YEAR:      2020
                                          LATITUDE:   26  8 N
                                          LONGITUDE:  81 46 W

  TEMPERATURE IN F:       :PCPN:    SNOW:  WIND      :SUNSHINE: SKY     :PK WND
================================================================================
1   2   3   4   5  6A  6B    7    8   9   10  11  12  13   14  15   16   17  18
                                     12Z  AVG MX 2MIN
DY MAX MIN AVG DEP HDD CDD  WTR  SNW DPTH SPD SPD DIR MIN PSBL S-S WX    SPD DR
================================================================================

 1  81  63  72  -4   0   7 0.00  0.0    0  8.4 18 300   M    M   0        23 300
 2  87  64  76   0   0  11 0.00  0.0    0  6.8 15 250   M    M   0        18 250
 3  87  67  77   1   0  12 0.00  0.0    0  5.7 14 260   M    M   0        18 250
 4  84  70  77   1   0  12 0.00  0.0    0  5.4 15 290   M    M   2        18 290
 5  86  72  79   3   0  14 0.00  0.0    0  6.1 16 210   M    M   1        20 200
 6  84  71  78   1   0  13 0.00  0.0    0  8.1 17 300   M    M   2        23 290
 7  83  67  75  -2   0  10 0.00  0.0    0 11.1 22 300   M    M   0        29 290
 8  87  62  75  -2   0  10 0.00  0.0    0  9.5 20 200   M    M   0        24 140
 9  90  69  80   3   0  15 0.00  0.0    0  5.0 16 290   M    M   0        19 310
10  79  71  75  -2   0  10 0.01  0.0    0  8.3 13  60   M    M   6        17  80
11  92  69  81   4   0  16 0.00  0.0    0 10.2 18  20   M    M   2        29  30
12  94  69  82   4   0  17 0.00  0.0    0 11.5 21  60   M    M   0        28  40
13  93  67  80   2   0  15 0.00  0.0    0 13.6 24  70   M    M   4 8      31  70
14  84  74  79   1   0  14 0.00  0.0    0 16.9 25  80   M    M   6 8      31  70
15  83  72  78   0   0  13 0.04  0.0    0 11.3 22  70   M    M   6 18     28  70
16  84  73  79   1   0  14 0.00  0.0    0  6.7 15 260   M    M   4        19 240
17  88  74  81   3   0  16 0.00  0.0    0  5.7 16 230   M    M   0        19 260
18  89  71  80   2   0  15 1.34  0.0    0  6.2 40 240   M    M   3 13     51 240
19  88  72  80   1   0  15 0.01  0.0    0  7.7 21 220   M    M   4 13     25 220
20  88  75  82   3   0  17 0.00  0.0    0  5.1 14 200   M    M   4        19 240
21  90  76  83   4   0  18 0.00  0.0    0  7.0 24  90   M    M   1        31  80
22  94  72  83   4   0  18 0.50  0.0    0  7.8 37  80   M    M   2 13     49  70
23  90  74  82   3   0  17 0.80  0.0    0  7.4 26 100   M    M   1 13     32 100
24  80  73  77  -2   0  12 0.02  0.0    0 10.7 17  80   M    M   7 1      24  80
25  89  73  81   1   0  16 0.58  0.0    0  9.8 25 210   M    M   8 13     32 220
================================================================================
SM 2174 1760         0 347  3.30     0.0 212.0          M       63
================================================================================
AV 87.0 70.4                               8.5 FASTST   M    M   3    MAX(MPH)
                                 MISC ---->  # 40 240               # 51  240
================================================================================
NOTES:
# LAST OF SEVERAL OCCURRENCES

COLUMN 17 PEAK WIND IN M.P.H.

PRELIMINARY LOCAL CLIMATOLOGICAL DATA (WS FORM: F-6) , PAGE 2

                                          STATION:  NAPLES
                                          MONTH:    MAY
                                          YEAR:     2020
                                          LATITUDE:   26  8 N
                                          LONGITUDE:  81 46 W

[TEMPERATURE DATA]      [PRECIPITATION DATA]       SYMBOLS USED IN COLUMN 16

AVERAGE MONTHLY: 78.7   TOTAL FOR MONTH:   3.30    1 = FOG OR MIST
DPTR FM NORMAL:   1.0   DPTR FM NORMAL:    1.03    2 = FOG REDUCING VISIBILITY
HIGHEST:    94 ON 22,12 GRTST 24HR  1.34 ON 18-18      TO 1/4 MILE OR LESS
LOWEST:     62 ON  8                               3 = THUNDER
                        SNOW, ICE PELLETS, HAIL    4 = ICE PELLETS
                        TOTAL MONTH:   0.0 INCH    5 = HAIL
                        GRTST 24HR     0.0         6 = FREEZING RAIN OR DRIZZLE
                        GRTST DEPTH:   0           7 = DUSTSTORM OR SANDSTORM:
                                                       VSBY 1/2 MILE OR LESS
                                                   8 = SMOKE OR HAZE
[NO. OF DAYS WITH]      [WEATHER - DAYS WITH]      9 = BLOWING SNOW
                                                   X = TORNADO
MAX 32 OR BELOW:   0    0.01 INCH OR MORE:   8
MAX 90 OR ABOVE:   7    0.10 INCH OR MORE:   4
MIN 32 OR BELOW:   0    0.50 INCH OR MORE:   4
MIN  0 OR BELOW:   0    1.00 INCH OR MORE:   1

[HDD (BASE 65) ]
TOTAL THIS MO.     0    CLEAR  (SCALE 0-3)  16
DPTR FM NORMAL     0    PTCLDY (SCALE 4-7)   9
TOTAL FM JUL 1    67    CLOUDY (SCALE 8-10)  0
DPTR FM NORMAL  -193

[CDD (BASE 65) ]
TOTAL THIS MO.   347
DPTR FM NORMAL    29    [PRESSURE DATA]
TOTAL FM JAN 1  1503    HIGHEST SLP M ON M
DPTR FM NORMAL   565    LOWEST  SLP 29.81 ON 16

[REMARKS]
