000
CXUS52 KMFL 251000
CF6APF
PRELIMINARY LOCAL CLIMATOLOGICAL DATA (WS FORM: F-6)

                                          STATION:   NAPLES
                                          MONTH:     MAY
                                          YEAR:      2018
                                          LATITUDE:   26  8 N
                                          LONGITUDE:  81 46 W

  TEMPERATURE IN F:       :PCPN:    SNOW:  WIND      :SUNSHINE: SKY     :PK WND
================================================================================
1   2   3   4   5  6A  6B    7    8   9   10  11  12  13   14  15   16   17  18
                                     12Z  AVG MX 2MIN
DY MAX MIN AVG DEP HDD CDD  WTR  SNW DPTH SPD SPD DIR MIN PSBL S-S WX    SPD DR
================================================================================

 1  90  63  77   1   0  12 0.00  0.0    0 10.5 18  80   M    M   3 8      23  80
 2  91  65  78   2   0  13 0.00  0.0    0 12.3 22  70   M    M   2 8      28  50
 3  92  67  80   4   0  15 0.00  0.0    0 12.9 23  80   M    M   2        28  90
 4  94  70  82   6   0  17 0.00  0.0    0 11.0 20  60   M    M   2 8      26  50
 5  91  70  81   5   0  16 0.06  0.0    0  8.1 21 300   M    M   4 1      26 320
 6  87  72  80   3   0  15 0.00  0.0    0  6.3 15 220   M    M   2 1      20 200
 7  87  75  81   4   0  16 0.38  0.0    0  8.8 18 300   M    M   3 1      23 310
 8  93  71  82   5   0  17 0.00  0.0    0 10.3 15  50   M    M   2        20  30
 9  93  69  81   4   0  16 0.00  0.0    0 10.9 16  90   M    M   1        21  50
10  92  69  81   4   0  16 0.00  0.0    0  9.1 17  40   M    M   2        22  40
11  92  69  81   4   0  16 0.00  0.0    0  9.4 18  70   M    M   1 18     25  60
12  84  72  78   0   0  13 0.00  0.0    0  7.5 17 100   M    M   4 8      22 100
13  82  71  77  -1   0  12 0.05  0.0    0  8.8 18 160   M    M   7 13     21 160
14  80  70  75  -3   0  10 1.35  0.0    0  8.2 18 200   M    M   7 13     24 200
15  89  71  80   2   0  15 0.63  0.0    0 10.3 26 140   M    M   4 13     36 150
16  85  71  78   0   0  13 0.08  0.0    0  9.0 17 200   M    M   4 13     22 200
17  84  72  78   0   0  13 0.48  0.0    0  7.5 16 120   M    M   6 13     22 110
18  85  71  78   0   0  13 0.00  0.0    0  6.4 15 220   M    M   3 13     19 240
19  87  72  80   1   0  15 0.20  0.0    0  7.5 22 140   M    M   4 13     26 120
20  83  72  78  -1   0  13 0.10  0.0    0  8.1 23 120   M    M   6 1      28 140
21  83  72  78  -1   0  13 0.00  0.0    0  9.2 24 120   M    M   4        29 130
22  89  73  81   2   0  16 0.03  0.0    0  8.1 28  60   M    M   5 13     32  60
23  89  72  81   2   0  16 0.75  0.0    0  6.1 16 290   M    M   5 138    18 120
24  87  72  80   1   0  15 0.00  0.0    0  5.6 18 110   M    M   3        25 120
================================================================================
SM 2109 1691         0 346  4.11     0.0 211.9          M       86
================================================================================
AV 87.9 70.5                               8.8 FASTST   M    M   4    MAX(MPH)
                                 MISC ---->  # 28  60               # 36  150
================================================================================
NOTES:
# LAST OF SEVERAL OCCURRENCES

COLUMN 17 PEAK WIND IN M.P.H.

PRELIMINARY LOCAL CLIMATOLOGICAL DATA (WS FORM: F-6) , PAGE 2

                                          STATION:  NAPLES
                                          MONTH:    MAY
                                          YEAR:     2018
                                          LATITUDE:   26  8 N
                                          LONGITUDE:  81 46 W

[TEMPERATURE DATA]      [PRECIPITATION DATA]       SYMBOLS USED IN COLUMN 16

AVERAGE MONTHLY: 79.2   TOTAL FOR MONTH:   4.11    1 = FOG OR MIST
DPTR FM NORMAL:   1.6   DPTR FM NORMAL:    1.97    2 = FOG REDUCING VISIBILITY
HIGHEST:    94 ON  4    GRTST 24HR  1.35 ON 14-14      TO 1/4 MILE OR LESS
LOWEST:     63 ON  1                               3 = THUNDER
                        SNOW, ICE PELLETS, HAIL    4 = ICE PELLETS
                        TOTAL MONTH:   0.0 INCH    5 = HAIL
                        GRTST 24HR     0.0         6 = FREEZING RAIN OR DRIZZLE
                        GRTST DEPTH:   0           7 = DUSTSTORM OR SANDSTORM:
                                                       VSBY 1/2 MILE OR LESS
                                                   8 = SMOKE OR HAZE
[NO. OF DAYS WITH]      [WEATHER - DAYS WITH]      9 = BLOWING SNOW
                                                   X = TORNADO
MAX 32 OR BELOW:   0    0.01 INCH OR MORE:  11
MAX 90 OR ABOVE:   9    0.10 INCH OR MORE:   7
MIN 32 OR BELOW:   0    0.50 INCH OR MORE:   3
MIN  0 OR BELOW:   0    1.00 INCH OR MORE:   1

[HDD (BASE 65) ]
TOTAL THIS MO.     0    CLEAR  (SCALE 0-3)  10
DPTR FM NORMAL     0    PTCLDY (SCALE 4-7)  14
TOTAL FM JUL 1   200    CLOUDY (SCALE 8-10)  0
DPTR FM NORMAL   -60

[CDD (BASE 65) ]
TOTAL THIS MO.   346
DPTR FM NORMAL    43    [PRESSURE DATA]
TOTAL FM JAN 1  1187    HIGHEST SLP M ON M
DPTR FM NORMAL   264    LOWEST  SLP 29.88 ON  5

[REMARKS]
