000
CXUS54 KEWX 230910
CF6AQO
PRELIMINARY LOCAL CLIMATOLOGICAL DATA (WS FORM: F-6)

                                          STATION:   Llano Municipal Airport
                                          MONTH:     JANUARY
                                          YEAR:      2019
                                          LATITUDE:   30 47 N
                                          LONGITUDE:  98 40 W

  TEMPERATURE IN F:       :PCPN:    SNOW:  WIND      :SUNSHINE: SKY     :PK WND
================================================================================
1   2   3   4   5  6A  6B    7    8   9   10  11  12  13   14  15   16   17  18
                                     12Z  AVG MX 2MIN
DY MAX MIN AVG DEP HDD CDD  WTR  SNW DPTH SPD SPD DIR MIN PSBL S-S WX    SPD DR
================================================================================

 1  45  34  40   M  25   0 0.00    M    M  6.1 13 350   M    M   8         M  M
 2  37  34  36   M  29   0 0.39    M    M  5.6 10 330   M    M  10 1       M  M
 3  54  34  44   M  21   0 0.00    M    M  8.3 15 290   M    M   4 13     21 290
 4  72  32  52   M  13   0 0.00    M    M  3.7  9 220   M    M   0         M  M
 5  79  30  55   M  10   0 0.00    M    M  0.8  7 170   M    M   0         M  M
 6  73  36  55   M  10   0 0.00    M    M  5.9 16 180   M    M   2        23 190
 7  81  46  64   M   1   0 0.00    M    M  1.1  7 170   M    M   3         M  M
 8  72  43  58   M   7   0 0.00    M    M  3.4 13 340   M    M   0         M  M
 9  66  43  55   M  10   0 0.00    M    M  5.6 10  60   M    M   1         M  M
10  63  43  53   M  12   0 0.00    M    M  4.3 10 150   M    M   8         M  M
11  57  48  53   M  12   0 0.00    M    M  4.9  9 140   M    M  10 12      M  M
12  59  32  46   M  19   0 0.00    M    M  7.7 17 310   M    M   2 1      22 310
13  57  30  44   M  21   0 0.00    M    M  3.4  9  10   M    M   2         M  M
14  48  39  44   M  21   0 0.00    M    M  1.2  6  40   M    M  10         M  M
15  54  45  50   M  15   0 0.00    M    M  0.3  5 130   M    M   8         M  M
16  72  46  59   M   6   0 0.00    M    M  2.8 10 170   M    M   6         M  M
17  77  45  61   M   4   0 0.00    M    M  2.6  7 250   M    M   0         M  M
18  73  48  61   M   4   0 0.00    M    M  6.6 18 200   M    M   0 1      18 210
19  63  32  48   M  17   0 0.00    M    M 16.5 28 320   M    M   1        38 300
20  63  27  45   M  20   0 0.00    M    M  3.8  9 110   M    M   0         M  M
21  66  32  49   M  16   0 0.00    M    M  8.8 21 190   M    M   1        28 190
22  66  41  54   M  11   0 0.00    M    M 13.4 27 340   M    M   8        39 330
================================================================================
SM 1397  840       304   0  0.39    M    116.8          M       84
================================================================================
AV 63.5 38.2                               5.3 FASTST   M    M   4    MAX(MPH)
                                 MISC ---->  # 28 320               # 39  330
================================================================================
NOTES:
# LAST OF SEVERAL OCCURRENCES

COLUMN 17 PEAK WIND IN M.P.H.

PRELIMINARY LOCAL CLIMATOLOGICAL DATA (WS FORM: F-6) , PAGE 2

                                          STATION:  Llano Municipal Airport
                                          MONTH:    JANUARY
                                          YEAR:     2019
                                          LATITUDE:   30 47 N
                                          LONGITUDE:  98 40 W

[TEMPERATURE DATA]      [PRECIPITATION DATA]       SYMBOLS USED IN COLUMN 16

AVERAGE MONTHLY: 50.8   TOTAL FOR MONTH:   0.39    1 = FOG OR MIST
DPTR FM NORMAL:     M   DPTR FM NORMAL:       M    2 = FOG REDUCING VISIBILITY
HIGHEST:    81 ON  7    GRTST 24HR  0.39 ON  2- 2      TO 1/4 MILE OR LESS
LOWEST:     27 ON 20                               3 = THUNDER
                        SNOW, ICE PELLETS, HAIL    4 = ICE PELLETS
                        TOTAL MONTH:    M          5 = HAIL
                        GRTST 24HR    M  ON   M    6 = FREEZING RAIN OR DRIZZLE
                        GRTST DEPTH:  M  ON   M    7 = DUSTSTORM OR SANDSTORM:
                                                       VSBY 1/2 MILE OR LESS
                                                   8 = SMOKE OR HAZE
[NO. OF DAYS WITH]      [WEATHER - DAYS WITH]      9 = BLOWING SNOW
                                                   X = TORNADO
MAX 32 OR BELOW:   0    0.01 INCH OR MORE:   1
MAX 90 OR ABOVE:   0    0.10 INCH OR MORE:   1
MIN 32 OR BELOW:   7    0.50 INCH OR MORE:   0
MIN  0 OR BELOW:   0    1.00 INCH OR MORE:   0

[HDD (BASE 65) ]
TOTAL THIS MO.   304    CLEAR  (SCALE 0-3)  12
DPTR FM NORMAL     M    PTCLDY (SCALE 4-7)   7
TOTAL FM JUL 1  1143    CLOUDY (SCALE 8-10)  3
DPTR FM NORMAL     M

[CDD (BASE 65) ]
TOTAL THIS MO.     0
DPTR FM NORMAL     M    [PRESSURE DATA]
TOTAL FM JAN 1     0    HIGHEST SLP M ON M
DPTR FM NORMAL     M    LOWEST  SLP M ON M

[REMARKS]
