000
CXUS54 KEWX 200910
CF6AQO
PRELIMINARY LOCAL CLIMATOLOGICAL DATA (WS FORM: F-6)

                                          STATION:   Llano Municipal Airport
                                          MONTH:     OCTOBER
                                          YEAR:      2018
                                          LATITUDE:   30 47 N
                                          LONGITUDE:  98 40 W

  TEMPERATURE IN F:       :PCPN:    SNOW:  WIND      :SUNSHINE: SKY     :PK WND
================================================================================
1   2   3   4   5  6A  6B    7    8   9   10  11  12  13   14  15   16   17  18
                                     12Z  AVG MX 2MIN
DY MAX MIN AVG DEP HDD CDD  WTR  SNW DPTH SPD SPD DIR MIN PSBL S-S WX    SPD DR
================================================================================

 1  88  66  77   M   0  12 0.00    M    M  2.7  8 120   M    M   4 1       M  M
 2  90  70  80   M   0  15 0.09    M    M  2.7  9 140   M    M   4         M  M
 3  90  70  80   M   0  15 0.00    M    M  4.7 14 180   M    M   1 1      20 170
 4  90  72  81   M   0  16 0.00    M    M  4.7 13 180   M    M   2        20 180
 5  91  70  81   M   0  16 0.00    M    M  4.1 13 180   M    M   2 1      17 180
 6  91  72  82   M   0  17 0.00    M    M  5.1 12 140   M    M   4        18 180
 7  88  72  80   M   0  15 0.00    M    M  6.4 15 160   M    M   3 3      22 160
 8  75  72  74   M   0   9 0.28    M    M  4.2  9 230   M    M   4 1       M  M
 9  79  64  72   M   0   7 0.78    M    M  3.5 13 340   M    M   4 13     32 340
10  77  59  68   M   0   3 0.00    M    M  3.5 13 320   M    M   3 12      M  M
11  77  57  67   M   0   2 0.00    M    M  4.8 10 110   M    M   3         M  M
12  81  59  70   M   0   5 0.00    M    M  1.0  6 120   M    M   6         M  M
13  86  66  76   M   0  11 0.16    M    M  6.6 22 210   M    M   7 1      35 190
14  91  54  73   M   0   8 0.03    M    M  6.9 27 340   M    M   6 3      33 340
15  52  43  48   M  17   0 4.79    M    M 10.5 17 340   M    M  10 3      20 350
16  48  46  47   M  18   0 2.64    M    M  6.6 10 350   M    M  10 13      M  M
17  54  46  50   M  15   0 0.07    M    M  4.9  9  40   M    M  10 1       M  M
18  61  50  56   M   9   0 0.02    M    M  4.5  9  40   M    M  10 1       M  M
19  64  57  61   M   4   0 0.20    M    M  1.2  7 340   M    M   9 1       M  M
================================================================================
SM 1473 1165        63 151  9.06    M     88.6          M      102
================================================================================
AV 77.5 61.3                               4.7 FASTST   M    M   5    MAX(MPH)
                                 MISC ---->  # 27 340               # 35  190
================================================================================
NOTES:
# LAST OF SEVERAL OCCURRENCES

COLUMN 17 PEAK WIND IN M.P.H.

PRELIMINARY LOCAL CLIMATOLOGICAL DATA (WS FORM: F-6) , PAGE 2

                                          STATION:  Llano Municipal Airport
                                          MONTH:    OCTOBER
                                          YEAR:     2018
                                          LATITUDE:   30 47 N
                                          LONGITUDE:  98 40 W

[TEMPERATURE DATA]      [PRECIPITATION DATA]       SYMBOLS USED IN COLUMN 16

AVERAGE MONTHLY: 69.4   TOTAL FOR MONTH:   9.06    1 = FOG OR MIST
DPTR FM NORMAL:     M   DPTR FM NORMAL:       M    2 = FOG REDUCING VISIBILITY
HIGHEST:    91 ON 14, 6 GRTST 24HR  4.79 ON 15-15      TO 1/4 MILE OR LESS
LOWEST:     43 ON 15                               3 = THUNDER
                        SNOW, ICE PELLETS, HAIL    4 = ICE PELLETS
                        TOTAL MONTH:    M          5 = HAIL
                        GRTST 24HR    M  ON   M    6 = FREEZING RAIN OR DRIZZLE
                        GRTST DEPTH:  M  ON   M    7 = DUSTSTORM OR SANDSTORM:
                                                       VSBY 1/2 MILE OR LESS
                                                   8 = SMOKE OR HAZE
[NO. OF DAYS WITH]      [WEATHER - DAYS WITH]      9 = BLOWING SNOW
                                                   X = TORNADO
MAX 32 OR BELOW:   0    0.01 INCH OR MORE:  10
MAX 90 OR ABOVE:   6    0.10 INCH OR MORE:   6
MIN 32 OR BELOW:   0    0.50 INCH OR MORE:   3
MIN  0 OR BELOW:   0    1.00 INCH OR MORE:   2

[HDD (BASE 65) ]
TOTAL THIS MO.    63    CLEAR  (SCALE 0-3)   6
DPTR FM NORMAL     M    PTCLDY (SCALE 4-7)   8
TOTAL FM JUL 1    63    CLOUDY (SCALE 8-10)  5
DPTR FM NORMAL     M

[CDD (BASE 65) ]
TOTAL THIS MO.   151
DPTR FM NORMAL     M    [PRESSURE DATA]
TOTAL FM JAN 1  3170    HIGHEST SLP M ON M
DPTR FM NORMAL     M    LOWEST  SLP M ON M

[REMARKS]
