145
CXUS54 KEWX 261010
CF6AQO
PRELIMINARY LOCAL CLIMATOLOGICAL DATA (WS FORM: F-6)

                                          STATION:   LLANO MUNICIPAL AIRPORT
                                          MONTH:     MAY
                                          YEAR:      2024
                                          LATITUDE:   30 47 N
                                          LONGITUDE:  98 40 W

  TEMPERATURE IN F:       :PCPN:    SNOW:  WIND      :SUNSHINE: SKY     :PK WND
================================================================================
1   2   3   4   5  6A  6B    7    8   9   10  11  12  13   14  15   16   17  18
                                     12Z  AVG MX 2MIN
DY MAX MIN AVG DEP HDD CDD  WTR  SNW DPTH SPD SPD DIR MIN PSBL S-S WX    SPD DR
================================================================================

 1  81  70  76   M   0  11 0.00    M    M  7.9 13 120   M    M   0 138    21 120
 2  79  66  73   M   0   8 0.00    M    M  7.2 18  60   M    M   0 138    28  60
 3  77  68  73   M   0   8 0.00    M    M  6.4 14 120   M    M   5 13     25 110
 4  73  70  72   M   0   7 0.00    M    M  6.3 10 100   M    M  10 13     18 150
 5  75  61  68   M   0   3 0.00    M    M  3.9 15 340   M    M   8 138    21 340
 6  86  68  77   M   0  12 0.00    M    M  5.4 12 150   M    M   9 18     20 150
 7  91  70  81   M   0  16 0.00    M    M  4.3 12 150   M    M   6 18     17 150
 8  93  73  83   M   0  18 0.00    M    M  5.2 10 140   M    M   6 18     16 120
 9  91  70  81   M   0  16 0.00    M    M  4.4 13  50   M    M   6 138    25 240
10  81  63  72   M   0   7 0.00    M    M  8.3 15  60   M    M   7 3      23  40
11  82  64  73   M   0   8 0.00    M    M  7.0 13 100   M    M   8 8      21 110
12  77  64  71   M   0   6 0.00    M    M  6.7 12  70   M    M  10 18     16 130
13  84  61  73   M   0   8 0.00    M    M  1.7  8 350   M    M   6 12      M   M
14  90  55  73   M   0   8 0.00    M    M  1.8  8 100   M    M   2        12  99
15  93  61  77   M   0  12 0.00    M    M  5.3 13 150   M    M   3        22 160
16  77  63  70   M   0   5 0.00    M    M  5.8 18  50   M    M   8 1238   33  40
17  84  59  72   M   0   7 0.00    M    M  3.1  8 290   M    M   0 128    13 290
18  95  64  80   M   0  15 0.00    M    M  3.5  9 210   M    M   0 12     14  99
19  91  68  80   M   0  15 0.00    M    M  6.2 10 160   M    M   0 18     18 180
20  91  66  79   M   0  14 0.00    M    M  6.5 13 200   M    M   0 18     21 200
21  93  75  84   M   0  19 0.00    M    M  6.5 13 180   M    M   0 8      24 180
22  90  72  81   M   0  16 0.00    M    M  6.2 10 200   M    M   0 18     24 150
23  88  70  79   M   0  14 0.00    M    M  6.2 12 100   M    M   0 138    17  99
24  90  73  82   M   0  17 0.00    M    M  4.1 10 160   M    M   0 18     16 160
25  97  75  86   M   0  21    M    M    M  7.6 14 150   M    M   0 18     22 160
================================================================================
SM 2149 1669         0 291  0.00    M    137.5          M       94
================================================================================
AV 86.0 66.8                               5.5 FASTST   M    M   4    MAX(MPH)
                                 MISC ---->  # 18  60                 33  40
================================================================================
NOTES:
# LAST OF SEVERAL OCCURRENCES

COLUMN 17 PEAK WIND IN M.P.H.

PRELIMINARY LOCAL CLIMATOLOGICAL DATA (WS FORM: F-6) , PAGE 2

                                          STATION:   LLANO MUNICIPAL AIRPORT
                                          MONTH:     MAY
                                          YEAR:      2024
                                          LATITUDE:   30 47 N
                                          LONGITUDE:  98 40 W

[TEMPERATURE DATA]      [PRECIPITATION DATA]       SYMBOLS USED IN COLUMN 16

AVERAGE MONTHLY: 76.4   TOTAL FOR MONTH:   0.00    1 = FOG OR MIST
DPTR FM NORMAL:   0.0   DPTR FM NORMAL:    0.00    2 = FOG REDUCING VISIBILITY
HIGHEST:    97 ON 25    GRTST 24HR  0.00 ON  1- 1      TO 1/4 MILE OR LESS
LOWEST:     55 ON 14                               3 = THUNDER
                        SNOW, ICE PELLETS, HAIL    4 = ICE PELLETS
                        TOTAL MONTH:  M            5 = HAIL
                        GRTST 24HR    M  ON   M    6 = FREEZING RAIN OR DRIZZLE
                        GRTST DEPTH:  M  ON   M    7 = DUSTSTORM OR SANDSTORM:
                                                       VSBY 1/2 MILE OR LESS
                                                   8 = SMOKE OR HAZE
[NO. OF DAYS WITH]      [WEATHER - DAYS WITH]      9 = BLOWING SNOW
                                                   X = TORNADO
MAX 32 OR BELOW:   0    0.01 INCH OR MORE:   0
MAX 90 OR ABOVE:  12    0.10 INCH OR MORE:   0
MIN 32 OR BELOW:   0    0.50 INCH OR MORE:   0
MIN  0 OR BELOW:   0    1.00 INCH OR MORE:   0

[HDD (BASE 65) ]
TOTAL THIS MO.     0    CLEAR  (SCALE 0-3)  13
DPTR FM NORMAL     M    PTCLDY (SCALE 4-7)   9
TOTAL FM JUL 1  1773    CLOUDY (SCALE 8-10)  3
DPTR FM NORMAL     M

[CDD (BASE 65) ]
TOTAL THIS MO.   291
DPTR FM NORMAL     M    [PRESSURE DATA]
TOTAL FM JAN 1   532    HIGHEST SLP M ON M
DPTR FM NORMAL     M    LOWEST  SLP M ON M

[REMARKS]