000
CXUS54 KEWX 241010
CF6AQO
PRELIMINARY LOCAL CLIMATOLOGICAL DATA (WS FORM: F-6)

                                          STATION:   Llano Municipal Airport
                                          MONTH:     MAY
                                          YEAR:      2020
                                          LATITUDE:   30 47 N
                                          LONGITUDE:  98 40 W

  TEMPERATURE IN F:       :PCPN:    SNOW:  WIND      :SUNSHINE: SKY     :PK WND
================================================================================
1   2   3   4   5  6A  6B    7    8   9   10  11  12  13   14  15   16   17  18
                                     12Z  AVG MX 2MIN
DY MAX MIN AVG DEP HDD CDD  WTR  SNW DPTH SPD SPD DIR MIN PSBL S-S WX    SPD DR
================================================================================

 1  91  61  76   M   0  11 0.00    M    M  5.9 16 180   M    M   0        23 180
 2  95  59  77   M   0  12 0.00    M    M  6.0 15 200   M    M   0        20 160
 3  95  64  80   M   0  15 0.00    M    M  5.3 12 190   M    M   0        18 200
 4  99  66  83   M   0  18 0.00    M    M  5.5 13 180   M    M   0        20 170
 5  82  63  73   M   0   8 0.00    M    M  6.5 17  40   M    M   5        27  40
 6  86  54  70   M   0   5 0.00    M    M  4.2 10  80   M    M   1        16  90
 7  84  54  69   M   0   4 0.00    M    M  7.0 17 190   M    M   3        25 180
 8  79  57  68   M   0   3 0.00    M    M 11.5 22 360   M    M   3        29 360
 9  79  52  66   M   0   1 0.00    M    M  4.6 10  90   M    M   1         M  M
10  82  50  66   M   0   1 0.00    M    M  3.5 12  80   M    M   0        21 100
11  84  54  69   M   0   4 0.00    M    M  6.2 13 110   M    M   2        18 160
12  77  64  71   M   0   6 0.11    M    M  3.8  9 140   M    M   8         M  M
13  90  66  78   M   0  13 0.00    M    M  7.0 13 150   M    M   6        21 180
14  93  68  81   M   0  16 0.00    M    M  5.9 12 150   M    M   1        20 160
15  91  64  78   M   0  13 1.65    M    M  6.6 12 150   M    M   6 3      18 150
16  81  61  71   M   0   6 0.13    M    M  8.2 20 350   M    M   3 3      24 350
17  90  61  76   M   0  11 0.00    M    M  1.8  8  10   M    M   0         M  M
18  95  63  79   M   0  14 0.00    M    M  3.5 10 210   M    M   0         M  M
19 100  64  82   M   0  17 0.00    M    M  3.1 10 170   M    M   0         M  M
20  97  68  83   M   0  18 0.00    M    M  4.6 12 140   M    M   1 3      18 120
21  93  66  80   M   0  15 0.00    M    M  5.8 15 350   M    M   2 3      18 350
22  93  66  80   M   0  15 0.00    M    M  8.0 20  50   M    M   3 3      32  50
23  93  75  84   M   0  19 0.00    M    M  8.2 14 140   M    M   4 3      20 160
================================================================================
SM 2049 1420         0 245  1.89    M    132.7          M       49
================================================================================
AV 89.1 61.7                               5.8 FASTST   M    M   2    MAX(MPH)
                                 MISC ---->  # 22 360               # 32   50
================================================================================
NOTES:
# LAST OF SEVERAL OCCURRENCES

COLUMN 17 PEAK WIND IN M.P.H.

PRELIMINARY LOCAL CLIMATOLOGICAL DATA (WS FORM: F-6) , PAGE 2

                                          STATION:  Llano Municipal Airport
                                          MONTH:    MAY
                                          YEAR:     2020
                                          LATITUDE:   30 47 N
                                          LONGITUDE:  98 40 W

[TEMPERATURE DATA]      [PRECIPITATION DATA]       SYMBOLS USED IN COLUMN 16

AVERAGE MONTHLY: 75.4   TOTAL FOR MONTH:   1.89    1 = FOG OR MIST
DPTR FM NORMAL:     M   DPTR FM NORMAL:       M    2 = FOG REDUCING VISIBILITY
HIGHEST:   100 ON 19    GRTST 24HR  1.65 ON 15-15      TO 1/4 MILE OR LESS
LOWEST:     50 ON 10                               3 = THUNDER
                        SNOW, ICE PELLETS, HAIL    4 = ICE PELLETS
                        TOTAL MONTH:    M          5 = HAIL
                        GRTST 24HR    M  ON   M    6 = FREEZING RAIN OR DRIZZLE
                        GRTST DEPTH:  M  ON   M    7 = DUSTSTORM OR SANDSTORM:
                                                       VSBY 1/2 MILE OR LESS
                                                   8 = SMOKE OR HAZE
[NO. OF DAYS WITH]      [WEATHER - DAYS WITH]      9 = BLOWING SNOW
                                                   X = TORNADO
MAX 32 OR BELOW:   0    0.01 INCH OR MORE:   3
MAX 90 OR ABOVE:  14    0.10 INCH OR MORE:   3
MIN 32 OR BELOW:   0    0.50 INCH OR MORE:   1
MIN  0 OR BELOW:   0    1.00 INCH OR MORE:   1

[HDD (BASE 65) ]
TOTAL THIS MO.     0    CLEAR  (SCALE 0-3)  16
DPTR FM NORMAL     M    PTCLDY (SCALE 4-7)   7
TOTAL FM JUL 1  1717    CLOUDY (SCALE 8-10)  0
DPTR FM NORMAL     M

[CDD (BASE 65) ]
TOTAL THIS MO.   245
DPTR FM NORMAL     M    [PRESSURE DATA]
TOTAL FM JAN 1   481    HIGHEST SLP M ON M
DPTR FM NORMAL     M    LOWEST  SLP M ON M

[REMARKS]
