000
CXUS54 KLCH 280854
CF6ARA
PRELIMINARY LOCAL CLIMATOLOGICAL DATA (WS FORM: F-6)

                                          STATION:   NEW IBERIA
                                          MONTH:     FEBRUARY
                                          YEAR:      2020
                                          LATITUDE:   30  1 N
                                          LONGITUDE:  91 53 W

  TEMPERATURE IN F:       :PCPN:    SNOW:  WIND      :SUNSHINE: SKY     :PK WND
================================================================================
1   2   3   4   5  6A  6B    7    8   9   10  11  12  13   14  15   16   17  18
                                     12Z  AVG MX 2MIN
DY MAX MIN AVG DEP HDD CDD  WTR  SNW DPTH SPD SPD DIR MIN PSBL S-S WX    SPD DR
================================================================================

 1  62  42  52  -2  13   0 0.00  0.0    0  6.8 20 300   M    M   3 1      27 310
 2  73  43  58   4   7   0 0.00  0.0    0  7.2 16 240   M    M   0 12     24 230
 3  72  48  60   6   5   0 0.00  0.0    0 10.6 22 180   M    M   4 12     29 180
 4  74  64  69  15   0   4 0.02  0.0    0 13.1 23 140   M    M   6 1      35 170
 5  72  54  63   9   2   0 0.38  0.0    0 14.6 29 200   M    M  10 13     39 200
 6  54  36  45  -9  20   0 0.10    M    0 13.0 26 320   M    M   7 13     35 320
 7  62  32  47  -7  18   0 0.00  0.0    0  6.1 18 170   M    M   1        24 180
 8  71  49  60   6   5   0    T    M    0  5.9 10 160   M    M   4        12  70
 9  76  51  64  10   1   0 0.30  0.0    0 14.4 28 140   M    M   5 13     34 160
10  74  67  71  16   0   6    T  0.0    0 15.8 26 190   M    M  10 1      38 190
11  80  62  71  16   0   6 0.01  0.0    0  7.0 15 200   M    M   9 12     21 200
12  77  62  70  15   0   5 0.32  0.0    0 14.1 29 180   M    M  10 123    40 170
13  63  44  54  -1  11   0 0.09    M    0 14.4 23 360   M    M   5 1      31 300
14  58  38  48  -7  17   0 0.00  0.0    0 10.4 20  30   M    M   2        25  30
15  67  40  54  -2  11   0    T    M    0  9.3 17 120   M    M   6        24 140
16  67  53  60   4   5   0 0.53  0.0    0  5.8 15 110   M    M   6 12     21 110
17  69  53  61   5   4   0    T  0.0    0  8.8 17 150   M    M  10 12     23 160
18  78  67  73  17   0   8    T  0.0    0  6.2 15 200   M    M   6 12     22 130
19  70  56  63   7   2   0    T  0.0    0 11.0 16  10   M    M  10 12     22  20
20  59  45  52  -5  13   0 1.16    M    0 16.7 29  20   M    M  10 1      40  10
21  53  38  46 -11  19   0 0.00  0.0    0 14.6 26  20   M    M   1        37  20
22  60  33  47 -10  18   0 0.00  0.0    0  4.1  9  80   M    M   0        13  50
23  70  44  57   0   8   0    T    M    0  8.1 16 180   M    M   5        22 120
24  71  58  65   7   0   0 0.28  0.0    0  9.1 25 200   M    M   9 1      32 200
25  64  51  58   0   7   0    T  0.0    0  3.4  9  20   M    M   1 1      12 310
26  58  41  50  -8  15   0 0.01  0.0    0 16.4 30 340   M    M   5        46 320
27  53  33  43 -15  22   0 0.00  0.0    0  6.1 15 300   M    M   0        20 300
================================================================================
SM 1807 1304       223  29  3.20     0.0 273.0          M      145
================================================================================
AV 66.9 48.3                              10.1 FASTST   M    M   5    MAX(MPH)
                                 MISC ---->  # 30 340               # 46  320
================================================================================
NOTES:
# LAST OF SEVERAL OCCURRENCES

COLUMN 17 PEAK WIND IN M.P.H.

PRELIMINARY LOCAL CLIMATOLOGICAL DATA (WS FORM: F-6) , PAGE 2

                                          STATION:  NEW IBERIA
                                          MONTH:    FEBRUARY
                                          YEAR:     2020
                                          LATITUDE:   30  1 N
                                          LONGITUDE:  91 53 W

[TEMPERATURE DATA]      [PRECIPITATION DATA]       SYMBOLS USED IN COLUMN 16

AVERAGE MONTHLY: 57.6   TOTAL FOR MONTH:   3.20    1 = FOG OR MIST
DPTR FM NORMAL:   2.0   DPTR FM NORMAL:   -0.84    2 = FOG REDUCING VISIBILITY
HIGHEST:    80 ON 11    GRTST 24HR  1.16 ON 20-20      TO 1/4 MILE OR LESS
LOWEST:     32 ON  7                               3 = THUNDER
                        SNOW, ICE PELLETS, HAIL    4 = ICE PELLETS
                        TOTAL MONTH:   0.0 INCH    5 = HAIL
                        GRTST 24HR     0.0         6 = FREEZING RAIN OR DRIZZLE
                        GRTST DEPTH:   0           7 = DUSTSTORM OR SANDSTORM:
                                                       VSBY 1/2 MILE OR LESS
                                                   8 = SMOKE OR HAZE
[NO. OF DAYS WITH]      [WEATHER - DAYS WITH]      9 = BLOWING SNOW
                                                   X = TORNADO
MAX 32 OR BELOW:   0    0.01 INCH OR MORE:  11
MAX 90 OR ABOVE:   0    0.10 INCH OR MORE:   7
MIN 32 OR BELOW:   1    0.50 INCH OR MORE:   2
MIN  0 OR BELOW:   0    1.00 INCH OR MORE:   1

[HDD (BASE 65) ]
TOTAL THIS MO.   223    CLEAR  (SCALE 0-3)   8
DPTR FM NORMAL   -49    PTCLDY (SCALE 4-7)  11
TOTAL FM JUL 1  1017    CLOUDY (SCALE 8-10)  8
DPTR FM NORMAL  -192

[CDD (BASE 65) ]
TOTAL THIS MO.    29
DPTR FM NORMAL     6    [PRESSURE DATA]
TOTAL FM JAN 1    63    HIGHEST SLP M ON M
DPTR FM NORMAL    28    LOWEST  SLP 29.62 ON  5

[REMARKS]
