000
CXUS54 KLIX 211000
CF6ASD
PRELIMINARY LOCAL CLIMATOLOGICAL DATA (WS FORM: F-6)

                                          STATION:   SLIDELL
                                          MONTH:     OCTOBER
                                          YEAR:      2019
                                          LATITUDE:   30 20 N
                                          LONGITUDE:  89 49 W

  TEMPERATURE IN F:       :PCPN:    SNOW:  WIND      :SUNSHINE: SKY     :PK WND
================================================================================
1   2   3   4   5  6A  6B    7    8   9   10  11  12  13   14  15   16   17  18
                                     12Z  AVG MX 2MIN
DY MAX MIN AVG DEP HDD CDD  WTR  SNW DPTH SPD SPD DIR MIN PSBL S-S WX    SPD DR
================================================================================

 1  96  69  83  10   0  18 0.00  0.0    0  2.7 10 190   M    M   1        13  30
 2  95  72  84  11   0  19 0.00  0.0    0  3.6 12 170   M    M   2        15 180
 3  95  70  83  11   0  18 0.00  0.0    0  2.8 10 180   M    M   1 1      14 210
 4  97  71  84  12   0  19    T  0.0    0  3.5 14  40   M    M   1 3      18  40
 5  93  68  81   9   0  16 0.00  0.0    0  3.5 12 150   M    M   1        15 140
 6  90  72  81  10   0  16 0.01  0.0    0  5.6 17 160   M    M   2 3      24 160
 7  92  71  82  11   0  17 0.00  0.0    0  6.9 17  10   M    M   2 3      20  10
 8  87  67  77   6   0  12 0.00  0.0    0  5.6 14  20   M    M   2        17 360
 9  91  64  78   8   0  13 0.00  0.0    0  3.5 13 170   M    M   1 1      15 170
10  89  67  78   8   0  13 0.00  0.0    0  5.5 20 140   M    M   5 1      25 120
11  89  71  80  10   0  15 0.61  0.0    0  5.3 17 210   M    M   6 13     24 220
12  78  60  69   0   0   4    T  0.0    0  9.5 21  10   M    M   7        27  10
13  85  60  73   4   0   8 0.00  0.0    0  4.5 13  20   M    M   5        15  10
14  79  65  72   3   0   7 0.03  0.0    0  4.6 14  10   M    M   7        17 360
15  88  69  79  11   0  14 0.70  0.0    0  3.1 16  10   M    M   6 1      20  10
16  80  58  69   1   0   4 0.47  0.0    0  5.6 15  10   M    M   7 1      19 340
17  70  53  62  -6   3   0 0.00  0.0    0  5.5 10  20   M    M   0        14  30
18  72  60  66  -2   0   1    T  0.0    0  7.4 15  20   M    M   5        19  10
19  83  58  71   4   0   6 0.00  0.0    0  4.2 12 320   M    M   4        17 360
20  85  59  72   5   0   7 0.00  0.0    0  3.3 12 160   M    M   1 8      14 160
================================================================================
SM 1734 1304         3 227  1.82     0.0  96.2          M       66
================================================================================
AV 86.7 65.2                               4.8 FASTST   M    M   3    MAX(MPH)
                                 MISC ---->  # 21  10               # 27   10
================================================================================
NOTES:
# LAST OF SEVERAL OCCURRENCES

COLUMN 17 PEAK WIND IN M.P.H.

PRELIMINARY LOCAL CLIMATOLOGICAL DATA (WS FORM: F-6) , PAGE 2

                                          STATION:  SLIDELL
                                          MONTH:    OCTOBER
                                          YEAR:     2019
                                          LATITUDE:   30 20 N
                                          LONGITUDE:  89 49 W

[TEMPERATURE DATA]      [PRECIPITATION DATA]       SYMBOLS USED IN COLUMN 16

AVERAGE MONTHLY: 76.0   TOTAL FOR MONTH:   1.82    1 = FOG OR MIST
DPTR FM NORMAL:   6.0   DPTR FM NORMAL:   -0.72    2 = FOG REDUCING VISIBILITY
HIGHEST:    97 ON  4    GRTST 24HR  0.70 ON 15-15      TO 1/4 MILE OR LESS
LOWEST:     53 ON 17                               3 = THUNDER
                        SNOW, ICE PELLETS, HAIL    4 = ICE PELLETS
                        TOTAL MONTH:   0.0 INCH    5 = HAIL
                        GRTST 24HR     0.0         6 = FREEZING RAIN OR DRIZZLE
                        GRTST DEPTH:   0           7 = DUSTSTORM OR SANDSTORM:
                                                       VSBY 1/2 MILE OR LESS
                                                   8 = SMOKE OR HAZE
[NO. OF DAYS WITH]      [WEATHER - DAYS WITH]      9 = BLOWING SNOW
                                                   X = TORNADO
MAX 32 OR BELOW:   0    0.01 INCH OR MORE:   5
MAX 90 OR ABOVE:   8    0.10 INCH OR MORE:   3
MIN 32 OR BELOW:   0    0.50 INCH OR MORE:   2
MIN  0 OR BELOW:   0    1.00 INCH OR MORE:   0

[HDD (BASE 65) ]
TOTAL THIS MO.     3    CLEAR  (SCALE 0-3)  11
DPTR FM NORMAL   -20    PTCLDY (SCALE 4-7)   9
TOTAL FM JUL 1     3    CLOUDY (SCALE 8-10)  0
DPTR FM NORMAL   -22

[CDD (BASE 65) ]
TOTAL THIS MO.   227
DPTR FM NORMAL   107    [PRESSURE DATA]
TOTAL FM JAN 1  3017    HIGHEST SLP M ON M
DPTR FM NORMAL   628    LOWEST  SLP 29.73 ON 19

[REMARKS]
