000
CXAK56 PAFC 010910
CF6ASN
PRELIMINARY LOCAL CLIMATOLOGICAL DATA (WS FORM: F-6)

                                          STATION:   SAINT PAUL ISLAND
                                          MONTH:     SEPTEMBER
                                          YEAR:      2019
                                          LATITUDE:   57  9 N
                                          LONGITUDE: 170 13 W

  TEMPERATURE IN F:       :PCPN:    SNOW:  WIND      :SUNSHINE: SKY     :PK WND
================================================================================
1   2   3   4   5  6A  6B    7    8   9   10  11  12  13   14  15   16   17  18
                                     12Z  AVG MX 2MIN
DY MAX MIN AVG DEP HDD CDD  WTR  SNW DPTH SPD SPD DIR MIN PSBL S-S WX    SPD DR
================================================================================

 1  57  52  55   7  10   0 0.14  0.0    M 14.5 23 320   M    M  10 1    30 320
 2  57  51  54   6  11   0 0.07  0.0    M 25.5 31 260   M    M   9 1    43 290
 3   M   M   M   M   M   M    M    M    M    M  M   M   M    M   M M     M   M
 4  52  49  51   3  14   0 0.03    M    M 12.7 20 240   M    M   7 1    24 240
 5  53  51  52   4  13   0    T  0.0    M  9.9 15 200   M    M   9 12   18 200
 6  55  50  53   6  12   0 0.02    M    M  6.2  9 190   M    M  10 12   11 160
 7  55  49  52   5  13   0 0.06    M    M 19.4 26 240   M    M  10 1    33 240
 8  54  47  51   4  14   0 0.13    M    M  7.2 13 170   M    M  10 1    15 170
 9  57  50  54   7  11   0 0.08    M    M 17.3 18 280   M    M  10 M    23 290
10  52  46  49   2  16   0    T    M    M 11.7 30 190   M    M   8 M    40 180
11  54  51  53   7  12   0 0.07  0.0    M 22.6 28 160   M    M  10 1    39 170
12  56  50  53   7  12   0 0.30    M    M 23.5 28 280   M    M  10 18   39 250
13  57  48  53   7  12   0 0.02    M    M 18.2 25 290   M    M   9 1    38 280
14  52  48  50   4  15   0    T    M    M 15.1 25 160   M    M   9 1    32 160
15  56  49  53   7  12   0 0.01    M    M 20.1 25 310   M    M  10 1    33 290
16  52  48  50   5  15   0 0.40    M    M  8.1 31 110   M    M  10 M    40 110
17  52  45  49   4  16   0    T    M    M 14.2 17 160   M    M  10 1     M   M
18  55  48  52   7  13   0    T    M    M  9.6 15  10   M    M   9 8     M   M
19  52  46  49   4  16   0 0.19    M    M  7.9 14  70   M    M  10 1     M   M
20  53  42  48   4  17   0 0.15    M    M  7.7 23 230   M    M   7 M    31 230
21  52  39  46   2  19   0 0.07    M    M 21.9 29 250   M    M   4 M    40 250
22  50  35  43  -1  22   0 0.01    M    M 11.6 20 350   M    M   4 M    31 350
23  52  36  44   0  21   0 0.06    M    M 10.5 18 260   M    M   3 M    25 210
24  54  38  46   2  19   0    T    M    M 15.5 30 260   M    M   5 M    40 240
25  52  46  49   6  16   0 0.04    M    M 13.6 25 180   M    M   8 M    37 180
26  51  48  50   7  15   0 0.05    M    M 29.3 43 170   M    M  10 1    52 170
27  53  48  51   8  14   0    T    M    M 16.0 20 190   M    M   7 1     M   M
28  52  46  49   7  16   0 0.01    M    M 10.4 15 180   M    M   8 M     M   M
29  52  44  48   6  17   0 0.07    M    M 11.8 14 240   M    M   5 M    22 230
30   M   M   M   M   M   M    M    M    M    M  M   M   M    M   M M     M   M
================================================================================
SM 1499 1300       413   0  1.98  0.0    411.8          M      231
================================================================================
AV 53.5 46.4                              14.7 FASTST   M    M   8    MAX(MPH)
                                 MISC ---->    43 170                 52 170
================================================================================
NOTES:
# LAST OF SEVERAL OCCURRENCES

COLUMN 17 PEAK WIND IN M.P.H.

PRELIMINARY LOCAL CLIMATOLOGICAL DATA (WS FORM: F-6) , PAGE 2

                                          STATION:   SAINT PAUL ISLAND
                                          MONTH:     SEPTEMBER
                                          YEAR:      2019
                                          LATITUDE:   57  9 N
                                          LONGITUDE: 170 13 W

[TEMPERATURE DATA]      [PRECIPITATION DATA]       SYMBOLS USED IN COLUMN 16

AVERAGE MONTHLY: 50.0   TOTAL FOR MONTH:   1.98    1 = FOG OR MIST
DPTR FM NORMAL:   4.7   DPTR FM NORMAL:   -1.01    2 = FOG REDUCING VISIBILITY
HIGHEST:    57 ON 13, 9  GRTST 24HR  0.75 ON 31- 1      TO 1/4 MILE OR LESS
LOWEST:     35 ON 22                               3 = THUNDER
                        SNOW, ICE PELLETS, HAIL    4 = ICE PELLETS
                        TOTAL MONTH:   0.0 INCH    5 = HAIL
                        GRTST 24HR  0.0            6 = FREEZING RAIN OR DRIZZLE
                        GRTST DEPTH:  M  ON   M    7 = DUSTSTORM OR SANDSTORM:
                                                       VSBY 1/2 MILE OR LESS
                                                   8 = SMOKE OR HAZE
[NO. OF DAYS WITH]      [WEATHER - DAYS WITH]      9 = BLOWING SNOW
                                                   X = TORNADO
MAX 32 OR BELOW:   0    0.01 INCH OR MORE:  18
MAX 90 OR ABOVE:   0    0.10 INCH OR MORE:   6
MIN 32 OR BELOW:   0    0.50 INCH OR MORE:   0
MIN  0 OR BELOW:   0    1.00 INCH OR MORE:   0

[HDD (BASE 65) ]
TOTAL THIS MO.   413    CLEAR  (SCALE 0-3)   0
DPTR FM NORMAL  -177    PTCLDY (SCALE 4-7)  11
TOTAL FM JUL 1  1142    CLOUDY (SCALE 8-10) 17
DPTR FM NORMAL  -501

[CDD (BASE 65) ]
TOTAL THIS MO.     0
DPTR FM NORMAL     0    [PRESSURE DATA]
TOTAL FM JAN 1     0    HIGHEST SLP M ON M
DPTR FM NORMAL     0    LOWEST  SLP 28.80 ON  1

[REMARKS]
#FINAL-09-19#
