000
CXUS56 KPQR 181200
CF6AST
PRELIMINARY LOCAL CLIMATOLOGICAL DATA (WS FORM: F-6)

                                          STATION:   ASTORIA OR
                                          MONTH:     JANUARY
                                          YEAR:      2019
                                          LATITUDE:   46  9 N
                                          LONGITUDE: 123 53 W

  TEMPERATURE IN F:       :PCPN:    SNOW:  WIND      :SUNSHINE: SKY     :PK WND
================================================================================
1   2   3   4   5  6A  6B    7    8   9   10  11  12  13   14  15   16   17  18
                                     12Z  AVG MX 2MIN
DY MAX MIN AVG DEP HDD CDD  WTR  SNW DPTH SPD SPD DIR MIN PSBL S-S WX    SPD DR
================================================================================

 1  45  29  37  -6  28   0 0.00    M    M  3.1  7  20   M    M   1 12      8 120
 2  50  30  40  -3  25   0 0.00    M    M  4.1 18 180   M    M   6        28 180
 3  54  49  52   9  13   0 0.33    M    M 21.1 33 180   M    M  10 1      52 210
 4  52  43  48   5  17   0 0.14    M    M  9.3 26 200   M    M   8 1      37 200
 5  48  39  44   1  21   0 0.40    M    M  5.3 37 260   M    M   7 1      49 280
 6  47  37  42  -1  23   0 0.42    M    M  7.1 32 260   M    M   8 1      43 250
 7  44  33  39  -4  26   0 0.16    M    M  8.1 20  80   M    M   3 1      25  80
 8  49  41  45   2  20   0 0.40    M    M  9.9 20 130   M    M  10 1      27 110
 9  54  46  50   6  15   0 0.30    M    M 15.0 28 190   M    M   9 1      43 180
10  54  48  51   7  14   0 0.08    M    M  7.4 23 210   M    M   9 1      33 220
11  57  44  51   7  14   0 0.00    M    M  7.8 28  70   M    M   3        31 140
12  58  39  49   5  16   0 0.00    M    M  6.1 14  80   M    M   2        16  90
13  57  35  46   2  19   0 0.00    M    M  6.7 13  90   M    M   0        15  90
14  54  34  44   0  21   0 0.00    M    M 10.4 25 110   M    M   0        33 110
15  48  38  43  -1  22   0    T    M    M  8.7 15  60   M    M   2 8      18  70
16  49  40  45   1  20   0 0.12    M    M  8.4 20 120   M    M   9 1      27 110
17  53  45  49   5  16   0 0.20    M    M 15.7 29 200   M    M   9 18     39 180
================================================================================
SM  873  670       330   0  2.55    M    154.2          M       96
================================================================================
AV 51.4 39.4                               9.1 FASTST   M    M   6    MAX(MPH)
                                 MISC ---->  # 37 260               # 52  210
================================================================================
NOTES:
# LAST OF SEVERAL OCCURRENCES

COLUMN 17 PEAK WIND IN M.P.H.

PRELIMINARY LOCAL CLIMATOLOGICAL DATA (WS FORM: F-6) , PAGE 2

                                          STATION:  ASTORIA OR
                                          MONTH:    JANUARY
                                          YEAR:     2019
                                          LATITUDE:   46  9 N
                                          LONGITUDE: 123 53 W

[TEMPERATURE DATA]      [PRECIPITATION DATA]       SYMBOLS USED IN COLUMN 16

AVERAGE MONTHLY: 45.4   TOTAL FOR MONTH:   2.55    1 = FOG OR MIST
DPTR FM NORMAL:   1.9   DPTR FM NORMAL:   -3.33    2 = FOG REDUCING VISIBILITY
HIGHEST:    58 ON 12    GRTST 24HR  0.42 ON  6- 6      TO 1/4 MILE OR LESS
LOWEST:     29 ON  1                               3 = THUNDER
                        SNOW, ICE PELLETS, HAIL    4 = ICE PELLETS
                        TOTAL MONTH:    M          5 = HAIL
                        GRTST 24HR    M  ON   M    6 = FREEZING RAIN OR DRIZZLE
                        GRTST DEPTH:  M  ON   M    7 = DUSTSTORM OR SANDSTORM:
                                                       VSBY 1/2 MILE OR LESS
                                                   8 = SMOKE OR HAZE
[NO. OF DAYS WITH]      [WEATHER - DAYS WITH]      9 = BLOWING SNOW
                                                   X = TORNADO
MAX 32 OR BELOW:   0    0.01 INCH OR MORE:  10
MAX 90 OR ABOVE:   0    0.10 INCH OR MORE:   9
MIN 32 OR BELOW:   2    0.50 INCH OR MORE:   0
MIN  0 OR BELOW:   0    1.00 INCH OR MORE:   0

[HDD (BASE 65) ]
TOTAL THIS MO.   330    CLEAR  (SCALE 0-3)   6
DPTR FM NORMAL   -36    PTCLDY (SCALE 4-7)   4
TOTAL FM JUL 1  2184    CLOUDY (SCALE 8-10)  7
DPTR FM NORMAL  -288

[CDD (BASE 65) ]
TOTAL THIS MO.     0
DPTR FM NORMAL     0    [PRESSURE DATA]
TOTAL FM JAN 1     0    HIGHEST SLP M ON M
DPTR FM NORMAL     0    LOWEST  SLP 29.18 ON  5

[REMARKS]
