000
CXUS56 KPQR 011200
CF6AST
PRELIMINARY LOCAL CLIMATOLOGICAL DATA (WS FORM: F-6)

                                          STATION:   ASTORIA OR
                                          MONTH:     MAY
                                          YEAR:      2020
                                          LATITUDE:   46  9 N
                                          LONGITUDE: 123 53 W

  TEMPERATURE IN F:       :PCPN:    SNOW:  WIND      :SUNSHINE: SKY     :PK WND
================================================================================
1   2   3   4   5  6A  6B    7    8   9   10  11  12  13   14  15   16   17  18
                                     12Z  AVG MX 2MIN
DY MAX MIN AVG DEP HDD CDD  WTR  SNW DPTH SPD SPD DIR MIN PSBL S-S WX    SPD DR
================================================================================

 1  59  37  48  -3  17   0 0.14    M    M  5.8 18 220   M    M   6 1      29 220
 2  55  45  50  -1  15   0 0.69    M    M  7.9 24 200   M    M   9 1      35 180
 3  57  42  50  -1  15   0 0.19    M    M  6.8 17 250   M    M   3 1      22 260
 4  62  41  52   1  13   0 0.10    M    M  6.9 22 200   M    M   6 1      32 230
 5  64  49  57   6   8   0 0.21    M    M  7.9 21 220   M    M   4 1      27 220
 6  58  42  50  -1  15   0 0.13    M    M  8.6 17 250   M    M   4 1      23 250
 7  70  37  54   2  11   0 0.00    M    M 10.6 23  70   M    M   0 1      30  70
 8  82  53  68  16   0   3 0.00    M    M 10.0 22  60   M    M   0        27  60
 9  79  53  66  14   0   1 0.00    M    M  6.8 15 230   M    M   0 1      18 230
10  63  50  57   5   8   0 0.00    M    M  7.3 17 230   M    M   5 12     23 230
11  62  52  57   5   8   0 0.02    M    M  3.6 14 210   M    M   9 1      22 200
12  60  52  56   4   9   0 0.28    M    M  9.9 24 210   M    M   9 1      34 200
13  59  50  55   2  10   0 0.33    M    M  8.7 21 210   M    M   6 1      28 220
14  58  47  53   0  12   0 0.22    M    M  4.4 10 270   M    M   6 1      14 250
15  61  48  55   2  10   0 0.07    M    M  3.5  9 250   M    M   5 1      14 250
16  62  52  57   4   8   0 0.36    M    M  6.9 16 190   M    M  10 1      24 200
17  65  51  58   5   7   0 0.03    M    M  5.3 13 340   M    M   5 1      17 200
18  62  49  56   3   9   0 0.01    M    M  6.3 17 330   M    M   7 1      21 340
19  57  50  54   0  11   0 0.06    M    M  6.9 15 300   M    M   9 1      17 300
20  58  49  54   0  11   0 0.11    M    M  7.9 17 240   M    M  10 18     23 250
21  57  46  52  -2  13   0 0.17    M    M  9.1 21 290   M    M   8 18     28 270
22  58  47  53  -1  12   0 0.03    M    M  8.3 17 270   M    M   8 1      22 280
23  60  48  54   0  11   0    T    M    M  5.6 12 300   M    M   7        14 330
24  65  47  56   2   9   0 0.00    M    M  3.3 10 270   M    M   6        14 290
25  61  51  56   2   9   0 0.15    M    M  7.1 16 220   M    M   9 1      23 220
26  62  49  56   2   9   0 0.00    M    M  8.0 17 310   M    M   6        21 320
27  72  44  58   3   7   0 0.00    M    M  6.0 22 310   M    M   2 12     27 320
28  76  49  63   8   2   0 0.00    M    M  7.7 22 310   M    M   0        28 310
29  62  54  58   3   7   0 0.00    M    M 13.2 22 310   M    M   3 1      28 310
30  56  49  53  -2  12   0 0.25    M    M  9.0 16 320   M    M   9 1      22 320
31  62  46  54  -1  11   0 0.00    M    M  7.1 15 310   M    M   5        19 300
================================================================================
SM 1944 1479       299   4  3.55    M    226.4          M      176
================================================================================
AV 62.7 47.7                               7.3 FASTST   M    M   6    MAX(MPH)
                                 MISC ---->  # 24 200               # 35  180
================================================================================
NOTES:
# LAST OF SEVERAL OCCURRENCES

COLUMN 17 PEAK WIND IN M.P.H.

PRELIMINARY LOCAL CLIMATOLOGICAL DATA (WS FORM: F-6) , PAGE 2

                                          STATION:  ASTORIA OR
                                          MONTH:    MAY
                                          YEAR:     2020
                                          LATITUDE:   46  9 N
                                          LONGITUDE: 123 53 W

[TEMPERATURE DATA]      [PRECIPITATION DATA]       SYMBOLS USED IN COLUMN 16

AVERAGE MONTHLY: 55.2   TOTAL FOR MONTH:   3.55    1 = FOG OR MIST
DPTR FM NORMAL:   2.2   DPTR FM NORMAL:    0.23    2 = FOG REDUCING VISIBILITY
HIGHEST:    82 ON  8    GRTST 24HR  0.69 ON  2- 2      TO 1/4 MILE OR LESS
LOWEST:     37 ON  7, 1                            3 = THUNDER
                        SNOW, ICE PELLETS, HAIL    4 = ICE PELLETS
                        TOTAL MONTH:    M          5 = HAIL
                        GRTST 24HR    M  ON   M    6 = FREEZING RAIN OR DRIZZLE
                        GRTST DEPTH:  M  ON   M    7 = DUSTSTORM OR SANDSTORM:
                                                       VSBY 1/2 MILE OR LESS
                                                   8 = SMOKE OR HAZE
[NO. OF DAYS WITH]      [WEATHER - DAYS WITH]      9 = BLOWING SNOW
                                                   X = TORNADO
MAX 32 OR BELOW:   0    0.01 INCH OR MORE:  20
MAX 90 OR ABOVE:   0    0.10 INCH OR MORE:  14
MIN 32 OR BELOW:   0    0.50 INCH OR MORE:   1
MIN  0 OR BELOW:   0    1.00 INCH OR MORE:   0

[HDD (BASE 65) ]
TOTAL THIS MO.   299    CLEAR  (SCALE 0-3)   7
DPTR FM NORMAL   -73    PTCLDY (SCALE 4-7)  15
TOTAL FM JUL 1  4666    CLOUDY (SCALE 8-10)  9
DPTR FM NORMAL  -115

[CDD (BASE 65) ]
TOTAL THIS MO.     4
DPTR FM NORMAL     4    [PRESSURE DATA]
TOTAL FM JAN 1     4    HIGHEST SLP 30.51 ON  6
DPTR FM NORMAL     4    LOWEST  SLP 29.63 ON 12

[REMARKS]
#FINAL-05-20#
