000
CXUS55 KABR 212031
CF6ATY
PRELIMINARY LOCAL CLIMATOLOGICAL DATA (WS FORM: F-6)

                                          STATION:   WATERTOWN SD
                                          MONTH:     JANUARY
                                          YEAR:      2019
                                          LATITUDE:   44 55 N
                                          LONGITUDE:  97  9 W

  TEMPERATURE IN F:       :PCPN:    SNOW:  WIND      :SUNSHINE: SKY     :PK WND
================================================================================
1   2   3   4   5  6A  6B    7    8   9   10  11  12  13   14  15   16   17  18
                                     12Z  AVG MX 2MIN
DY MAX MIN AVG DEP HDD CDD  WTR  SNW DPTH SPD SPD DIR MIN PSBL S-S WX    SPD DR
================================================================================

 1   2 -13  -5 -18  70   0 0.00  0.0   12  7.7 17 170   M    M   2        22 160
 2  25  -4  11  -2  54   0    T    T   12 13.0 21 210   M    M   3        26 200
 3  37  16  27  14  38   0 0.00  0.0   12 11.6 17 240   M    M   0        23 250
 4  37  18  28  15  37   0 0.00  0.0   11  7.7 15 250   M    M   0        18 230
 5  37  20  29  16  36   0 0.00  0.0   10  8.4 16  40   M    M   2 12     20  40
 6  35  24  30  17  35   0 0.00  0.0   10 12.8 23 150   M    M   9 12     35 120
 7  39  30  35  23  30   0 0.00  0.0   10  9.4 22 280   M    M   7 1      32 280
 8  33  12  23  11  42   0 0.00  0.0    9 19.3 32 310   M    M   1        44 310
 9  12   1   7  -5  58   0 0.00  0.0    9  9.3 25 330   M    M   0        32 330
10  24   6  15   3  50   0 0.00  0.0    9  9.7 21 150   M    M   0        29 140
11  29  11  20   8  45   0    T  0.0    9  6.2 17  20   M    M   2 1      20  30
12  24  16  20   8  45   0    T  0.0    9  7.2 14  20   M    M  10 1      19  20
13  29  18  24  12  41   0 0.00  0.0    9 13.5 23 220   M    M  10 1      28 200
14  28  20  24  12  41   0 0.01    T    9  7.1 13  10   M    M  10 12     16 220
15  26   6  16   4  49   0 0.00  0.0    9 15.0 23 350   M    M   9 12     30 330
16  12  -5   4  -8  61   0 0.04  0.4    9  6.3 14  20   M    M   4 1      17  30
17  20   7  14   2  51   0    T    T    9  5.4 13  40   M    M   9 1      15  70
18  10  -6   2 -10  63   0 0.45  6.2   10 13.9 22  30   M    M  10 1      27  50
19   1 -18  -8 -20  73   0    T    T   14  4.6 15 360   M    M   6        17 350
20   1  -6  -2 -14  67   0 0.06  1.6   16  9.4 17 150   M    M   6 8      24 140
================================================================================
SM  461  153       986   0  0.56     8.2 197.5          M      100
================================================================================
AV 23.1  7.7                               9.9 FASTST   M    M   5    MAX(MPH)
                                 MISC ---->  # 32 310               # 44  310
================================================================================
NOTES:
# LAST OF SEVERAL OCCURRENCES

COLUMN 17 PEAK WIND IN M.P.H.

PRELIMINARY LOCAL CLIMATOLOGICAL DATA (WS FORM: F-6) , PAGE 2

                                          STATION:  WATERTOWN SD
                                          MONTH:    JANUARY
                                          YEAR:     2019
                                          LATITUDE:   44 55 N
                                          LONGITUDE:  97  9 W

[TEMPERATURE DATA]      [PRECIPITATION DATA]       SYMBOLS USED IN COLUMN 16

AVERAGE MONTHLY: 15.4   TOTAL FOR MONTH:   0.56    1 = FOG OR MIST
DPTR FM NORMAL:   3.0   DPTR FM NORMAL:    0.22    2 = FOG REDUCING VISIBILITY
HIGHEST:    39 ON  7    GRTST 24HR  0.45 ON 18-18      TO 1/4 MILE OR LESS
LOWEST:    -18 ON 19                               3 = THUNDER
                        SNOW, ICE PELLETS, HAIL    4 = ICE PELLETS
                        TOTAL MONTH:   8.2 INCHES  5 = HAIL
                        GRTST 24HR   6.2 ON 18-18  6 = FREEZING RAIN OR DRIZZLE
                        GRTST DEPTH:  16 ON 20     7 = DUSTSTORM OR SANDSTORM:
                                                       VSBY 1/2 MILE OR LESS
                                                   8 = SMOKE OR HAZE
[NO. OF DAYS WITH]      [WEATHER - DAYS WITH]      9 = BLOWING SNOW
                                                   X = TORNADO
MAX 32 OR BELOW:  14    0.01 INCH OR MORE:   4
MAX 90 OR ABOVE:   0    0.10 INCH OR MORE:   1
MIN 32 OR BELOW:  20    0.50 INCH OR MORE:   0
MIN  0 OR BELOW:   6    1.00 INCH OR MORE:   0

[HDD (BASE 65) ]
TOTAL THIS MO.   986    CLEAR  (SCALE 0-3)   8
DPTR FM NORMAL   -67    PTCLDY (SCALE 4-7)   5
TOTAL FM JUL 1  4505    CLOUDY (SCALE 8-10)  7
DPTR FM NORMAL    -7

[CDD (BASE 65) ]
TOTAL THIS MO.     0
DPTR FM NORMAL     0    [PRESSURE DATA]
TOTAL FM JAN 1     0    HIGHEST SLP M ON M
DPTR FM NORMAL     0    LOWEST  SLP 29.48 ON  7

[REMARKS]
