394
CXUS55 KABR 211100
CF6ATY
PRELIMINARY LOCAL CLIMATOLOGICAL DATA (WS FORM: F-6)

                                          STATION:   WATERTOWN SD
                                          MONTH:     OCTOBER
                                          YEAR:      2019
                                          LATITUDE:   44 55 N
                                          LONGITUDE:  97  9 W

  TEMPERATURE IN F:       :PCPN:    SNOW:  WIND      :SUNSHINE: SKY     :PK WND
================================================================================
1   2   3   4   5  6A  6B    7    8   9   10  11  12  13   14  15   16   17  18
                                     12Z  AVG MX 2MIN
DY MAX MIN AVG DEP HDD CDD  WTR  SNW DPTH SPD SPD DIR MIN PSBL S-S WX    SPD DR
================================================================================

 1  49  39  44  -8  21   0 0.04  0.0    0 15.2 22  10   M    M  10 1      30  20
 2  44  39  42 -10  23   0 0.22  0.0    0 11.5 20  40   M    M  10 1      26  50
 3  44  37  41 -10  24   0    T  0.0    0 10.2 20 320   M    M  10        29 300
 4  53  38  46  -5  19   0 0.05  0.0    0 12.4 21 130   M    M  10 13     31 140
 5  54  45  50   0  15   0 0.19  0.0    0 14.8 32 290   M    M   7 13     46 280
 6  61  41  51   1  14   0 0.00  0.0    0 14.0 25 280   M    M   1        36 280
 7  65  36  51   2  14   0 0.00  0.0    0  7.7 15 220   M    M   0        21 230
 8  68  50  59  10   6   0 0.00  0.0    0 15.4 28 180   M    M   0        39 180
 9  67  48  58  10   7   0    T  0.0    0 13.2 26 190   M    M   3 1      40 190
10  48  32  40  -8  25   0 0.71  0.1    0 17.3 26 300   M    M   9 1      36 310
11  33  29  31 -17  34   0 0.25  1.3    T 22.9 31 280   M    M  10 1      51 290
12  32  29  31 -16  34   0 0.01  0.1    2 22.0 31 270   M    M   9 1      45 280
13  37  31  34 -13  31   0    T    T    1 12.8 22 300   M    M  10 1      32 280
14  54  25  40  -6  25   0 0.00  0.0    0  6.8 13 140   M    M   0        20  80
15  42  33  38  -8  27   0 0.00  0.0    0 15.6 24 300   M    M   7 1      35 310
16  44  35  40  -6  25   0 0.00  0.0    0  7.2 18 340   M    M   6        23 320
17  62  35  49   4  16   0 0.00  0.0    0 11.5 21 150   M    M   0        32 160
18  64  47  56  11   9   0 0.00  0.0    0 13.9 24 210   M    M   1        30 170
19  60  33  47   3  18   0 0.00  0.0    0  7.3 20 280   M    M   0        27 290
20  57  35  46   2  19   0 0.13  0.0    0  8.1 21 150   M    M   6        35 100
================================================================================
SM 1038  737       406   0  1.60     1.5 259.8          M      109
================================================================================
AV 51.9 36.9                              13.0 FASTST   M    M   5    MAX(MPH)
                                 MISC ---->  # 32 290               # 51  290
================================================================================
NOTES:
# LAST OF SEVERAL OCCURRENCES

COLUMN 17 PEAK WIND IN M.P.H.

PRELIMINARY LOCAL CLIMATOLOGICAL DATA (WS FORM: F-6) , PAGE 2

                                          STATION:  WATERTOWN SD
                                          MONTH:    OCTOBER
                                          YEAR:     2019
                                          LATITUDE:   44 55 N
                                          LONGITUDE:  97  9 W

[TEMPERATURE DATA]      [PRECIPITATION DATA]       SYMBOLS USED IN COLUMN 16

AVERAGE MONTHLY: 44.4   TOTAL FOR MONTH:   1.60    1 = FOG OR MIST
DPTR FM NORMAL:  -3.5   DPTR FM NORMAL:    0.23    2 = FOG REDUCING VISIBILITY
HIGHEST:    68 ON  8    GRTST 24HR  0.71 ON 10-10      TO 1/4 MILE OR LESS
LOWEST:     25 ON 14                               3 = THUNDER
                        SNOW, ICE PELLETS, HAIL    4 = ICE PELLETS
                        TOTAL MONTH:   1.5 INCHES  5 = HAIL
                        GRTST 24HR   1.3 ON 11-11  6 = FREEZING RAIN OR DRIZZLE
                        GRTST DEPTH:   2 ON 12     7 = DUSTSTORM OR SANDSTORM:
                                                       VSBY 1/2 MILE OR LESS
                                                   8 = SMOKE OR HAZE
[NO. OF DAYS WITH]      [WEATHER - DAYS WITH]      9 = BLOWING SNOW
                                                   X = TORNADO
MAX 32 OR BELOW:   1    0.01 INCH OR MORE:   8
MAX 90 OR ABOVE:   0    0.10 INCH OR MORE:   5
MIN 32 OR BELOW:   5    0.50 INCH OR MORE:   1
MIN  0 OR BELOW:   0    1.00 INCH OR MORE:   0

[HDD (BASE 65) ]
TOTAL THIS MO.   406    CLEAR  (SCALE 0-3)   8
DPTR FM NORMAL    61    PTCLDY (SCALE 4-7)   4
TOTAL FM JUL 1   558    CLOUDY (SCALE 8-10)  8
DPTR FM NORMAL   -63

[CDD (BASE 65) ]
TOTAL THIS MO.     0
DPTR FM NORMAL     0    [PRESSURE DATA]
TOTAL FM JAN 1   466    HIGHEST SLP M ON M
DPTR FM NORMAL   -47    LOWEST  SLP 29.38 ON 18

[REMARKS]
