000
CXUS54 KBMX 181110
CF6AUO
PRELIMINARY LOCAL CLIMATOLOGICAL DATA (WS FORM: F-6)

                                          STATION:   AUBURN    AWOS
                                          MONTH:     JUNE
                                          YEAR:      2018
                                          LATITUDE:   32 34 N
                                          LONGITUDE:  85 30 W

  TEMPERATURE IN F:       :PCPN:    SNOW:  WIND      :SUNSHINE: SKY     :PK WND
================================================================================
1   2   3   4   5  6A  6B    7    8   9   10  11  12  13   14  15   16   17  18
                                     12Z  AVG MX 2MIN
DY MAX MIN AVG DEP HDD CDD  WTR  SNW DPTH SPD SPD DIR MIN PSBL S-S WX    SPD DR
================================================================================

 1  88  71  80   M   0  15 0.02  0.0    0  5.6 12 220   M    M   5 123     M  M
 2  88  71  80   M   0  15 0.06  0.0    0  5.7  9 180   M    M   4 13      M  M
 3  92  73  83   M   0  18 0.00  0.0    0  5.6 12 300   M    M   2 12      M  M
 4  84  67  76   M   0  11 0.00  0.0    0  7.3 10 320   M    M   0        18 320
 5  81  63  72   M   0   7 0.00  0.0    0  4.7  9 240   M    M   0 18      M  M
 6  88  63  76   M   0  11 0.00  0.0    0  3.7  9  50   M    M   0         M  M
 7  91  66  79   M   0  14 0.00  0.0    0  5.4 10  10   M    M   0         M  M
 8  91  69  80   M   0  15 0.00  0.0    0  4.6  8 220   M    M   0 8       M  M
 9  88  69  79   M   0  14    M  0.0    0  3.2 13 280   M    M   1 3      21 280
10  87  67  77   M   0  12 0.32  0.0    0  4.6  9 290   M    M   3 13     37  20
11  85  68  77   M   0  12 0.00  0.0    0  5.5 10 230   M    M   6 123     M  M
12  84  68  76   M   0  11 0.01  0.0    0  2.6  8 110   M    M   3 13      M  M
13  87  69  78   M   0  13 0.00  0.0    0  4.3 10 220   M    M   4 138     M  M
14  84  71  78   M   0  13 0.21  0.0    0  5.1  9 200   M    M   5 13      M  M
15  86  71  79   M   0  14 0.00  0.0    0  3.7  8 130   M    M   6 1       M  M
16  87  73  80   M   0  15    T  0.0    0  6.0 10 100   M    M   7 13      M  M
17  80  70  75   M   0  10 1.53  0.0    0  2.7  8 170   M    M   7 13      M  M
================================================================================
SM 1471 1169         0 220  2.15     0.0  80.3          M       53
================================================================================
AV 86.5 68.8                               4.7 FASTST   M    M   3    MAX(MPH)
                                 MISC ---->  # 13 280               # 37   20
================================================================================
NOTES:
# LAST OF SEVERAL OCCURRENCES

COLUMN 17 PEAK WIND IN M.P.H.

PRELIMINARY LOCAL CLIMATOLOGICAL DATA (WS FORM: F-6) , PAGE 2

                                          STATION:  AUBURN    AWOS
                                          MONTH:    JUNE
                                          YEAR:     2018
                                          LATITUDE:   32 34 N
                                          LONGITUDE:  85 30 W

[TEMPERATURE DATA]      [PRECIPITATION DATA]       SYMBOLS USED IN COLUMN 16

AVERAGE MONTHLY: 77.7   TOTAL FOR MONTH:   2.15    1 = FOG OR MIST
DPTR FM NORMAL:     M   DPTR FM NORMAL:       M    2 = FOG REDUCING VISIBILITY
HIGHEST:    92 ON  3    GRTST 24HR  1.53 ON 17-17      TO 1/4 MILE OR LESS
LOWEST:     63 ON  6, 5                            3 = THUNDER
                        SNOW, ICE PELLETS, HAIL    4 = ICE PELLETS
                        TOTAL MONTH:   0.0 INCH    5 = HAIL
                        GRTST 24HR     0.0         6 = FREEZING RAIN OR DRIZZLE
                        GRTST DEPTH:   0           7 = DUSTSTORM OR SANDSTORM:
                                                       VSBY 1/2 MILE OR LESS
                                                   8 = SMOKE OR HAZE
[NO. OF DAYS WITH]      [WEATHER - DAYS WITH]      9 = BLOWING SNOW
                                                   X = TORNADO
MAX 32 OR BELOW:   0    0.01 INCH OR MORE:   6
MAX 90 OR ABOVE:   3    0.10 INCH OR MORE:   3
MIN 32 OR BELOW:   0    0.50 INCH OR MORE:   1
MIN  0 OR BELOW:   0    1.00 INCH OR MORE:   1

[HDD (BASE 65) ]
TOTAL THIS MO.     0    CLEAR  (SCALE 0-3)   9
DPTR FM NORMAL     M    PTCLDY (SCALE 4-7)   8
TOTAL FM JUL 1  2086    CLOUDY (SCALE 8-10)  0
DPTR FM NORMAL     M

[CDD (BASE 65) ]
TOTAL THIS MO.   220
DPTR FM NORMAL     M    [PRESSURE DATA]
TOTAL FM JAN 1   603    HIGHEST SLP M ON M
DPTR FM NORMAL     M    LOWEST  SLP M ON M

[REMARKS]
